-- https://www.phpmyadmin.net/
--

START TRANSACTION;



--
-- Database: `prolex`
--

-- --------------------------------------------------------

--
-- Table structure for table `account_types`
--

CREATE TABLE IF NOT EXISTS `account_types` (
  `account_type_id` bigint UNSIGNED NOT NULL AUTO_INCREMENT,
  `name` varchar(100) COLLATE utf8mb4_unicode_ci NOT NULL,
  `description` text COLLATE utf8mb4_unicode_ci,
  `created_at` timestamp NULL DEFAULT CURRENT_TIMESTAMP,
  `updated_at` timestamp NULL DEFAULT CURRENT_TIMESTAMP ON UPDATE CURRENT_TIMESTAMP,
  PRIMARY KEY (`account_type_id`),
  UNIQUE KEY `name` (`name`)
) ENGINE=MyISAM DEFAULT CHARSET=utf8mb4 COLLATE=utf8mb4_unicode_ci;

-- --------------------------------------------------------

--
-- Table structure for table `assignments`
--

CREATE TABLE IF NOT EXISTS `assignments` (
  `assignment_id` bigint UNSIGNED NOT NULL AUTO_INCREMENT,
  `assignment_title` varchar(191) COLLATE utf8mb4_unicode_ci NOT NULL,
  `lawyer_id` varchar(20) COLLATE utf8mb4_unicode_ci NOT NULL,
  `task_type` enum('document_review','client_meeting','court_appearance','research','filing','correspondence','administrative') COLLATE utf8mb4_unicode_ci NOT NULL,
  `priority` enum('low','medium','high') COLLATE utf8mb4_unicode_ci NOT NULL,
  `client_id` bigint UNSIGNED DEFAULT NULL,
  `case_id` bigint UNSIGNED DEFAULT NULL,
  `case_type_id` varchar(50) COLLATE utf8mb4_unicode_ci DEFAULT NULL,
  `case_category_id` varchar(20) COLLATE utf8mb4_unicode_ci DEFAULT NULL,
  `due_date` date NOT NULL,
  `due_time` time DEFAULT NULL,
  `estimated_hours` decimal(5,2) DEFAULT NULL,
  `status` enum('pending','in_progress','completed','cancelled') COLLATE utf8mb4_unicode_ci DEFAULT 'pending',
  `description` text COLLATE utf8mb4_unicode_ci NOT NULL,
  `instructions` text COLLATE utf8mb4_unicode_ci,
  `documents_required` text COLLATE utf8mb4_unicode_ci,
  `court_date` date DEFAULT NULL,
  `court_time` time DEFAULT NULL,
  `court_location` varchar(191) COLLATE utf8mb4_unicode_ci DEFAULT NULL,
  `opposing_counsel` varchar(191) COLLATE utf8mb4_unicode_ci DEFAULT NULL,
  `judge_id` bigint UNSIGNED DEFAULT NULL,
  `client_contact_info` text COLLATE utf8mb4_unicode_ci,
  `billing_notes` text COLLATE utf8mb4_unicode_ci,
  `created_at` timestamp NULL DEFAULT CURRENT_TIMESTAMP,
  `updated_at` timestamp NULL DEFAULT CURRENT_TIMESTAMP ON UPDATE CURRENT_TIMESTAMP,
  PRIMARY KEY (`assignment_id`),
  KEY `lawyer_id` (`lawyer_id`),
  KEY `client_id` (`client_id`),
  KEY `case_id` (`case_id`),
  KEY `judge_id` (`judge_id`)
) ENGINE=MyISAM DEFAULT CHARSET=utf8mb4 COLLATE=utf8mb4_unicode_ci;

-- --------------------------------------------------------

--
-- Table structure for table `audit_logs`
--

CREATE TABLE IF NOT EXISTS `audit_logs` (
  `log_id` bigint UNSIGNED NOT NULL AUTO_INCREMENT,
  `user_id` bigint UNSIGNED DEFAULT NULL,
  `action_type` varchar(100) COLLATE utf8mb4_unicode_ci NOT NULL,
  `table_name` varchar(100) COLLATE utf8mb4_unicode_ci DEFAULT NULL,
  `record_id` bigint UNSIGNED DEFAULT NULL,
  `description` text COLLATE utf8mb4_unicode_ci,
  `old_value` json DEFAULT NULL,
  `new_value` json DEFAULT NULL,
  `ip_address` varchar(45) COLLATE utf8mb4_unicode_ci DEFAULT NULL,
  `user_agent` text COLLATE utf8mb4_unicode_ci,
  `log_time` timestamp NULL DEFAULT CURRENT_TIMESTAMP,
  PRIMARY KEY (`log_id`),
  KEY `idx_audit_user_id` (`user_id`),
  KEY `idx_audit_action_type` (`action_type`),
  KEY `idx_audit_table_name` (`table_name`),
  KEY `idx_audit_log_time` (`log_time`)
) ENGINE=MyISAM DEFAULT CHARSET=utf8mb4 COLLATE=utf8mb4_unicode_ci;

-- --------------------------------------------------------

--
-- Table structure for table `cache_store`
--

CREATE TABLE IF NOT EXISTS `cache_store` (
  `id` bigint UNSIGNED NOT NULL AUTO_INCREMENT,
  `cache_key` varchar(191) COLLATE utf8mb4_unicode_ci NOT NULL,
  `cache_value` text COLLATE utf8mb4_unicode_ci,
  `expires_at` timestamp NULL DEFAULT NULL,
  `is_locked` tinyint(1) DEFAULT '0',
  `locked_by` varchar(100) COLLATE utf8mb4_unicode_ci DEFAULT NULL,
  `lock_expires_at` timestamp NULL DEFAULT NULL,
  `created_at` timestamp NULL DEFAULT CURRENT_TIMESTAMP,
  `updated_at` timestamp NULL DEFAULT CURRENT_TIMESTAMP ON UPDATE CURRENT_TIMESTAMP,
  PRIMARY KEY (`id`),
  UNIQUE KEY `cache_key` (`cache_key`),
  KEY `idx_cache_expires` (`expires_at`),
  KEY `idx_cache_locked` (`is_locked`)
) ENGINE=MyISAM DEFAULT CHARSET=utf8mb4 COLLATE=utf8mb4_unicode_ci;

-- --------------------------------------------------------

--
-- Table structure for table `cases`
--

CREATE TABLE IF NOT EXISTS `cases` (
  `id` bigint UNSIGNED NOT NULL AUTO_INCREMENT,
  `case_id` varchar(50) NOT NULL,
  `case_name` varchar(255) NOT NULL,
  `category_code` varchar(50) NOT NULL,
  `type_id` bigint UNSIGNED NOT NULL,
  `status_code` varchar(50) NOT NULL,
  `reason_code` varchar(50) DEFAULT NULL,
  `outcome_code` bigint UNSIGNED DEFAULT NULL,
  `priority_id` bigint UNSIGNED NOT NULL,
  `role_id` bigint UNSIGNED NOT NULL,
  `client_id` bigint UNSIGNED NOT NULL,
  `notes` text,
  `created_by` bigint UNSIGNED NOT NULL,
  `updated_by` bigint UNSIGNED DEFAULT NULL,
  `date_of_incident` date DEFAULT NULL,
  `court_appearance_date` date DEFAULT NULL,
  `created_at` timestamp NULL DEFAULT CURRENT_TIMESTAMP,
  `updated_at` timestamp NULL DEFAULT CURRENT_TIMESTAMP ON UPDATE CURRENT_TIMESTAMP,
  PRIMARY KEY (`id`),
  UNIQUE KEY `case_id` (`case_id`),
  KEY `fk_cases_category` (`category_code`),
  KEY `fk_cases_type` (`type_id`),
  KEY `fk_cases_status` (`status_code`),
  KEY `fk_cases_reason` (`reason_code`),
  KEY `fk_cases_outcome` (`outcome_code`),
  KEY `fk_cases_priority` (`priority_id`),
  KEY `fk_cases_role` (`role_id`),
  KEY `fk_cases_client` (`client_id`),
  KEY `fk_cases_created_by` (`created_by`),
  KEY `fk_cases_updated_by` (`updated_by`)
) ENGINE=MyISAM DEFAULT CHARSET=utf8mb4 COLLATE=utf8mb4_0900_ai_ci;

-- --------------------------------------------------------

--
-- Table structure for table `case_categories`
--

CREATE TABLE IF NOT EXISTS `case_categories` (
  `category_code` varchar(20) COLLATE utf8mb4_unicode_ci NOT NULL,
  `category_description` text COLLATE utf8mb4_unicode_ci NOT NULL,
  `created_at` timestamp NULL DEFAULT CURRENT_TIMESTAMP,
  `updated_at` timestamp NULL DEFAULT CURRENT_TIMESTAMP ON UPDATE CURRENT_TIMESTAMP,
  PRIMARY KEY (`category_code`)
) ENGINE=MyISAM DEFAULT CHARSET=utf8mb4 COLLATE=utf8mb4_unicode_ci;

--
-- Dumping data for table `case_categories`
--

INSERT INTO `case_categories` (`category_code`, `category_description`, `created_at`, `updated_at`) VALUES
('CIV', 'Civil Litigation', '2026-01-16 10:44:09', '2026-01-16 10:44:09'),
('CRM', 'Criminal Defense', '2026-01-16 10:44:09', '2026-01-16 10:44:09'),
('COR', 'Corporate & Commercial', '2026-01-16 10:44:09', '2026-01-16 10:44:09'),
('FAM', 'Family Law', '2026-01-16 10:44:09', '2026-01-16 10:44:09'),
('IP', 'Intellectual Property', '2026-01-16 10:44:09', '2026-01-16 10:44:09'),
('EMP', 'Employment & Labor Law', '2026-01-16 10:44:09', '2026-01-16 10:44:09'),
('IMM', 'Immigration Law', '2026-01-22 14:06:22', '2026-01-22 14:06:22'),
('TAX', 'Taxation Law', '2026-01-22 14:06:22', '2026-01-22 14:06:22'),
('BNK', 'Bankruptcy & Insolvency', '2026-01-22 14:06:22', '2026-01-23 11:27:59'),
('ENV', 'Environmental Law', '2026-01-22 14:06:22', '2026-01-22 14:06:22'),
('MED', 'Medical Malpractice', '2026-01-22 14:06:22', '2026-01-22 14:06:22'),
('INS', 'Insurance Law', '2026-01-22 14:06:22', '2026-01-22 14:06:22'),
('CON', 'Construction Law', '2026-01-22 14:06:22', '2026-01-22 14:06:22'),
('ADM', 'Administrative Law', '2026-01-22 14:06:22', '2026-01-22 14:06:22'),
('EST', 'Estate Planning & Probate', '2026-01-22 14:06:22', '2026-01-22 14:06:22'),
('INT', 'International Law', '2026-01-22 14:06:22', '2026-01-22 14:06:22'),
('BOLO', 'DSDSSS', '2026-01-23 08:54:10', '2026-01-23 11:24:48');

-- --------------------------------------------------------

--
-- Table structure for table `case_lawyers`
--

CREATE TABLE IF NOT EXISTS `case_lawyers` (
  `case_lawyer_id` bigint UNSIGNED NOT NULL AUTO_INCREMENT,
  `case_id` bigint UNSIGNED NOT NULL,
  `lawyer_id` varchar(20) COLLATE utf8mb4_unicode_ci NOT NULL,
  `lawyer_role_id` int UNSIGNED NOT NULL,
  `tier_id` bigint UNSIGNED DEFAULT NULL,
  `tariff_id` bigint UNSIGNED DEFAULT NULL,
  `start_date` date DEFAULT NULL,
  `end_date` date DEFAULT NULL,
  `is_active` tinyint(1) DEFAULT '1',
  `notes` text COLLATE utf8mb4_unicode_ci,
  `created_at` timestamp NULL DEFAULT CURRENT_TIMESTAMP,
  `updated_at` timestamp NULL DEFAULT CURRENT_TIMESTAMP ON UPDATE CURRENT_TIMESTAMP,
  PRIMARY KEY (`case_lawyer_id`),
  UNIQUE KEY `unique_case_lawyer` (`case_id`,`lawyer_id`),
  KEY `lawyer_id` (`lawyer_id`),
  KEY `tier_id` (`tier_id`),
  KEY `tariff_id` (`tariff_id`),
  KEY `fk_case_lawyer_role` (`lawyer_role_id`)
) ENGINE=MyISAM DEFAULT CHARSET=utf8mb4 COLLATE=utf8mb4_unicode_ci;

-- --------------------------------------------------------

--
-- Table structure for table `case_outcomes`
--

CREATE TABLE IF NOT EXISTS `case_outcomes` (
  `id` bigint UNSIGNED NOT NULL AUTO_INCREMENT,
  `code` varchar(20) NOT NULL,
  `name` varchar(50) NOT NULL,
  `description` text,
  `updated_at` timestamp NULL DEFAULT NULL,
  `created_at` timestamp NULL DEFAULT NULL,
  PRIMARY KEY (`id`),
  UNIQUE KEY `id` (`id`),
  UNIQUE KEY `code` (`code`)
) ENGINE=MyISAM AUTO_INCREMENT=9 DEFAULT CHARSET=utf8mb4 COLLATE=utf8mb4_0900_ai_ci;

--
-- Dumping data for table `case_outcomes`
--

INSERT INTO `case_outcomes` (`id`, `code`, `name`, `description`, `updated_at`, `created_at`) VALUES
(1, 'WON', 'Won', 'Case resolved in favor of the client', NULL, NULL),
(2, 'LOST', 'Lost', 'Case resolved against the client', NULL, NULL),
(3, 'SETTLED', 'Settled', 'Case resolved via settlement agreement', NULL, NULL),
(4, 'DISMISSED', 'Dismissed', 'Case dismissed by the court', '2026-01-19 06:05:49', NULL),
(5, 'WITHDRAWN', 'Withdrawn', 'Case withdrawn by the client or attorney', NULL, NULL),
(6, 'PENDING', 'Pending', 'Case still ongoing, no final outcome yet', NULL, NULL),
(7, 'APPEALED', 'Appealed', 'Case outcome is under appeal', NULL, NULL);

-- --------------------------------------------------------

--
-- Table structure for table `case_parties`
--

CREATE TABLE IF NOT EXISTS `case_parties` (
  `case_party_id` bigint UNSIGNED NOT NULL AUTO_INCREMENT,
  `case_id` bigint UNSIGNED NOT NULL,
  `client_id` bigint UNSIGNED NOT NULL,
  `party_name` varchar(255) NOT NULL,
  `role_in_case` bigint UNSIGNED NOT NULL,
  `notes` text,
  `created_at` timestamp NULL DEFAULT CURRENT_TIMESTAMP,
  `updated_at` timestamp NULL DEFAULT CURRENT_TIMESTAMP ON UPDATE CURRENT_TIMESTAMP,
  PRIMARY KEY (`case_party_id`),
  KEY `fk_case_parties_case` (`case_id`),
  KEY `fk_case_parties_client` (`client_id`),
  KEY `fk_case_parties_role` (`role_in_case`)
) ENGINE=MyISAM DEFAULT CHARSET=utf8mb4 COLLATE=utf8mb4_0900_ai_ci;

-- --------------------------------------------------------

--
-- Table structure for table `case_priorities`
--

CREATE TABLE IF NOT EXISTS `case_priorities` (
  `priority_id` int NOT NULL AUTO_INCREMENT,
  `priority_name` varchar(50) NOT NULL,
  `severity_rank` int NOT NULL,
  `description` varchar(255) DEFAULT NULL,
  `is_active` tinyint(1) DEFAULT '1',
  `created_at` timestamp NULL DEFAULT CURRENT_TIMESTAMP,
  `updated_at` timestamp NULL DEFAULT CURRENT_TIMESTAMP ON UPDATE CURRENT_TIMESTAMP,
  PRIMARY KEY (`priority_id`),
  UNIQUE KEY `priority_name` (`priority_name`)
) ENGINE=MyISAM AUTO_INCREMENT=8 DEFAULT CHARSET=utf8mb4 COLLATE=utf8mb4_0900_ai_ci;

--
-- Dumping data for table `case_priorities`
--

INSERT INTO `case_priorities` (`priority_id`, `priority_name`, `severity_rank`, `description`, `is_active`, `created_at`, `updated_at`) VALUES
(1, 'Low', 1, 'No immediate action required', 1, '2026-01-26 15:29:42', '2026-01-26 15:29:42'),
(2, 'Normal', 2, 'Standard case priority', 1, '2026-01-26 15:29:42', '2026-01-26 15:29:42'),
(3, 'Medium', 3, 'Requires attention but not urgent', 1, '2026-01-26 15:29:42', '2026-01-26 15:29:42'),
(4, 'High', 4, 'Time-sensitive case', 1, '2026-01-26 15:29:42', '2026-01-26 15:29:42'),
(5, 'Urgent', 5, 'Immediate action required', 1, '2026-01-26 15:29:42', '2026-01-26 15:29:42'),
(6, 'Critical', 6, 'Court-mandated or high-risk matter', 1, '2026-01-26 15:29:42', '2026-01-26 15:29:42');

-- --------------------------------------------------------

--
-- Table structure for table `case_reasons`
--

CREATE TABLE IF NOT EXISTS `case_reasons` (
  `id` bigint NOT NULL AUTO_INCREMENT,
  `reason_code` varchar(50) NOT NULL,
  `reason_name` varchar(255) NOT NULL,
  `reason_description` text,
  `created_at` timestamp NOT NULL DEFAULT CURRENT_TIMESTAMP,
  `updated_at` timestamp NOT NULL DEFAULT CURRENT_TIMESTAMP,
  `created_by` bigint NOT NULL,
  `updated_by` bigint NOT NULL,
  `status` tinyint(1) NOT NULL DEFAULT '1',
  PRIMARY KEY (`id`),
  KEY `fk_case_reasons_created_by` (`created_by`),
  KEY `fk_case_reasons_updated_by` (`updated_by`)
) ENGINE=MyISAM AUTO_INCREMENT=12 DEFAULT CHARSET=utf8mb4 COLLATE=utf8mb4_0900_ai_ci;

--
-- Dumping data for table `case_reasons`
--

INSERT INTO `case_reasons` (`id`, `reason_code`, `reason_name`, `reason_description`, `created_at`, `updated_at`, `created_by`, `updated_by`, `status`) VALUES
(1, 'CANCEL_DUP', 'Duplicate Case', 'The case was identified as a duplicate of an existing case and was therefore cancelled.', '2026-01-15 09:22:28', '2026-01-15 09:22:28', 1, 1, 0),
(2, 'CANCEL_REQ', 'Cancelled by Request', 'The case was cancelled following a formal request by the reporting party.', '2026-01-15 09:22:28', '2026-01-15 09:22:28', 1, 1, 0),
(3, 'CANCEL_INV', 'Invalid Case', 'The case did not meet the minimum criteria required for processing.', '2026-01-15 09:22:28', '2026-01-15 09:22:28', 1, 1, 1),
(4, 'CANCEL_ERR', 'Created in Error', 'The case was created due to a system or user error and has been cancelled.', '2026-01-15 09:22:28', '2026-01-19 11:44:25', 1, 1, 0),
(5, 'CANCEL_NOJ', 'No Jurisdiction', 'The case falls outside the organisation’s legal or operational jurisdiction.', '2026-01-15 09:22:28', '2026-01-15 09:22:28', 1, 1, 1),
(6, 'CANCEL_NEV', 'Insufficient Evidence', 'The case was cancelled due to a lack of supporting evidence.', '2026-01-15 09:22:28', '2026-01-15 09:22:28', 1, 1, 1),
(7, 'CANCEL_RES', 'Resolved Externally', 'The matter was resolved outside the system prior to case processing.', '2026-01-15 09:22:28', '2026-01-15 09:22:28', 1, 1, 1),
(8, 'CANCEL_NON', 'Non-Responsive Party', 'The involved party failed to respond within the required timeframe.', '2026-01-15 09:22:28', '2026-01-15 09:22:28', 1, 1, 1),
(9, 'CANCEL_WDR', 'Withdrawn by Initiator', 'The case was formally withdrawn by the individual who initiated it.', '2026-01-15 09:22:28', '2026-01-15 09:22:28', 1, 1, 1),
(10, 'CANCEL_POL', 'Policy Violation', 'The case conflicted with organisational policy and could not proceed.', '2026-01-15 09:22:28', '2026-01-15 09:22:28', 1, 1, 1);

-- --------------------------------------------------------

--
-- Table structure for table `case_roles`
--

CREATE TABLE IF NOT EXISTS `case_roles` (
  `role_id` int NOT NULL AUTO_INCREMENT,
  `role_name` varchar(50) NOT NULL,
  `description` varchar(255) DEFAULT NULL,
  `is_active` tinyint(1) DEFAULT '1',
  `created_at` timestamp NULL DEFAULT CURRENT_TIMESTAMP,
  `updated_at` timestamp NULL DEFAULT CURRENT_TIMESTAMP ON UPDATE CURRENT_TIMESTAMP,
  PRIMARY KEY (`role_id`),
  UNIQUE KEY `role_name` (`role_name`)
) ENGINE=MyISAM AUTO_INCREMENT=8 DEFAULT CHARSET=utf8mb4 COLLATE=utf8mb4_0900_ai_ci;

--
-- Dumping data for table `case_roles`
--

INSERT INTO `case_roles` (`role_id`, `role_name`, `description`, `is_active`, `created_at`, `updated_at`) VALUES
(1, 'Plaintiff', 'Party initiating the case', 1, '2026-01-26 15:30:52', '2026-01-26 15:30:52'),
(2, 'Defendant', 'Party responding to the case', 1, '2026-01-26 15:30:52', '2026-01-26 15:30:52'),
(3, 'Applicant', 'Party applying for legal relief', 1, '2026-01-26 15:30:52', '2026-01-26 15:30:52'),
(4, 'Respondent', 'Party responding to an application', 1, '2026-01-26 15:30:52', '2026-01-26 15:30:52'),
(5, 'Witnesssssss', 'Individual providing testimony', 1, '2026-01-26 15:30:52', '2026-01-27 12:20:40'),
(6, 'Third Party', 'External party involved in the case', 1, '2026-01-26 15:30:52', '2026-01-26 15:30:52');

-- --------------------------------------------------------

--
-- Table structure for table `case_statuses`
--

CREATE TABLE IF NOT EXISTS `case_statuses` (
  `status_code` varchar(10) NOT NULL,
  `status_name` varchar(255) NOT NULL,
  `status_description` text,
  `color_code` char(7) NOT NULL,
  `is_active` tinyint(1) NOT NULL DEFAULT '1',
  `sort_order` int NOT NULL DEFAULT '0',
  `created_at` timestamp NULL DEFAULT CURRENT_TIMESTAMP,
  `updated_at` timestamp NULL DEFAULT CURRENT_TIMESTAMP ON UPDATE CURRENT_TIMESTAMP,
  PRIMARY KEY (`status_code`)
) ENGINE=MyISAM DEFAULT CHARSET=utf8mb4 COLLATE=utf8mb4_0900_ai_ci;

--
-- Dumping data for table `case_statuses`
--

INSERT INTO `case_statuses` (`status_code`, `status_name`, `status_description`, `color_code`, `is_active`, `sort_order`, `created_at`, `updated_at`) VALUES
('OPEN', 'Open', 'Case is active and currently being handled', '#28A745', 0, 1, '2026-01-16 14:07:34', '2026-01-16 14:07:34'),
('PEND', 'Pending', 'Case is temporarily inactive or awaiting action', '#FFC107', 0, 2, '2026-01-16 14:07:34', '2026-01-16 14:07:34'),
('CLOS', 'Closed', 'Case has been concluded and formally closeddd', '#6C757D', 0, 3, '2026-01-16 14:07:34', '2026-01-22 06:16:40'),
('WDTH', 'Withdrawn', 'Case was withdrawn by the client or counsel', '#DC3545', 0, 4, '2026-01-16 14:07:34', '2026-01-16 14:07:34'),
('TRAN', 'Transferred', 'Case has been transferred to another firm or court', '#17A2B8', 0, 5, '2026-01-16 14:07:34', '2026-01-16 14:07:34'),
('INTVN', 'Intervened', 'government intervention', '#6b7280', 1, 0, '2026-01-17 14:23:12', '2026-01-17 14:23:12');

-- --------------------------------------------------------

--
-- Table structure for table `case_types`
--

CREATE TABLE IF NOT EXISTS `case_types` (
  `type_id` int UNSIGNED NOT NULL AUTO_INCREMENT,
  `type_name` varchar(200) NOT NULL,
  `type_description` text,
  `created_at` datetime NOT NULL DEFAULT CURRENT_TIMESTAMP,
  `updated_at` datetime NOT NULL DEFAULT CURRENT_TIMESTAMP ON UPDATE CURRENT_TIMESTAMP,
  PRIMARY KEY (`type_id`),
  UNIQUE KEY `uq_case_types_type_name` (`type_name`)
) ENGINE=MyISAM AUTO_INCREMENT=15 DEFAULT CHARSET=utf8mb4 COLLATE=utf8mb4_0900_ai_ci;

--
-- Dumping data for table `case_types`
--

INSERT INTO `case_types` (`type_id`, `type_name`, `type_description`, `created_at`, `updated_at`) VALUES
(1, 'robbery', 'Illegal possession or taking of property using force or intimidations.', '2026-01-22 11:31:43', '2026-01-22 13:59:13'),
(2, 'assault', 'Physical attack causing bodily harm or threat thereof', '2026-01-22 11:31:43', '2026-01-22 11:31:43'),
(3, 'fraud', 'Deception intended to result in financial or personal gain', '2026-01-22 11:31:43', '2026-01-22 11:31:43'),
(4, 'burglary', 'Unlawful entry into a structure with intent to commit a crime', '2026-01-22 11:31:43', '2026-01-22 11:31:43'),
(5, 'theft', 'Unlawful taking of another person’s property without force', '2026-01-22 11:31:43', '2026-01-22 11:31:43'),
(6, 'homicide', 'Unlawful killing of another human being', '2026-01-22 11:31:43', '2026-01-22 11:31:43'),
(7, 'kidnapping', 'Unlawful abduction or detention of a person', '2026-01-22 11:31:43', '2026-01-22 11:31:43'),
(8, 'domestic_violence', 'Abuse or violence occurring within a domestic relationship', '2026-01-22 11:31:43', '2026-01-22 11:31:43'),
(9, 'drug_trafficking', 'Illegal manufacture, distribution, or sale of controlled substances', '2026-01-22 11:31:43', '2026-01-22 11:31:43'),
(10, 'money_laundering', 'Concealment of the origins of illegally obtained money', '2026-01-22 11:31:43', '2026-01-22 11:31:43'),
(11, 'cybercrime', 'Criminal activities carried out using computers or digital networksss', '2026-01-22 11:31:43', '2026-01-22 13:53:16');

-- --------------------------------------------------------

--
-- Table structure for table `cashbooks`
--

CREATE TABLE IF NOT EXISTS `cashbooks` (
  `id` bigint UNSIGNED NOT NULL AUTO_INCREMENT,
  `code` varchar(50) NOT NULL,
  `name` varchar(255) NOT NULL,
  `cashbook_type` enum('CASH','BANK') NOT NULL,
  `is_trust` tinyint(1) NOT NULL DEFAULT '0',
  `currency_id` bigint UNSIGNED NOT NULL,
  `opening_balance` decimal(18,2) NOT NULL DEFAULT '0.00',
  `opening_balance_date` date DEFAULT NULL,
  `bank_name` varchar(255) DEFAULT NULL,
  `branch_name` varchar(255) DEFAULT NULL,
  `account_number` varchar(100) DEFAULT NULL,
  `swift_code` varchar(50) DEFAULT NULL,
  `is_reconcilable` tinyint(1) NOT NULL DEFAULT '1',
  `is_active` tinyint(1) NOT NULL DEFAULT '1',
  `created_at` timestamp NULL DEFAULT CURRENT_TIMESTAMP,
  `updated_at` timestamp NULL DEFAULT CURRENT_TIMESTAMP ON UPDATE CURRENT_TIMESTAMP,
  PRIMARY KEY (`id`),
  UNIQUE KEY `code` (`code`),
  KEY `idx_cashbooks_currency` (`currency_id`),
  KEY `idx_cashbooks_type` (`cashbook_type`),
  KEY `idx_cashbooks_trust` (`is_trust`)
) ENGINE=InnoDB AUTO_INCREMENT=5 DEFAULT CHARSET=utf8mb4 COLLATE=utf8mb4_0900_ai_ci;

--
-- Dumping data for table `cashbooks`
--

INSERT INTO `cashbooks` (`id`, `code`, `name`, `cashbook_type`, `is_trust`, `currency_id`, `opening_balance`, `opening_balance_date`, `bank_name`, `branch_name`, `account_number`, `swift_code`, `is_reconcilable`, `is_active`, `created_at`, `updated_at`) VALUES
(1, 'cshA9FQX001', 'Office Bank Account', 'BANK', 0, 1, 0.00, '2025-01-01', 'CBZ Bank', 'Samora Machel Branch', '0102030405', 'COBZZWHX', 1, 1, '2026-01-07 13:11:49', '2026-01-07 13:11:49'),
(2, 'cshB7KLM002', 'Client Trust Bank Account', 'BANK', 1, 1, 0.00, '2025-01-01', 'Stanbic Bank', 'Borrowdale Branch', '0203040506', 'SBICZWHX', 1, 1, '2026-01-07 13:11:49', '2026-01-07 13:11:49'),
(3, 'cshC3PTX003', 'Petty Cash', 'CASH', 0, 1, 500.00, '2025-01-01', NULL, NULL, NULL, NULL, 0, 1, '2026-01-07 13:11:49', '2026-01-07 13:11:49'),
(4, 'cshD8RZQ004', 'Office Bank Account – USD', 'BANK', 0, 2, 0.00, '2025-01-01', 'FBC Bank', 'Avondale Branch', '0304050607', 'FBCPZWHX', 1, 1, '2026-01-07 13:11:49', '2026-01-07 13:11:49');

-- --------------------------------------------------------

--
-- Table structure for table `cashbook_entries`
--

CREATE TABLE IF NOT EXISTS `cashbook_entries` (
  `id` bigint UNSIGNED NOT NULL AUTO_INCREMENT,
  `cashbook_id` bigint UNSIGNED NOT NULL,
  `entry_date` date NOT NULL,
  `module` enum('AR','AP','GL','CB') COLLATE utf8mb4_unicode_ci NOT NULL,
  `account_id` bigint UNSIGNED NOT NULL,
  `reference_det` varchar(255) COLLATE utf8mb4_unicode_ci DEFAULT NULL,
  `description` text COLLATE utf8mb4_unicode_ci NOT NULL,
  `tr_code` enum('DR','CR') COLLATE utf8mb4_unicode_ci NOT NULL,
  `currency_id` bigint UNSIGNED NOT NULL,
  `amount` decimal(15,2) NOT NULL,
  `created_at` timestamp NULL DEFAULT CURRENT_TIMESTAMP,
  `updated_at` timestamp NULL DEFAULT CURRENT_TIMESTAMP ON UPDATE CURRENT_TIMESTAMP,
  PRIMARY KEY (`id`),
  KEY `idx_cashbook_entries_cashbook_id` (`cashbook_id`),
  KEY `idx_cashbook_entries_entry_date` (`entry_date`),
  KEY `idx_cashbook_entries_module` (`module`),
  KEY `idx_cashbook_entries_account_id` (`account_id`),
  KEY `idx_cashbook_entries_tr_code` (`tr_code`),
  KEY `idx_cashbook_entries_created_at` (`created_at`)
) ENGINE=InnoDB DEFAULT CHARSET=utf8mb4 COLLATE=utf8mb4_unicode_ci;

-- --------------------------------------------------------

--
-- Table structure for table `chat_groups`
--

CREATE TABLE IF NOT EXISTS `chat_groups` (
  `id` bigint UNSIGNED NOT NULL AUTO_INCREMENT,
  `group_name` varchar(100) COLLATE utf8mb4_unicode_ci NOT NULL,
  `group_description` text COLLATE utf8mb4_unicode_ci,
  `created_at` timestamp NULL DEFAULT CURRENT_TIMESTAMP,
  `updated_at` timestamp NULL DEFAULT CURRENT_TIMESTAMP ON UPDATE CURRENT_TIMESTAMP,
  PRIMARY KEY (`id`),
  UNIQUE KEY `group_name` (`group_name`)
) ENGINE=MyISAM DEFAULT CHARSET=utf8mb4 COLLATE=utf8mb4_unicode_ci;

-- --------------------------------------------------------

--
-- Table structure for table `chat_messages`
--

CREATE TABLE IF NOT EXISTS `chat_messages` (
  `message_id` bigint UNSIGNED NOT NULL AUTO_INCREMENT,
  `chat_id` bigint UNSIGNED NOT NULL,
  `sender_id` bigint UNSIGNED NOT NULL,
  `message_type` enum('text','file','audio','video','call','notification') COLLATE utf8mb4_unicode_ci DEFAULT 'text',
  `message` text COLLATE utf8mb4_unicode_ci,
  `file_id` bigint UNSIGNED DEFAULT NULL,
  `call_type` enum('audio','video') COLLATE utf8mb4_unicode_ci DEFAULT NULL,
  `call_status` enum('missed','answered','declined') COLLATE utf8mb4_unicode_ci DEFAULT NULL,
  `is_read` tinyint(1) DEFAULT '0',
  `is_deleted` tinyint(1) DEFAULT '0',
  `sent_at` timestamp NULL DEFAULT CURRENT_TIMESTAMP,
  `read_at` timestamp NULL DEFAULT NULL,
  `deleted_at` timestamp NULL DEFAULT NULL,
  PRIMARY KEY (`message_id`),
  KEY `chat_id` (`chat_id`),
  KEY `sender_id` (`sender_id`),
  KEY `file_id` (`file_id`)
) ENGINE=MyISAM DEFAULT CHARSET=utf8mb4 COLLATE=utf8mb4_unicode_ci;

-- --------------------------------------------------------

--
-- Table structure for table `chat_participants`
--

CREATE TABLE IF NOT EXISTS `chat_participants` (
  `participant_id` bigint UNSIGNED NOT NULL AUTO_INCREMENT,
  `chat_id` bigint UNSIGNED NOT NULL,
  `user_id` bigint UNSIGNED NOT NULL,
  `role` enum('member','admin','owner') COLLATE utf8mb4_unicode_ci DEFAULT 'member',
  `joined_at` timestamp NULL DEFAULT CURRENT_TIMESTAMP,
  `last_seen` timestamp NULL DEFAULT NULL,
  `is_muted` tinyint(1) DEFAULT '0',
  `is_blocked` tinyint(1) DEFAULT '0',
  PRIMARY KEY (`participant_id`),
  KEY `chat_id` (`chat_id`),
  KEY `user_id` (`user_id`)
) ENGINE=MyISAM DEFAULT CHARSET=utf8mb4 COLLATE=utf8mb4_unicode_ci;

-- --------------------------------------------------------

--
-- Table structure for table `chat_requests`
--

CREATE TABLE IF NOT EXISTS `chat_requests` (
  `request_id` bigint UNSIGNED NOT NULL AUTO_INCREMENT,
  `sender_id` bigint UNSIGNED NOT NULL,
  `receiver_id` bigint UNSIGNED NOT NULL,
  `status` enum('pending','accepted','rejected') COLLATE utf8mb4_unicode_ci DEFAULT 'pending',
  `created_at` timestamp NULL DEFAULT CURRENT_TIMESTAMP,
  `responded_at` timestamp NULL DEFAULT NULL,
  PRIMARY KEY (`request_id`),
  KEY `sender_id` (`sender_id`),
  KEY `receiver_id` (`receiver_id`)
) ENGINE=MyISAM DEFAULT CHARSET=utf8mb4 COLLATE=utf8mb4_unicode_ci;

-- --------------------------------------------------------

--
-- Table structure for table `chat_rooms`
--

CREATE TABLE IF NOT EXISTS `chat_rooms` (
  `chat_id` bigint UNSIGNED NOT NULL AUTO_INCREMENT,
  `chat_type` enum('private','group') COLLATE utf8mb4_unicode_ci DEFAULT 'private',
  `group_name` varchar(191) COLLATE utf8mb4_unicode_ci DEFAULT NULL,
  `group_description` text COLLATE utf8mb4_unicode_ci,
  `group_avatar_url` varchar(191) COLLATE utf8mb4_unicode_ci DEFAULT NULL,
  `created_by` bigint UNSIGNED NOT NULL,
  `created_at` timestamp NULL DEFAULT CURRENT_TIMESTAMP,
  `updated_at` timestamp NULL DEFAULT CURRENT_TIMESTAMP ON UPDATE CURRENT_TIMESTAMP,
  `last_message_id` bigint UNSIGNED DEFAULT NULL,
  `is_active` tinyint(1) DEFAULT '1',
  PRIMARY KEY (`chat_id`),
  KEY `created_by` (`created_by`),
  KEY `last_message_id` (`last_message_id`)
) ENGINE=MyISAM DEFAULT CHARSET=utf8mb4 COLLATE=utf8mb4_unicode_ci;

-- --------------------------------------------------------

--
-- Table structure for table `clients`
--

CREATE TABLE IF NOT EXISTS `clients` (
  `id` bigint UNSIGNED NOT NULL AUTO_INCREMENT,
  `client_id` varchar(10) COLLATE utf8mb4_unicode_ci NOT NULL,
  `first_name` varchar(100) COLLATE utf8mb4_unicode_ci NOT NULL,
  `last_name` varchar(100) COLLATE utf8mb4_unicode_ci NOT NULL,
  `national_id` varchar(191) COLLATE utf8mb4_unicode_ci DEFAULT NULL,
  `date_of_birth` date DEFAULT NULL,
  `gender` varchar(20) COLLATE utf8mb4_unicode_ci DEFAULT NULL,
  `phone_primary` varchar(20) COLLATE utf8mb4_unicode_ci DEFAULT NULL,
  `email` varchar(191) COLLATE utf8mb4_unicode_ci DEFAULT NULL,
  `street_address` varchar(191) COLLATE utf8mb4_unicode_ci DEFAULT NULL,
  `city` varchar(100) COLLATE utf8mb4_unicode_ci DEFAULT NULL,
  `state_province` varchar(100) COLLATE utf8mb4_unicode_ci DEFAULT NULL,
  `country` varchar(100) COLLATE utf8mb4_unicode_ci DEFAULT NULL,
  `employer_name` varchar(150) COLLATE utf8mb4_unicode_ci DEFAULT NULL,
  `position_role` varchar(100) COLLATE utf8mb4_unicode_ci DEFAULT NULL,
  `client_type` varchar(50) COLLATE utf8mb4_unicode_ci DEFAULT NULL,
  `client_category` varchar(50) COLLATE utf8mb4_unicode_ci DEFAULT NULL,
  `date_onboarded` date DEFAULT NULL,
  `assigned_lawyer` varchar(100) COLLATE utf8mb4_unicode_ci DEFAULT NULL,
  `referred_lawyer` varchar(100) COLLATE utf8mb4_unicode_ci DEFAULT NULL,
  `notes` text COLLATE utf8mb4_unicode_ci,
  `created_at` timestamp NULL DEFAULT CURRENT_TIMESTAMP,
  `updated_at` timestamp NULL DEFAULT CURRENT_TIMESTAMP ON UPDATE CURRENT_TIMESTAMP,
  PRIMARY KEY (`id`),
  UNIQUE KEY `client_id` (`client_id`),
  UNIQUE KEY `national_id` (`national_id`)
) ENGINE=MyISAM AUTO_INCREMENT=8 DEFAULT CHARSET=utf8mb4 COLLATE=utf8mb4_unicode_ci;

--
-- Dumping data for table `clients`
--

INSERT INTO `clients` (`id`, `client_id`, `first_name`, `last_name`, `national_id`, `date_of_birth`, `gender`, `phone_primary`, `email`, `street_address`, `city`, `state_province`, `country`, `employer_name`, `position_role`, `client_type`, `client_category`, `date_onboarded`, `assigned_lawyer`, `referred_lawyer`, `notes`, `created_at`, `updated_at`) VALUES
(1, 'CL-0001', 'James', 'Whitaker', 'ZW123456A', '1985-03-14', 'Male', '+263771234567', 'james.whitaker@example.com', '12 Samora Machel Ave', 'Harare', 'Harare Province', 'Zimbabwe', 'Whitaker Holdings', 'Managing Director', NULL, NULL, '2024-01-10', 'L940147', 'L200861', 'Corporate compliance advisory', '2026-01-06 10:29:08', '2026-01-06 12:44:40'),
(2, 'CL-0002', 'Emily', 'Carter', 'ZW654321B', '1990-07-22', 'Female', '+263772345678', 'emily.carter@example.com', '45 Borrowdale Road', 'Harare', 'Harare Province', 'Zimbabwe', 'Carter & Co', 'Legal Consultant', 'Individual', 'Professional', '2024-01-15', 'Adv. Ncube', NULL, 'Contract review services', '2026-01-06 10:29:08', '2026-01-06 10:29:08'),
(3, 'CL-0003', 'Michael', 'Dube', 'ZW789456C', '1978-11-05', 'Male', '+263773456789', 'michael.dube@example.com', '89 Main Street', 'Bulawayo', 'Bulawayo Province', 'Zimbabwe', 'Dube Logistics', 'Operations Manager', 'Individual', 'Commercial', '2024-02-01', 'Adv. Sibanda', 'Adv. Moyo', 'Ongoing litigation support', '2026-01-06 10:29:08', '2026-01-06 10:29:08'),
(5, 'CL-0005', 'Daniel', 'Mukasa', 'ZW456789E', '1983-09-30', 'Male', '+263775678901', 'daniel.mukasa@example.com', '101 Airport Road', 'Gweru', 'Midlands Province', 'Zimbabwe', 'Mukasa Engineering', 'Senior Engineer', NULL, NULL, '2024-02-20', 'L200861', 'L940147', 'Regulatory and safety compliance', '2026-01-06 10:29:08', '2026-01-06 12:43:58');

-- --------------------------------------------------------

--
-- Table structure for table `client_categories`
--

CREATE TABLE IF NOT EXISTS `client_categories` (
  `category_id` int NOT NULL AUTO_INCREMENT,
  `category_code` varchar(20) NOT NULL,
  `category_description` text NOT NULL,
  `created_at` datetime NOT NULL DEFAULT CURRENT_TIMESTAMP,
  `updated_at` datetime NOT NULL DEFAULT CURRENT_TIMESTAMP ON UPDATE CURRENT_TIMESTAMP,
  PRIMARY KEY (`category_id`),
  UNIQUE KEY `category_code` (`category_code`)
) ENGINE=MyISAM AUTO_INCREMENT=11 DEFAULT CHARSET=utf8mb4 COLLATE=utf8mb4_0900_ai_ci;

--
-- Dumping data for table `client_categories`
--

INSERT INTO `client_categories` (`category_id`, `category_code`, `category_description`, `created_at`, `updated_at`) VALUES
(1, 'INDIV', 'Individual private clients seeking personal legal services', '2026-01-06 14:54:30', '2026-01-06 14:54:30'),
(2, 'HNWI', 'High-net-worth individuals requiring complex legal and tax advisory services', '2026-01-06 14:54:30', '2026-01-06 14:54:30'),
(3, 'SME', 'Small and medium-sized enterprises including startups and owner-managed businesses', '2026-01-06 14:54:30', '2026-01-06 14:54:30'),
(4, 'CORP', 'Large corporations and multinational companies', '2026-01-06 14:54:30', '2026-01-06 14:54:30'),
(5, 'FIN', 'Financial institutions such as banks, insurers, and investment firms', '2026-01-06 14:54:30', '2026-01-06 14:54:30'),
(6, 'GOV', 'Government bodies, public authorities, and state-owned entities', '2026-01-06 14:54:30', '2026-01-06 14:54:30'),
(7, 'NONP', 'Non-profit organizations, charities, and foundations', '2026-01-06 14:54:30', '2026-01-06 14:54:30'),
(8, 'PROF', 'Professional services firms including accountants, consultants, and medical practices', '2026-01-06 14:54:30', '2026-01-06 14:54:30'),
(9, 'REF', 'Referral-based clients introduced by third parties or panel arrangements', '2026-01-06 14:54:30', '2026-01-06 14:54:30'),
(10, 'PROB', 'Pro bono and strategic clients taken on for public interest or reputational purposes', '2026-01-06 14:54:30', '2026-01-06 14:54:30');

-- --------------------------------------------------------

--
-- Table structure for table `client_invoices`
--

CREATE TABLE IF NOT EXISTS `client_invoices` (
  `id` bigint UNSIGNED NOT NULL AUTO_INCREMENT,
  `client_id` bigint UNSIGNED NOT NULL,
  `invoice_number` varchar(200) NOT NULL,
  `invoice_date` date NOT NULL,
  `case_reference` varchar(200) NOT NULL,
  `description` text NOT NULL,
  `responsible_lawyer` varchar(200) NOT NULL,
  `narration` text NOT NULL,
  `gl_account` varchar(200) NOT NULL,
  `tax_id` bigint UNSIGNED NOT NULL,
  `discount` decimal(5,2) DEFAULT '0.00',
  `price` decimal(15,2) NOT NULL,
  `quantity` decimal(10,2) NOT NULL,
  `currency_id` bigint UNSIGNED NOT NULL,
  `disbursements` decimal(15,2) DEFAULT '0.00',
  `tax_rate` decimal(5,2) DEFAULT '0.00',
  `tax_amount` decimal(15,2) DEFAULT '0.00',
  `total` decimal(15,2) DEFAULT '0.00',
  `status` enum('draft','sent','paid','overdue') DEFAULT 'draft',
  `user_id` bigint UNSIGNED NOT NULL,
  `created_at` timestamp NULL DEFAULT CURRENT_TIMESTAMP,
  `updated_at` timestamp NULL DEFAULT CURRENT_TIMESTAMP ON UPDATE CURRENT_TIMESTAMP,
  PRIMARY KEY (`id`),
  UNIQUE KEY `invoice_number` (`invoice_number`),
  KEY `tax_id` (`tax_id`),
  KEY `currency_id` (`currency_id`),
  KEY `user_id` (`user_id`),
  KEY `idx_client_status` (`client_id`,`status`),
  KEY `idx_invoice_date` (`invoice_date`)
) ENGINE=MyISAM DEFAULT CHARSET=utf8mb4 COLLATE=utf8mb4_0900_ai_ci;

-- --------------------------------------------------------

--
-- Table structure for table `client_journals`
--

CREATE TABLE IF NOT EXISTS `client_journals` (
  `id` int NOT NULL AUTO_INCREMENT,
  `date` date NOT NULL,
  `client_code` varchar(50) COLLATE utf8mb4_unicode_ci NOT NULL,
  `client_name` varchar(191) COLLATE utf8mb4_unicode_ci NOT NULL,
  `narration` text COLLATE utf8mb4_unicode_ci,
  `dr` decimal(15,2) DEFAULT '0.00',
  `cr` decimal(15,2) DEFAULT '0.00',
  `status` enum('pending','approved','rejected','reversed') COLLATE utf8mb4_unicode_ci DEFAULT 'pending',
  `client_id` int DEFAULT NULL,
  `transaction_code` varchar(50) COLLATE utf8mb4_unicode_ci DEFAULT NULL,
  `created_at` timestamp NULL DEFAULT CURRENT_TIMESTAMP,
  `updated_at` timestamp NULL DEFAULT CURRENT_TIMESTAMP ON UPDATE CURRENT_TIMESTAMP,
  PRIMARY KEY (`id`),
  UNIQUE KEY `transaction_code` (`transaction_code`),
  KEY `idx_date` (`date`),
  KEY `idx_client_code` (`client_code`)
) ENGINE=MyISAM DEFAULT CHARSET=utf8mb4 COLLATE=utf8mb4_unicode_ci;

-- --------------------------------------------------------

--
-- Table structure for table `client_quotations`
--

CREATE TABLE IF NOT EXISTS `client_quotations` (
  `id` bigint UNSIGNED NOT NULL AUTO_INCREMENT,
  `client_id` bigint UNSIGNED NOT NULL,
  `quotation_number` varchar(200) NOT NULL,
  `quotation_date` date NOT NULL,
  `terms` text,
  `validity_period` int DEFAULT '30',
  `notes` text,
  `status` enum('draft','sent','accepted','rejected') DEFAULT 'draft',
  `total_amount` decimal(15,2) DEFAULT '0.00',
  `user_id` bigint UNSIGNED NOT NULL,
  `created_at` timestamp NULL DEFAULT CURRENT_TIMESTAMP,
  `updated_at` timestamp NULL DEFAULT CURRENT_TIMESTAMP ON UPDATE CURRENT_TIMESTAMP,
  PRIMARY KEY (`id`),
  UNIQUE KEY `quotation_number` (`quotation_number`),
  KEY `user_id` (`user_id`),
  KEY `idx_client_status` (`client_id`,`status`),
  KEY `idx_quotation_date` (`quotation_date`)
) ENGINE=MyISAM DEFAULT CHARSET=utf8mb4 COLLATE=utf8mb4_0900_ai_ci;

-- --------------------------------------------------------

--
-- Table structure for table `client_quotation_lines`
--

CREATE TABLE IF NOT EXISTS `client_quotation_lines` (
  `id` bigint UNSIGNED NOT NULL AUTO_INCREMENT,
  `quotation_id` bigint UNSIGNED NOT NULL,
  `description` text NOT NULL,
  `quantity` decimal(10,2) DEFAULT '1.00',
  `unit_price` decimal(15,2) NOT NULL,
  `created_at` timestamp NULL DEFAULT CURRENT_TIMESTAMP,
  `updated_at` timestamp NULL DEFAULT CURRENT_TIMESTAMP ON UPDATE CURRENT_TIMESTAMP,
  PRIMARY KEY (`id`),
  KEY `idx_quotation_id` (`quotation_id`)
) ENGINE=MyISAM DEFAULT CHARSET=utf8mb4 COLLATE=utf8mb4_0900_ai_ci;

-- --------------------------------------------------------

--
-- Table structure for table `client_receipts`
--

CREATE TABLE IF NOT EXISTS `client_receipts` (
  `id` bigint UNSIGNED NOT NULL AUTO_INCREMENT,
  `client_id` bigint UNSIGNED NOT NULL,
  `receipt_number` varchar(200) NOT NULL,
  `receipt_date` date NOT NULL,
  `payment_method` varchar(200) NOT NULL,
  `status` enum('draft','processed') DEFAULT 'draft',
  `total_amount` decimal(15,2) DEFAULT '0.00',
  `user_id` bigint UNSIGNED NOT NULL,
  `created_at` timestamp NULL DEFAULT CURRENT_TIMESTAMP,
  `updated_at` timestamp NULL DEFAULT CURRENT_TIMESTAMP ON UPDATE CURRENT_TIMESTAMP,
  PRIMARY KEY (`id`),
  UNIQUE KEY `receipt_number` (`receipt_number`),
  KEY `user_id` (`user_id`),
  KEY `idx_client_status` (`client_id`,`status`),
  KEY `idx_receipt_date` (`receipt_date`)
) ENGINE=MyISAM DEFAULT CHARSET=utf8mb4 COLLATE=utf8mb4_0900_ai_ci;

-- --------------------------------------------------------

--
-- Table structure for table `client_receipt_lines`
--

CREATE TABLE IF NOT EXISTS `client_receipt_lines` (
  `id` bigint UNSIGNED NOT NULL AUTO_INCREMENT,
  `receipt_id` bigint UNSIGNED NOT NULL,
  `description` text NOT NULL,
  `invoice_id` bigint UNSIGNED DEFAULT NULL,
  `account_id` bigint UNSIGNED NOT NULL,
  `amount` decimal(15,2) NOT NULL,
  `created_at` timestamp NULL DEFAULT CURRENT_TIMESTAMP,
  `updated_at` timestamp NULL DEFAULT CURRENT_TIMESTAMP ON UPDATE CURRENT_TIMESTAMP,
  PRIMARY KEY (`id`),
  KEY `invoice_id` (`invoice_id`),
  KEY `account_id` (`account_id`),
  KEY `idx_receipt_id` (`receipt_id`)
) ENGINE=MyISAM DEFAULT CHARSET=utf8mb4 COLLATE=utf8mb4_0900_ai_ci;

-- --------------------------------------------------------

--
-- Table structure for table `company_info`
--

CREATE TABLE IF NOT EXISTS `company_info` (
  `company_id` bigint UNSIGNED NOT NULL AUTO_INCREMENT,
  `company_name` varchar(150) COLLATE utf8mb4_unicode_ci DEFAULT NULL,
  `company_code` varchar(10) COLLATE utf8mb4_unicode_ci DEFAULT NULL,
  `address` text COLLATE utf8mb4_unicode_ci,
  `contact_email` varchar(191) COLLATE utf8mb4_unicode_ci DEFAULT NULL,
  `contact_phone` varchar(50) COLLATE utf8mb4_unicode_ci DEFAULT NULL,
  `website` varchar(100) COLLATE utf8mb4_unicode_ci DEFAULT NULL,
  `tax_id` varchar(120) COLLATE utf8mb4_unicode_ci DEFAULT NULL,
  `bank_name` text COLLATE utf8mb4_unicode_ci,
  `bank_acc_number` varchar(50) COLLATE utf8mb4_unicode_ci DEFAULT NULL,
  `updated_by` bigint UNSIGNED DEFAULT NULL,
  PRIMARY KEY (`company_id`),
  KEY `updated_by` (`updated_by`)
) ENGINE=MyISAM DEFAULT CHARSET=utf8mb4 COLLATE=utf8mb4_unicode_ci;

-- --------------------------------------------------------

--
-- Table structure for table `court_areas`
--

CREATE TABLE IF NOT EXISTS `court_areas` (
  `area_code` varchar(20) COLLATE utf8mb4_unicode_ci NOT NULL,
  `area_name` varchar(150) COLLATE utf8mb4_unicode_ci NOT NULL,
  `city` varchar(100) COLLATE utf8mb4_unicode_ci DEFAULT NULL,
  `country` varchar(100) COLLATE utf8mb4_unicode_ci DEFAULT 'Zimbabwe',
  `specific_location` varchar(191) COLLATE utf8mb4_unicode_ci DEFAULT NULL,
  `created_at` timestamp NULL DEFAULT CURRENT_TIMESTAMP,
  `updated_at` timestamp NULL DEFAULT CURRENT_TIMESTAMP ON UPDATE CURRENT_TIMESTAMP,
  PRIMARY KEY (`area_code`)
) ENGINE=MyISAM DEFAULT CHARSET=utf8mb4 COLLATE=utf8mb4_unicode_ci;

--
-- Dumping data for table `court_areas`
--

INSERT INTO `court_areas` (`area_code`, `area_name`, `city`, `country`, `specific_location`, `created_at`, `updated_at`) VALUES
('CA-HRE', 'Harare Magistrates Court', 'Harare', 'Zimbabwe', 'Corner Samora Machel Ave & Rotten Row', '2026-01-28 15:28:20', '2026-01-28 15:28:20'),
('CA-HHC', 'Harare High Court', 'Harare', 'Zimbabwe', 'Samora Machel Avenue', '2026-01-28 15:28:20', '2026-01-28 15:28:20'),
('CA-BYO', 'Bulawayo Magistrates Court', 'Bulawayo', 'Zimbabwe', 'Fife Street', '2026-01-28 15:28:20', '2026-01-28 15:28:20'),
('CA-BHC', 'Bulawayo High Court', 'Bulawayo', 'Zimbabwe', 'Corner Fort Street & 10th Avenue', '2026-01-28 15:28:20', '2026-01-28 15:28:20'),
('CA-GWE', 'Gweru Magistrates Court', 'Gweru', 'Zimbabwe', 'Robert Mugabe Way', '2026-01-28 15:28:20', '2026-01-28 15:28:20'),
('CA-MUT', 'Mutare Magistrates Court', 'Mutare', 'Zimbabwe', 'Aerodrome Road', '2026-01-28 15:28:20', '2026-01-28 15:28:20'),
('CA-MAS', 'Masvingo Magistrates Court', 'Masvingo', 'Zimbabwe', 'Hughes Street', '2026-01-28 15:28:20', '2026-01-28 15:28:20'),
('CA-CHI', 'Chinhoyi Magistrates Court', 'Chinhoyi', 'Zimbabwe', 'Magistrates Court Complex', '2026-01-28 15:28:20', '2026-01-28 15:28:20'),
('CA-MAR', 'Marondera Magistrates Court', 'Marondera', 'Zimbabwe', 'Fifth Street', '2026-01-28 15:28:20', '2026-01-28 15:28:20'),
('CA-VIC', 'Victoria Falls Magistrates Court', 'Victoria Falls', 'Zimbabwe', 'Parkway Drive', '2026-01-28 15:28:20', '2026-01-28 15:28:20');

-- --------------------------------------------------------

--
-- Table structure for table `court_filings`
--

CREATE TABLE IF NOT EXISTS `court_filings` (
  `filing_id` bigint UNSIGNED NOT NULL AUTO_INCREMENT,
  `case_id` bigint UNSIGNED NOT NULL,
  `filing_type_id` bigint UNSIGNED DEFAULT NULL,
  `filing_status_id` bigint UNSIGNED DEFAULT NULL,
  `filing_code` varchar(50) COLLATE utf8mb4_unicode_ci NOT NULL,
  `filing_title` varchar(191) COLLATE utf8mb4_unicode_ci NOT NULL,
  `filing_description` text COLLATE utf8mb4_unicode_ci,
  `court_area_id` varchar(20) COLLATE utf8mb4_unicode_ci DEFAULT NULL,
  `judge_id` bigint UNSIGNED DEFAULT NULL,
  `filing_date` date NOT NULL,
  `due_date` date DEFAULT NULL,
  `court_acknowledgment` date DEFAULT NULL,
  `document_path` varchar(191) COLLATE utf8mb4_unicode_ci DEFAULT NULL,
  `version` varchar(50) COLLATE utf8mb4_unicode_ci DEFAULT '1.0',
  `next_action` varchar(191) COLLATE utf8mb4_unicode_ci DEFAULT NULL,
  `internal_notes` text COLLATE utf8mb4_unicode_ci,
  `external_notes` text COLLATE utf8mb4_unicode_ci,
  `created_by` bigint UNSIGNED DEFAULT NULL,
  `updated_by` bigint UNSIGNED DEFAULT NULL,
  `created_at` timestamp NULL DEFAULT CURRENT_TIMESTAMP,
  `updated_at` timestamp NULL DEFAULT CURRENT_TIMESTAMP ON UPDATE CURRENT_TIMESTAMP,
  PRIMARY KEY (`filing_id`),
  UNIQUE KEY `filing_code` (`filing_code`),
  KEY `case_id` (`case_id`),
  KEY `filing_type_id` (`filing_type_id`),
  KEY `filing_status_id` (`filing_status_id`),
  KEY `court_area_id` (`court_area_id`),
  KEY `judge_id` (`judge_id`),
  KEY `created_by` (`created_by`),
  KEY `updated_by` (`updated_by`)
) ENGINE=MyISAM DEFAULT CHARSET=utf8mb4 COLLATE=utf8mb4_unicode_ci;

-- --------------------------------------------------------

--
-- Table structure for table `court_filing_statuses`
--

CREATE TABLE IF NOT EXISTS `court_filing_statuses` (
  `filing_status_id` bigint UNSIGNED NOT NULL AUTO_INCREMENT,
  `status_code` varchar(20) COLLATE utf8mb4_unicode_ci NOT NULL,
  `status_name` varchar(100) COLLATE utf8mb4_unicode_ci NOT NULL,
  `description` text COLLATE utf8mb4_unicode_ci,
  `display_order` int DEFAULT '0',
  `is_final` tinyint(1) DEFAULT '0',
  `created_at` timestamp NULL DEFAULT NULL,
  `updated_at` timestamp NULL DEFAULT NULL,
  PRIMARY KEY (`filing_status_id`),
  UNIQUE KEY `status_code` (`status_code`)
) ENGINE=MyISAM AUTO_INCREMENT=16 DEFAULT CHARSET=utf8mb4 COLLATE=utf8mb4_unicode_ci;

--
-- Dumping data for table `court_filing_statuses`
--

INSERT INTO `court_filing_statuses` (`filing_status_id`, `status_code`, `status_name`, `description`, `display_order`, `is_final`, `created_at`, `updated_at`) VALUES
(1, 'DRAFT', 'Draft', 'Filing has been drafted but not yet submitted to the court.', 1, 0, '2026-01-14 09:34:18', '2026-01-14 09:34:18'),
(2, 'SUBMITTED', 'Submitted', 'Filing has been submitted to the court and is awaiting acceptance.', 2, 0, '2026-01-14 09:34:18', '2026-01-14 09:34:18'),
(3, 'ACCEPTED', 'Accepted', 'Court has accepted the filing for processing.', 3, 0, '2026-01-14 09:34:18', '2026-01-14 09:34:18'),
(4, 'PENDING_REVIEW', 'Pending Review', 'Filing is under review by the court clerk or judge.', 4, 0, '2026-01-14 09:34:18', '2026-01-14 09:34:18'),
(5, 'REJECTED', 'Rejected', 'Filing has been rejected by the court; corrections may be required.', 5, 0, '2026-01-14 09:34:18', '2026-01-14 09:34:18'),
(6, 'RESUBMITTED', 'Resubmitted', 'Filing has been corrected and resubmitted to the court.', 6, 0, '2026-01-14 09:34:18', '2026-01-14 09:34:18'),
(7, 'UNDER_HEARING', 'Under Hearing', 'Filing is being considered in a scheduled court hearing.', 7, 0, '2026-01-14 09:34:18', '2026-01-14 09:34:18'),
(8, 'APPROVED', 'Approved', 'Filing has been approved by the court or relevant authority.', 8, 1, '2026-01-14 09:34:18', '2026-01-14 09:34:18'),
(9, 'DENIED', 'Denied', 'Court has denied the filing; no further action permitted.', 9, 1, '2026-01-14 09:34:18', '2026-01-14 09:34:18'),
(10, 'COMPLETED', 'Completed', 'Filing process is fully completed and closed.', 10, 1, '2026-01-14 09:34:18', '2026-01-14 09:34:18'),
(11, 'WITHDRAWN', 'Withdrawn', 'Filing has been withdrawn by the submitting party.', 11, 1, '2026-01-14 09:34:18', '2026-01-14 09:34:18'),
(12, 'ON_HOLD', 'On Hold', 'Filing is temporarily on hold pending additional information.', 12, 0, '2026-01-14 09:34:18', '2026-01-14 09:34:18'),
(13, 'ESCALATED', 'Escalated', 'Filing has been escalated for urgent attention or higher authority.', 13, 0, '2026-01-14 09:34:18', '2026-01-14 09:34:18'),
(14, 'CANCELLED', 'Cancelled', 'Filing has been cancelled and will not proceed further.', 14, 1, '2026-01-14 09:34:18', '2026-01-14 09:34:18'),
(15, 'ARCHIVED', 'Archived', 'Filing has been archived for record-keeping purposes.', 15, 1, '2026-01-14 09:34:18', '2026-01-14 09:34:18');

-- --------------------------------------------------------

--
-- Table structure for table `court_filing_types`
--

CREATE TABLE IF NOT EXISTS `court_filing_types` (
  `filing_type_id` bigint UNSIGNED NOT NULL AUTO_INCREMENT,
  `filing_type_name` varchar(100) COLLATE utf8mb4_unicode_ci NOT NULL,
  `description` text COLLATE utf8mb4_unicode_ci,
  `created_at` timestamp NULL DEFAULT CURRENT_TIMESTAMP,
  `updated_at` timestamp NULL DEFAULT NULL,
  PRIMARY KEY (`filing_type_id`),
  UNIQUE KEY `filing_type_name` (`filing_type_name`)
) ENGINE=MyISAM AUTO_INCREMENT=21 DEFAULT CHARSET=utf8mb4 COLLATE=utf8mb4_unicode_ci;

--
-- Dumping data for table `court_filing_types`
--

INSERT INTO `court_filing_types` (`filing_type_id`, `filing_type_name`, `description`, `created_at`, `updated_at`) VALUES
(1, 'Summons', 'Formal initiating process in a civil action calling upon the defendant to respond.', '2026-01-14 09:27:05', '2026-01-14 09:27:05'),
(2, 'Declaration / Particulars of Claim', 'Document setting out the factual and legal basis of the plaintiff’s claim.', '2026-01-14 09:27:05', '2026-01-14 09:27:05'),
(3, 'Notice of Appearance to Defend', 'Notice filed by a defendant indicating intention to oppose the claim.', '2026-01-14 09:27:05', '2026-01-14 09:27:05'),
(4, 'Plea', 'Defendant’s substantive response to the plaintiff’s claim.', '2026-01-14 09:27:05', '2026-01-14 09:27:05'),
(5, 'Replication', 'Plaintiff’s reply to new matters raised in the plea.', '2026-01-14 09:27:05', '2026-01-14 09:27:05'),
(6, 'Application', 'Proceedings initiated by affidavit seeking specific relief from the court.', '2026-01-14 09:27:05', '2026-01-14 09:27:05'),
(7, 'Founding Affidavit', 'Primary affidavit supporting an application and setting out material facts.', '2026-01-14 09:27:05', '2026-01-14 09:27:05'),
(8, 'Opposing Affidavit', 'Affidavit filed in opposition to an application.', '2026-01-14 09:27:05', '2026-01-14 09:27:05'),
(9, 'Notice of Motion', 'Document specifying the relief sought and the basis for an application.', '2026-01-14 09:27:05', '2026-01-14 09:27:05'),
(10, 'Heads of Argument', 'Written legal submissions outlining arguments and authorities.', '2026-01-14 09:27:05', '2026-01-14 09:27:05'),
(11, 'Answering Affidavit', 'Affidavit responding to issues raised in an opposing affidavit.', '2026-01-14 09:27:05', '2026-01-14 09:27:05'),
(12, 'Confirmatory Affidavit', 'Affidavit confirming the correctness of statements made by another deponent.', '2026-01-14 09:27:05', '2026-01-14 09:27:05'),
(13, 'Notice of Set Down', 'Notice advising parties of the hearing date and time.', '2026-01-14 09:27:05', '2026-01-14 09:27:05'),
(14, 'Pre-Trial Conference Minute', 'Record of issues agreed and narrowed at a pre-trial conference.', '2026-01-14 09:27:05', '2026-01-14 09:27:05'),
(15, 'Request for Further Particulars', 'Request seeking clarification or additional details of a pleading.', '2026-01-14 09:27:05', '2026-01-14 09:27:05'),
(16, 'Response to Request for Further Particulars', 'Reply providing the requested clarification or details.', '2026-01-14 09:27:05', '2026-01-14 09:27:05'),
(17, 'Subpoena', 'Court-issued document compelling attendance or production of evidence.', '2026-01-14 09:27:05', '2026-01-14 09:27:05'),
(18, 'Notice of Withdrawal', 'Notice indicating withdrawal of a matter or legal practitioner.', '2026-01-14 09:27:05', '2026-01-14 09:27:05'),
(19, 'Consent Paper / Draft Order', 'Document recording agreed terms for endorsement by the court.', '2026-01-14 09:27:05', '2026-01-14 09:27:05'),
(20, 'Bill of Costs', 'Statement detailing legal costs claimed by a party.', '2026-01-14 09:27:05', '2026-01-14 09:27:05');

-- --------------------------------------------------------

--
-- Table structure for table `court_types`
--

CREATE TABLE IF NOT EXISTS `court_types` (
  `court_type_id` bigint UNSIGNED NOT NULL AUTO_INCREMENT,
  `type_name` varchar(100) NOT NULL,
  `description` text,
  `created_at` timestamp NULL DEFAULT CURRENT_TIMESTAMP,
  `updated_at` timestamp NULL DEFAULT CURRENT_TIMESTAMP ON UPDATE CURRENT_TIMESTAMP,
  PRIMARY KEY (`court_type_id`),
  UNIQUE KEY `type_name` (`type_name`)
) ENGINE=MyISAM AUTO_INCREMENT=11 DEFAULT CHARSET=utf8mb4 COLLATE=utf8mb4_0900_ai_ci;

--
-- Dumping data for table `court_types`
--

INSERT INTO `court_types` (`court_type_id`, `type_name`, `description`, `created_at`, `updated_at`) VALUES
(1, 'Magistrates Court', 'Handles minor criminal and civil matters', '2026-01-28 15:31:22', '2026-01-28 15:31:22'),
(2, 'High Court', 'Handles serious criminal cases and major civil disputes', '2026-01-28 15:31:22', '2026-01-28 15:31:22'),
(3, 'Supreme Court', 'Final court of appeal in Zimbabwe', '2026-01-28 15:31:22', '2026-01-28 15:31:22'),
(4, 'Constitutional Court', 'Interprets and enforces the Constitution', '2026-01-28 15:31:22', '2026-01-28 15:31:22'),
(5, 'Labour Court', 'Handles labour and employment disputes', '2026-01-28 15:31:22', '2026-01-28 15:31:22'),
(6, 'Administrative Court', 'Deals with administrative and electoral matters', '2026-01-28 15:31:22', '2026-01-28 15:31:22'),
(7, 'Family Court', 'Handles family law matters including divorce and custody', '2026-01-28 15:31:22', '2026-01-28 15:31:22'),
(8, 'Juvenile Court', 'Handles cases involving minors', '2026-01-28 15:31:22', '2026-01-28 15:31:22'),
(9, 'Commercial Court', 'Handles commercial and business disputes', '2026-01-28 15:31:22', '2026-01-28 15:31:22'),
(10, 'Small Claims Court', 'Handles low-value civil claims', '2026-01-28 15:31:22', '2026-01-28 15:31:22');

-- --------------------------------------------------------

--
-- Table structure for table `currencies`
--

CREATE TABLE IF NOT EXISTS `currencies` (
  `currency_id` bigint UNSIGNED NOT NULL AUTO_INCREMENT,
  `currency_code` varchar(10) COLLATE utf8mb4_unicode_ci NOT NULL,
  `currency_name` varchar(100) COLLATE utf8mb4_unicode_ci NOT NULL,
  `symbol` varchar(10) COLLATE utf8mb4_unicode_ci DEFAULT NULL,
  `country` varchar(100) COLLATE utf8mb4_unicode_ci DEFAULT NULL,
  `is_active` tinyint(1) DEFAULT '1',
  `created_at` timestamp NULL DEFAULT CURRENT_TIMESTAMP,
  `updated_at` timestamp NULL DEFAULT CURRENT_TIMESTAMP ON UPDATE CURRENT_TIMESTAMP,
  PRIMARY KEY (`currency_id`),
  UNIQUE KEY `currency_code` (`currency_code`)
) ENGINE=MyISAM AUTO_INCREMENT=4 DEFAULT CHARSET=utf8mb4 COLLATE=utf8mb4_unicode_ci;

--
-- Dumping data for table `currencies`
--

INSERT INTO `currencies` (`currency_id`, `currency_code`, `currency_name`, `symbol`, `country`, `is_active`, `created_at`, `updated_at`) VALUES
(1, 'CUR001', 'United States Dollar', 'USD', 'United States of America', 1, '2026-01-05 07:03:06', '2026-01-05 07:03:06'),
(2, 'CUR002', 'Zimbabwe Gold', 'ZWG', 'Zimbabwe', 1, '2026-01-05 07:03:39', '2026-01-05 07:03:39'),
(3, 'CUR003', 'South African Rand', 'ZAR', 'South Africa', 1, '2026-01-05 07:04:19', '2026-01-05 07:04:19');

-- --------------------------------------------------------

--
-- Table structure for table `currency_rates`
--

CREATE TABLE IF NOT EXISTS `currency_rates` (
  `rate_id` bigint UNSIGNED NOT NULL AUTO_INCREMENT,
  `base_currency_id` bigint UNSIGNED NOT NULL,
  `target_currency_id` bigint UNSIGNED NOT NULL,
  `rate_date` date DEFAULT NULL,
  `exchange_rate` decimal(18,6) NOT NULL,
  `source` varchar(100) COLLATE utf8mb4_unicode_ci DEFAULT NULL,
  `created_at` timestamp NULL DEFAULT CURRENT_TIMESTAMP,
  `updated_at` timestamp NULL DEFAULT CURRENT_TIMESTAMP ON UPDATE CURRENT_TIMESTAMP,
  PRIMARY KEY (`rate_id`),
  UNIQUE KEY `unique_currency_rate` (`base_currency_id`,`target_currency_id`,`rate_date`),
  KEY `target_currency_id` (`target_currency_id`)
) ENGINE=MyISAM AUTO_INCREMENT=2 DEFAULT CHARSET=utf8mb4 COLLATE=utf8mb4_unicode_ci;

--
-- Dumping data for table `currency_rates`
--

INSERT INTO `currency_rates` (`rate_id`, `base_currency_id`, `target_currency_id`, `rate_date`, `exchange_rate`, `source`, `created_at`, `updated_at`) VALUES
(1, 2, 1, '2026-01-05', 30.000000, 'RBZ', '2026-01-05 07:04:50', '2026-01-05 07:04:50');

-- --------------------------------------------------------

--
-- Table structure for table `departments`
--

CREATE TABLE IF NOT EXISTS `departments` (
  `department_id` bigint UNSIGNED NOT NULL AUTO_INCREMENT,
  `department_code` varchar(50) COLLATE utf8mb4_unicode_ci NOT NULL,
  `department_name` varchar(100) COLLATE utf8mb4_unicode_ci NOT NULL,
  `description` text COLLATE utf8mb4_unicode_ci,
  `created_at` timestamp NULL DEFAULT CURRENT_TIMESTAMP,
  PRIMARY KEY (`department_id`),
  UNIQUE KEY `department_code` (`department_code`)
) ENGINE=MyISAM DEFAULT CHARSET=utf8mb4 COLLATE=utf8mb4_unicode_ci;

-- --------------------------------------------------------

--
-- Table structure for table `diary_entries`
--

CREATE TABLE IF NOT EXISTS `diary_entries` (
  `diary_id` bigint UNSIGNED NOT NULL AUTO_INCREMENT,
  `assignment_id` bigint UNSIGNED DEFAULT NULL,
  `date_time` datetime NOT NULL,
  `task_title` varchar(191) COLLATE utf8mb4_unicode_ci NOT NULL,
  `client_case` varchar(191) COLLATE utf8mb4_unicode_ci DEFAULT NULL,
  `task_type` enum('meeting','court-filing','draft-review','call','follow-up','internal-task','other') COLLATE utf8mb4_unicode_ci NOT NULL,
  `priority` enum('low','medium','high') COLLATE utf8mb4_unicode_ci NOT NULL,
  `status` enum('pending','in-progress','completed','deferred') COLLATE utf8mb4_unicode_ci DEFAULT 'pending',
  `location` enum('office','courtroom','online-meeting','phone-call','other') COLLATE utf8mb4_unicode_ci DEFAULT NULL,
  `duration` varchar(50) COLLATE utf8mb4_unicode_ci DEFAULT NULL,
  `notes` text COLLATE utf8mb4_unicode_ci,
  `created_at` timestamp NULL DEFAULT CURRENT_TIMESTAMP,
  `updated_at` timestamp NULL DEFAULT CURRENT_TIMESTAMP ON UPDATE CURRENT_TIMESTAMP,
  PRIMARY KEY (`diary_id`),
  KEY `assignment_id` (`assignment_id`)
) ENGINE=MyISAM DEFAULT CHARSET=utf8mb4 COLLATE=utf8mb4_unicode_ci;

-- --------------------------------------------------------

--
-- Table structure for table `features`
--

CREATE TABLE IF NOT EXISTS `features` (
  `feature_id` bigint UNSIGNED NOT NULL AUTO_INCREMENT,
  `submodule_id` bigint UNSIGNED NOT NULL,
  `feature_name` varchar(150) COLLATE utf8mb4_unicode_ci NOT NULL,
  `description` text COLLATE utf8mb4_unicode_ci,
  PRIMARY KEY (`feature_id`),
  KEY `submodule_id` (`submodule_id`)
) ENGINE=MyISAM DEFAULT CHARSET=utf8mb4 COLLATE=utf8mb4_unicode_ci;

-- --------------------------------------------------------

--
-- Table structure for table `filing_responsible_lawyers`
--

CREATE TABLE IF NOT EXISTS `filing_responsible_lawyers` (
  `filing_lawyer_id` bigint UNSIGNED NOT NULL AUTO_INCREMENT,
  `filing_id` bigint UNSIGNED NOT NULL,
  `lawyer_id` varchar(20) COLLATE utf8mb4_unicode_ci NOT NULL,
  `role_in_filing` varchar(100) COLLATE utf8mb4_unicode_ci NOT NULL,
  `notes` text COLLATE utf8mb4_unicode_ci,
  `assigned_date` date DEFAULT NULL,
  PRIMARY KEY (`filing_lawyer_id`),
  UNIQUE KEY `unique_filing_lawyer` (`filing_id`,`lawyer_id`),
  KEY `lawyer_id` (`lawyer_id`)
) ENGINE=MyISAM DEFAULT CHARSET=utf8mb4 COLLATE=utf8mb4_unicode_ci;

-- --------------------------------------------------------

--
-- Table structure for table `general_journals`
--

CREATE TABLE IF NOT EXISTS `general_journals` (
  `id` int NOT NULL AUTO_INCREMENT,
  `account` varchar(100) COLLATE utf8mb4_unicode_ci NOT NULL,
  `date` date NOT NULL,
  `narration` text COLLATE utf8mb4_unicode_ci,
  `transaction_code` varchar(50) COLLATE utf8mb4_unicode_ci NOT NULL,
  `currency` varchar(3) COLLATE utf8mb4_unicode_ci DEFAULT 'USD',
  `amount` decimal(15,2) NOT NULL,
  `status` enum('pending','approved','rejected','reversed') COLLATE utf8mb4_unicode_ci DEFAULT 'pending',
  `created_at` timestamp NULL DEFAULT CURRENT_TIMESTAMP,
  `updated_at` timestamp NULL DEFAULT CURRENT_TIMESTAMP ON UPDATE CURRENT_TIMESTAMP,
  PRIMARY KEY (`id`),
  UNIQUE KEY `transaction_code` (`transaction_code`)
) ENGINE=MyISAM DEFAULT CHARSET=utf8mb4 COLLATE=utf8mb4_unicode_ci;

-- --------------------------------------------------------

--
-- Table structure for table `general_ledger_accounts`
--

CREATE TABLE IF NOT EXISTS `general_ledger_accounts` (
  `account_id` bigint UNSIGNED NOT NULL AUTO_INCREMENT,
  `parent_id` bigint UNSIGNED DEFAULT NULL,
  `code` varchar(191) COLLATE utf8mb4_unicode_ci NOT NULL,
  `name` varchar(150) COLLATE utf8mb4_unicode_ci NOT NULL,
  `financial_category` varchar(100) COLLATE utf8mb4_unicode_ci DEFAULT NULL,
  `account_type_id` bigint UNSIGNED NOT NULL,
  `department_code` varchar(50) COLLATE utf8mb4_unicode_ci DEFAULT NULL,
  `has_subaccounts` tinyint(1) DEFAULT '0',
  `created_at` timestamp NULL DEFAULT CURRENT_TIMESTAMP,
  `updated_at` timestamp NULL DEFAULT CURRENT_TIMESTAMP ON UPDATE CURRENT_TIMESTAMP,
  PRIMARY KEY (`account_id`),
  UNIQUE KEY `code` (`code`),
  KEY `general_ledger_accounts_parent_id_foreign` (`parent_id`),
  KEY `account_type_id` (`account_type_id`),
  KEY `department_code` (`department_code`)
) ENGINE=MyISAM DEFAULT CHARSET=utf8mb4 COLLATE=utf8mb4_unicode_ci;

-- --------------------------------------------------------

--
-- Table structure for table `group_calls`
--

CREATE TABLE IF NOT EXISTS `group_calls` (
  `call_id` bigint UNSIGNED NOT NULL AUTO_INCREMENT,
  `chat_id` bigint UNSIGNED NOT NULL,
  `initiated_by` bigint UNSIGNED NOT NULL,
  `call_type` enum('audio','video') COLLATE utf8mb4_unicode_ci NOT NULL,
  `status` enum('ongoing','ended','missed') COLLATE utf8mb4_unicode_ci DEFAULT 'ongoing',
  `started_at` timestamp NULL DEFAULT CURRENT_TIMESTAMP,
  `ended_at` timestamp NULL DEFAULT NULL,
  PRIMARY KEY (`call_id`),
  KEY `chat_id` (`chat_id`),
  KEY `initiated_by` (`initiated_by`)
) ENGINE=MyISAM DEFAULT CHARSET=utf8mb4 COLLATE=utf8mb4_unicode_ci;

-- --------------------------------------------------------

--
-- Table structure for table `group_call_participants`
--

CREATE TABLE IF NOT EXISTS `group_call_participants` (
  `id` bigint UNSIGNED NOT NULL AUTO_INCREMENT,
  `call_id` bigint UNSIGNED NOT NULL,
  `user_id` bigint UNSIGNED NOT NULL,
  `join_time` timestamp NULL DEFAULT NULL,
  `leave_time` timestamp NULL DEFAULT NULL,
  `call_status` enum('joined','missed','left') COLLATE utf8mb4_unicode_ci DEFAULT 'missed',
  PRIMARY KEY (`id`),
  KEY `call_id` (`call_id`),
  KEY `user_id` (`user_id`)
) ENGINE=MyISAM DEFAULT CHARSET=utf8mb4 COLLATE=utf8mb4_unicode_ci;

-- --------------------------------------------------------

--
-- Table structure for table `home_currency`
--

CREATE TABLE IF NOT EXISTS `home_currency` (
  `home_currency_id` bigint UNSIGNED NOT NULL AUTO_INCREMENT,
  `currency_id` bigint UNSIGNED NOT NULL,
  `effective_date` date DEFAULT NULL,
  `is_active` tinyint(1) DEFAULT '1',
  `created_at` timestamp NULL DEFAULT CURRENT_TIMESTAMP,
  `updated_at` timestamp NULL DEFAULT NULL ON UPDATE CURRENT_TIMESTAMP,
  PRIMARY KEY (`home_currency_id`),
  KEY `currency_id` (`currency_id`)
) ENGINE=MyISAM AUTO_INCREMENT=2 DEFAULT CHARSET=utf8mb4 COLLATE=utf8mb4_unicode_ci;

--
-- Dumping data for table `home_currency`
--

INSERT INTO `home_currency` (`home_currency_id`, `currency_id`, `effective_date`, `is_active`, `created_at`, `updated_at`) VALUES
(1, 1, '2026-01-27', 1, '2026-01-05 07:04:25', '2026-01-27 11:59:03');

-- --------------------------------------------------------

--
-- Table structure for table `home_currency_history`
--

CREATE TABLE IF NOT EXISTS `home_currency_history` (
  `history_id` bigint UNSIGNED NOT NULL AUTO_INCREMENT,
  `currency_id` bigint UNSIGNED NOT NULL,
  `effective_date` date DEFAULT NULL,
  `deactivated_date` date DEFAULT NULL,
  `changed_by` bigint UNSIGNED DEFAULT NULL,
  `created_at` timestamp NULL DEFAULT CURRENT_TIMESTAMP,
  PRIMARY KEY (`history_id`),
  KEY `currency_id` (`currency_id`)
) ENGINE=MyISAM AUTO_INCREMENT=2 DEFAULT CHARSET=utf8mb4 COLLATE=utf8mb4_unicode_ci;

--
-- Dumping data for table `home_currency_history`
--

INSERT INTO `home_currency_history` (`history_id`, `currency_id`, `effective_date`, `deactivated_date`, `changed_by`, `created_at`) VALUES
(1, 2, '2026-01-05', '2026-01-27', 1, '2026-01-27 13:59:03');

-- --------------------------------------------------------

--
-- Table structure for table `journal_transactions`
--

CREATE TABLE IF NOT EXISTS `journal_transactions` (
  `id` int NOT NULL AUTO_INCREMENT,
  `transaction_code` varchar(50) COLLATE utf8mb4_unicode_ci NOT NULL,
  `journal_type` enum('general','client','supplier') COLLATE utf8mb4_unicode_ci NOT NULL,
  `journal_id` int NOT NULL,
  `date` date NOT NULL,
  `amount` decimal(15,2) NOT NULL,
  `status` enum('pending','approved','rejected','reversed') COLLATE utf8mb4_unicode_ci DEFAULT 'pending',
  `created_at` timestamp NULL DEFAULT CURRENT_TIMESTAMP,
  `updated_at` timestamp NULL DEFAULT CURRENT_TIMESTAMP,
  PRIMARY KEY (`id`),
  UNIQUE KEY `transaction_code` (`transaction_code`),
  KEY `idx_journal_type` (`journal_type`,`journal_id`),
  KEY `idx_transaction_code` (`transaction_code`)
) ENGINE=MyISAM DEFAULT CHARSET=utf8mb4 COLLATE=utf8mb4_unicode_ci;

-- --------------------------------------------------------

--
-- Table structure for table `judgements`
--

CREATE TABLE IF NOT EXISTS `judgements` (
  `judgement_id` bigint UNSIGNED NOT NULL AUTO_INCREMENT,
  `judgement_code` varchar(20) COLLATE utf8mb4_unicode_ci NOT NULL,
  `title` varchar(150) COLLATE utf8mb4_unicode_ci NOT NULL,
  `description` text COLLATE utf8mb4_unicode_ci,
  `created_at` timestamp NULL DEFAULT CURRENT_TIMESTAMP,
  `updated_at` timestamp NULL DEFAULT CURRENT_TIMESTAMP ON UPDATE CURRENT_TIMESTAMP,
  PRIMARY KEY (`judgement_id`),
  UNIQUE KEY `judgement_code` (`judgement_code`)
) ENGINE=MyISAM AUTO_INCREMENT=11 DEFAULT CHARSET=utf8mb4 COLLATE=utf8mb4_unicode_ci;

--
-- Dumping data for table `judgements`
--

INSERT INTO `judgements` (`judgement_id`, `judgement_code`, `title`, `description`, `created_at`, `updated_at`) VALUES
(1, 'JDG-FIN', 'Final Judgment', 'Conclusive determination of the case on its merits', '2026-01-28 15:36:03', '2026-01-28 15:36:03'),
(2, 'JDG-INT', 'Interlocutory Judgment', 'Decision on an interim matter before final resolution', '2026-01-28 15:36:03', '2026-01-28 15:36:03'),
(3, 'JDG-DEF', 'Default Judgment', 'Judgment entered due to failure of a party to appear or respond', '2026-01-28 15:36:03', '2026-01-28 15:36:03'),
(4, 'JDG-SUM', 'Summary Judgment', 'Judgment given where no triable issues of fact exist', '2026-01-28 15:36:03', '2026-01-28 15:36:03'),
(5, 'JDG-CON', 'Consent Judgment', 'Judgment entered with agreement of all parties', '2026-01-28 15:36:03', '2026-01-28 15:36:03'),
(6, 'JDG-DEC', 'Declaratory Judgment', 'Judgment declaring rights without awarding damages', '2026-01-28 15:36:03', '2026-01-28 15:36:03'),
(7, 'JDG-MAN', 'Mandatory Order', 'Judgment compelling a party to perform a specific act', '2026-01-28 15:36:03', '2026-01-28 15:36:03'),
(8, 'JDG-PRO', 'Prohibitory Order', 'Judgment restraining a party from certain actions', '2026-01-28 15:36:03', '2026-01-28 15:36:03'),
(9, 'JDG-COS', 'Costs Order', 'Judgment determining liability for legal costs', '2026-01-28 15:36:03', '2026-01-28 15:36:03'),
(10, 'JDG-DIS', 'Dismissal Judgment', 'Judgment dismissing a case or application', '2026-01-28 15:36:03', '2026-01-28 15:36:03');

-- --------------------------------------------------------

--
-- Table structure for table `judges`
--

CREATE TABLE IF NOT EXISTS `judges` (
  `judge_id` bigint UNSIGNED NOT NULL AUTO_INCREMENT,
  `judge_code` varchar(20) COLLATE utf8mb4_unicode_ci NOT NULL,
  `full_name` varchar(150) COLLATE utf8mb4_unicode_ci NOT NULL,
  `court_area_code` varchar(20) COLLATE utf8mb4_unicode_ci DEFAULT NULL,
  `court_type_name` varchar(100) COLLATE utf8mb4_unicode_ci DEFAULT NULL,
  `contact` varchar(50) COLLATE utf8mb4_unicode_ci DEFAULT NULL,
  `email` varchar(191) COLLATE utf8mb4_unicode_ci DEFAULT NULL,
  `status` varchar(20) COLLATE utf8mb4_unicode_ci DEFAULT 'Active',
  `created_at` timestamp NULL DEFAULT CURRENT_TIMESTAMP,
  `updated_at` timestamp NULL DEFAULT CURRENT_TIMESTAMP ON UPDATE CURRENT_TIMESTAMP,
  `notes` text COLLATE utf8mb4_unicode_ci,
  `is_active` tinyint(1) DEFAULT '1',
  PRIMARY KEY (`judge_id`),
  UNIQUE KEY `judge_code` (`judge_code`),
  KEY `court_area_code` (`court_area_code`),
  KEY `court_type_name` (`court_type_name`)
) ENGINE=MyISAM AUTO_INCREMENT=11 DEFAULT CHARSET=utf8mb4 COLLATE=utf8mb4_unicode_ci;

--
-- Dumping data for table `judges`
--

INSERT INTO `judges` (`judge_id`, `judge_code`, `full_name`, `court_area_code`, `court_type_name`, `contact`, `email`, `status`, `created_at`, `updated_at`, `notes`, `is_active`) VALUES
(1, 'JDG-001', 'Justice Tendai Moyo', 'CA-HHC', 'High Court', '+263771234001', 'tendai.moyo@judiciary.co.zw', 'Active', '2026-01-28 15:37:50', '2026-01-28 15:37:50', 'Senior High Court Judge', 1),
(2, 'JDG-002', 'Justice Nomsa Dube', 'CA-BHC', 'High Court', '+263771234002', 'nomsa.dube@judiciary.co.zw', 'Active', '2026-01-28 15:37:50', '2026-01-28 15:37:50', 'Experienced in criminal law', 1),
(3, 'JDG-003', 'Justice Farai Chikore', 'CA-HRE', 'Magistrates Court', '+263771234003', 'farai.chikore@judiciary.co.zw', 'Active', '2026-01-28 15:37:50', '2026-01-28 15:37:50', 'Handles civil matters', 1),
(4, 'JDG-004', 'Justice Tapiwa Nyathi', 'CA-GWE', 'Magistrates Court', '+263771234004', 'tapiwa.nyathi@judiciary.co.zw', 'Active', '2026-01-28 15:37:50', '2026-01-28 15:37:50', 'Midlands Province', 1),
(5, 'JDG-005', 'Justice Rudo Mapfumo', 'CA-MUT', 'Magistrates Court', '+263771234005', 'rudo.mapfumo@judiciary.co.zw', 'On Leave', '2026-01-28 15:37:50', '2026-01-28 15:37:50', 'Currently on study leave', 1),
(6, 'JDG-006', 'Justice Blessing Hove', 'CA-BYO', 'Magistrates Court', '+263771234006', 'blessing.hove@judiciary.co.zw', 'Active', '2026-01-28 15:37:50', '2026-01-28 15:37:50', 'Commercial disputes focus', 1),
(7, 'JDG-007', 'Justice Wellington Ncube', 'CA-MAS', 'Magistrates Court', '+263771234007', 'wellington.ncube@judiciary.co.zw', 'Active', '2026-01-28 15:37:50', '2026-01-28 15:37:50', 'Southern circuit', 1),
(8, 'JDG-008', 'Justice Chipo Katsande', 'CA-CHI', 'Magistrates Court', '+263771234008', 'chipo.katsande@judiciary.co.zw', 'Suspended', '2026-01-28 15:37:50', '2026-01-28 15:37:50', 'Under administrative review', 0),
(9, 'JDG-009', 'Justice Tawanda Muzenda', 'CA-MAR', 'Magistrates Court', '+263771234009', 'tawanda.muzenda@judiciary.co.zw', 'Active', '2026-01-28 15:37:50', '2026-01-28 15:37:50', 'Land dispute specialist', 1),
(10, 'JDG-010', 'Justice Nkosana Sibanda', 'CA-VIC', 'Magistrates Court', '+263771234010', 'nkosana.sibanda@judiciary.co.zw', 'Active', '2026-01-28 15:37:50', '2026-01-28 15:37:50', 'Matabeleland North circuit', 1);

-- --------------------------------------------------------

--
-- Table structure for table `lawyers`
--

CREATE TABLE IF NOT EXISTS `lawyers` (
  `lawyer_id` varchar(20) COLLATE utf8mb4_unicode_ci NOT NULL,
  `first_name` varchar(100) COLLATE utf8mb4_unicode_ci NOT NULL,
  `last_name` varchar(100) COLLATE utf8mb4_unicode_ci NOT NULL,
  `email` varchar(191) COLLATE utf8mb4_unicode_ci NOT NULL,
  `phone_primary` varchar(20) COLLATE utf8mb4_unicode_ci NOT NULL,
  `phone_secondary` varchar(20) COLLATE utf8mb4_unicode_ci DEFAULT NULL,
  `lawyer_group` varchar(100) COLLATE utf8mb4_unicode_ci DEFAULT NULL,
  `certificate_number` varchar(191) COLLATE utf8mb4_unicode_ci DEFAULT NULL,
  `date_of_admission` date DEFAULT NULL,
  `status` varchar(20) COLLATE utf8mb4_unicode_ci DEFAULT 'Active',
  `lawyer_type` varchar(50) COLLATE utf8mb4_unicode_ci DEFAULT NULL,
  `lawyer_tier` varchar(50) COLLATE utf8mb4_unicode_ci DEFAULT NULL,
  `notes` text COLLATE utf8mb4_unicode_ci,
  `created_at` timestamp NULL DEFAULT CURRENT_TIMESTAMP,
  `updated_at` timestamp NULL DEFAULT CURRENT_TIMESTAMP ON UPDATE CURRENT_TIMESTAMP,
  `tier_id` int DEFAULT NULL,
  PRIMARY KEY (`lawyer_id`),
  UNIQUE KEY `email` (`email`),
  KEY `fk_lawyer_tier` (`tier_id`)
) ENGINE=MyISAM DEFAULT CHARSET=utf8mb4 COLLATE=utf8mb4_unicode_ci;

--
-- Dumping data for table `lawyers`
--

INSERT INTO `lawyers` (`lawyer_id`, `first_name`, `last_name`, `email`, `phone_primary`, `phone_secondary`, `lawyer_group`, `certificate_number`, `date_of_admission`, `status`, `lawyer_type`, `lawyer_tier`, `notes`, `created_at`, `updated_at`, `tier_id`) VALUES
('1', 'Alice', 'Moyo', 'alice.moyo@wayne.enterprises.com', '+263772000001', '+263772000101', 'Civil Law', 'CERT001', '2018-05-15', 'ACTIVE', 'Contract Lawyer', 'Junior Associate', 'Specializes in commercial contracts', '2026-01-05 15:06:25', '2026-01-05 15:06:25', 1),
('2', 'Brian', 'Chikore', 'brian.chikore@wayne.enterprises.com', '+263772000002', '+263772000102', 'Family Law', 'CERT002', '2016-08-20', 'ACTIVE', 'Divorce Lawyer', 'Associate', 'Handles divorce and custody cases', '2026-01-05 15:06:25', '2026-01-05 15:06:25', 2),
('3', 'Clara', 'Mabhena', 'clara.mabhena@wayne.enterprises.com', '+263772000003', '+263772000103', 'Criminal Law', 'CERT003', '2012-11-30', 'ACTIVE', 'Criminal Defence Lawyer', 'Senior Associate', 'Experienced in criminal litigation', '2026-01-05 15:06:25', '2026-01-05 15:06:25', 3),
('L200861', 'Tadiwa', 'Gwena', 'tadiwagwena@gmail.com', '0777367773', NULL, '12', NULL, NULL, 'Active', 'Mining Rights Lawyer', NULL, NULL, '2026-01-06 07:36:48', '2026-01-06 08:01:53', NULL),
('L940147', 'ash', 'Gwena', 'lol@lol.com', '00000000', NULL, NULL, NULL, NULL, 'Active', 'Tax Advisory Lawyer', NULL, NULL, '2026-01-06 07:49:45', '2026-01-06 07:54:49', NULL);

-- --------------------------------------------------------

--
-- Table structure for table `lawyer_groups`
--

CREATE TABLE IF NOT EXISTS `lawyer_groups` (
  `group_id` bigint UNSIGNED NOT NULL AUTO_INCREMENT,
  `group_name` varchar(100) COLLATE utf8mb4_unicode_ci NOT NULL,
  `created_at` timestamp NULL DEFAULT CURRENT_TIMESTAMP,
  `updated_at` timestamp NULL DEFAULT NULL,
  PRIMARY KEY (`group_id`),
  UNIQUE KEY `group_name` (`group_name`)
) ENGINE=MyISAM AUTO_INCREMENT=23 DEFAULT CHARSET=utf8mb4 COLLATE=utf8mb4_unicode_ci;

--
-- Dumping data for table `lawyer_groups`
--

INSERT INTO `lawyer_groups` (`group_id`, `group_name`, `created_at`, `updated_at`) VALUES
(1, 'Civil Law', '2026-01-05 13:04:07', '2026-01-05 13:04:07'),
(2, 'Criminal Law', '2026-01-05 13:04:07', '2026-01-05 13:04:07'),
(3, 'Family Law', '2026-01-05 13:04:07', '2026-01-05 13:04:07'),
(4, 'Commercial / Corporate Law', '2026-01-05 13:04:07', '2026-01-05 13:04:07'),
(5, 'Property & Conveyancing Law', '2026-01-05 13:04:07', '2026-01-05 13:04:07'),
(6, 'Labour & Employment Law', '2026-01-05 13:04:07', '2026-01-05 13:04:07'),
(7, 'Constitutional Law', '2026-01-05 13:04:07', '2026-01-05 13:04:07'),
(8, 'Administrative Law', '2026-01-05 13:04:07', '2026-01-05 13:04:07'),
(9, 'Human Rights Law', '2026-01-05 13:04:07', '2026-01-05 13:04:07'),
(10, 'Notarial Practice', '2026-01-05 13:04:07', '2026-01-05 13:04:07'),
(11, 'Intellectual Property Law', '2026-01-05 13:04:07', '2026-01-05 13:04:07'),
(12, 'Mining & Energy Law', '2026-01-05 13:04:07', '2026-01-05 13:04:07'),
(13, 'Environmental Law', '2026-01-05 13:04:07', '2026-01-05 13:04:07'),
(14, 'Tax Law', '2026-01-05 13:04:07', '2026-01-05 13:04:07'),
(15, 'Banking & Finance Law', '2026-01-05 13:04:07', '2026-01-05 13:04:07'),
(16, 'Insolvency Law', '2026-01-05 13:04:07', '2026-01-05 13:04:07'),
(17, 'Insurance Law', '2026-01-05 13:04:07', '2026-01-05 13:04:07'),
(18, 'Estate Planning & Deceased Estates', '2026-01-05 13:04:07', '2026-01-05 13:04:07'),
(19, 'Immigration Law', '2026-01-05 13:04:07', '2026-01-05 13:04:07'),
(20, 'International Law', '2026-01-05 13:04:07', '2026-01-05 13:04:07'),
(21, 'Arbitration & ADR', '2026-01-05 13:04:07', '2026-01-05 13:04:07'),
(22, 'Technology & Cyber Law', '2026-01-05 13:04:07', '2026-01-05 13:04:07');

-- --------------------------------------------------------

--
-- Table structure for table `lawyer_roles`
--

CREATE TABLE IF NOT EXISTS `lawyer_roles` (
  `lawyer_role_id` int UNSIGNED NOT NULL AUTO_INCREMENT,
  `code` varchar(50) COLLATE utf8mb4_unicode_ci NOT NULL,
  `name` varchar(100) COLLATE utf8mb4_unicode_ci NOT NULL,
  `description` text COLLATE utf8mb4_unicode_ci,
  `side` enum('plaintiff','defendant','prosecution','defense','neutral') COLLATE utf8mb4_unicode_ci NOT NULL DEFAULT 'neutral',
  `is_primary` tinyint(1) NOT NULL DEFAULT '0',
  `requires_bar_status` tinyint(1) NOT NULL DEFAULT '1',
  `jurisdiction_scope` enum('US','UK','GLOBAL') COLLATE utf8mb4_unicode_ci NOT NULL DEFAULT 'GLOBAL',
  `is_active` tinyint(1) NOT NULL DEFAULT '1',
  `sort_order` int UNSIGNED DEFAULT NULL,
  `created_at` timestamp NOT NULL DEFAULT CURRENT_TIMESTAMP,
  `updated_at` timestamp NOT NULL DEFAULT CURRENT_TIMESTAMP ON UPDATE CURRENT_TIMESTAMP,
  PRIMARY KEY (`lawyer_role_id`),
  UNIQUE KEY `code` (`code`)
) ENGINE=InnoDB AUTO_INCREMENT=11 DEFAULT CHARSET=utf8mb4 COLLATE=utf8mb4_unicode_ci;

--
-- Dumping data for table `lawyer_roles`
--

INSERT INTO `lawyer_roles` (`lawyer_role_id`, `code`, `name`, `description`, `side`, `is_primary`, `requires_bar_status`, `jurisdiction_scope`, `is_active`, `sort_order`, `created_at`, `updated_at`) VALUES
(1, 'lead_counsel', 'Lead Counsel', 'Primary attorney representing the party.', 'plaintiff', 1, 1, 'GLOBAL', 1, 1, '2026-01-29 13:05:00', '2026-01-29 11:22:29'),
(2, 'co_counsel', 'Co-Counsel', 'Secondary attorney assisting lead counsel.', 'defense', 0, 1, 'GLOBAL', 1, 2, '2026-01-29 13:05:00', '2026-01-29 13:05:00'),
(3, 'prosecutor', 'Prosecuting Counsel', 'Attorney representing the state in criminal cases.', 'prosecution', 1, 1, 'GLOBAL', 1, 3, '2026-01-29 13:05:00', '2026-01-29 13:05:00'),
(4, 'defense_attorney', 'Defense Attorney', 'Attorney representing the defendant in criminal cases.', 'defense', 1, 1, 'GLOBAL', 1, 4, '2026-01-29 13:05:00', '2026-01-29 13:05:00'),
(5, 'plaintiff_counsel', 'Plaintiff Counsel', 'Attorney representing the plaintiff in civil cases.', 'plaintiff', 1, 1, 'GLOBAL', 1, 5, '2026-01-29 13:05:00', '2026-01-29 13:05:00'),
(6, 'respondent_counsel', 'Respondent Counsel', 'Attorney representing the respondent/defendant in civil cases.', 'defendant', 1, 1, 'GLOBAL', 1, 6, '2026-01-29 13:05:00', '2026-01-29 13:05:00'),
(7, 'amicus_counsel', 'Amicus Curiae', 'Neutral counsel providing expertise without representing a party.', 'neutral', 0, 1, 'GLOBAL', 1, 7, '2026-01-29 13:05:00', '2026-01-29 13:05:00'),
(8, 'mediator', 'Mediator', 'Neutral third-party facilitating settlement or negotiation.', 'neutral', 0, 0, 'GLOBAL', 1, 8, '2026-01-29 13:05:00', '2026-01-29 13:05:00'),
(9, 'legal_advisor', 'Legal Advisor', 'Provides legal guidance without courtroom representation.', 'neutral', 0, 0, 'GLOBAL', 1, 9, '2026-01-29 13:05:00', '2026-01-29 13:05:00'),
(10, 'junior_counsel', 'Junior Counsel', 'Supports lead or co-counsel; limited independent authority.', 'defense', 0, 1, 'GLOBAL', 1, 10, '2026-01-29 13:05:00', '2026-01-29 13:05:00');

-- --------------------------------------------------------

--
-- Table structure for table `lawyer_tiers`
--

CREATE TABLE IF NOT EXISTS `lawyer_tiers` (
  `tier_id` int NOT NULL AUTO_INCREMENT,
  `tier_name` varchar(50) NOT NULL,
  `description` text,
  `default_hourly_rate` decimal(12,2) DEFAULT NULL,
  `created_at` timestamp NULL DEFAULT CURRENT_TIMESTAMP,
  `updated_at` timestamp NULL DEFAULT CURRENT_TIMESTAMP ON UPDATE CURRENT_TIMESTAMP,
  PRIMARY KEY (`tier_id`),
  UNIQUE KEY `tier_name` (`tier_name`)
) ENGINE=MyISAM AUTO_INCREMENT=6 DEFAULT CHARSET=utf8mb4 COLLATE=utf8mb4_0900_ai_ci;

--
-- Dumping data for table `lawyer_tiers`
--

INSERT INTO `lawyer_tiers` (`tier_id`, `tier_name`, `description`, `default_hourly_rate`, `created_at`, `updated_at`) VALUES
(1, 'Junior Associate', 'Newly admitted lawyer, limited experience', 30.00, '2026-01-05 14:20:50', '2026-01-05 14:20:50'),
(2, 'Associate', 'Mid-level lawyer handling most cases independently', 50.00, '2026-01-05 14:20:50', '2026-01-05 14:20:50'),
(3, 'Senior Associate', 'Experienced lawyer, complex cases', 80.00, '2026-01-05 14:20:50', '2026-01-05 14:20:50'),
(4, 'Partner', 'Law firm partner, strategic and high-profile cases', 120.00, '2026-01-05 14:20:50', '2026-01-05 14:20:50'),
(5, 'Advocate', 'Specialist litigator, courtroom expert', 150.00, '2026-01-05 14:20:50', '2026-01-05 14:20:50');

-- --------------------------------------------------------

--
-- Table structure for table `lawyer_types`
--

CREATE TABLE IF NOT EXISTS `lawyer_types` (
  `type_id` bigint UNSIGNED NOT NULL AUTO_INCREMENT,
  `group_id` bigint UNSIGNED NOT NULL,
  `lawyer_type_name` varchar(150) COLLATE utf8mb4_unicode_ci NOT NULL,
  `created_at` timestamp NULL DEFAULT NULL,
  `updated_at` timestamp NULL DEFAULT NULL,
  PRIMARY KEY (`type_id`),
  KEY `group_id` (`group_id`)
) ENGINE=MyISAM AUTO_INCREMENT=66 DEFAULT CHARSET=utf8mb4 COLLATE=utf8mb4_unicode_ci;

--
-- Dumping data for table `lawyer_types`
--

INSERT INTO `lawyer_types` (`type_id`, `group_id`, `lawyer_type_name`, `created_at`, `updated_at`) VALUES
(1, 1, 'Contract Lawyer', '2026-01-05 13:46:12', '2026-01-05 13:46:12'),
(2, 1, 'Property Disputes Lawyer', '2026-01-05 13:46:12', '2026-01-05 13:46:12'),
(3, 1, 'Debt Collection Lawyer', '2026-01-05 13:46:12', '2026-01-05 13:46:12'),
(4, 1, 'Personal Injury Lawyer', '2026-01-05 13:46:12', '2026-01-05 13:46:12'),
(5, 1, 'Defamation Lawyer', '2026-01-05 13:46:12', '2026-01-05 13:46:12'),
(6, 2, 'Criminal Defence Lawyer', '2026-01-05 13:46:12', '2026-01-05 13:46:12'),
(7, 2, 'State Prosecutor', '2026-01-05 13:46:12', '2026-01-05 13:46:12'),
(8, 2, 'White Collar Crime Lawyer', '2026-01-05 13:46:12', '2026-01-05 13:46:12'),
(9, 2, 'Economic Crimes Lawyer', '2026-01-05 13:46:12', '2026-01-05 13:46:12'),
(10, 2, 'Bail & Sentencing Lawyer', '2026-01-05 13:46:12', '2026-01-05 13:46:12'),
(11, 3, 'Divorce Lawyer', '2026-01-05 13:46:12', '2026-01-05 13:46:12'),
(12, 3, 'Child Custody Lawyer', '2026-01-05 13:46:12', '2026-01-05 13:46:12'),
(13, 3, 'Maintenance Lawyer', '2026-01-05 13:46:12', '2026-01-05 13:46:12'),
(14, 3, 'Adoption Lawyer', '2026-01-05 13:46:12', '2026-01-05 13:46:12'),
(15, 3, 'Domestic Violence Lawyer', '2026-01-05 13:46:12', '2026-01-05 13:46:12'),
(16, 4, 'Company Formation Lawyer', '2026-01-05 13:46:12', '2026-01-05 13:46:12'),
(17, 4, 'Corporate Governance Lawyer', '2026-01-05 13:46:12', '2026-01-05 13:46:12'),
(18, 4, 'Mergers & Acquisitions Lawyer', '2026-01-05 13:46:12', '2026-01-05 13:46:12'),
(19, 4, 'Commercial Litigation Lawyer', '2026-01-05 13:46:12', '2026-01-05 13:46:12'),
(20, 4, 'Shareholder Disputes Lawyer', '2026-01-05 13:46:12', '2026-01-05 13:46:12'),
(21, 5, 'Conveyancer', '2026-01-05 13:46:12', '2026-01-05 13:46:12'),
(22, 5, 'Property Transfer Lawyer', '2026-01-05 13:46:12', '2026-01-05 13:46:12'),
(23, 5, 'Mortgage Bond Lawyer', '2026-01-05 13:46:12', '2026-01-05 13:46:12'),
(24, 5, 'Land Development Lawyer', '2026-01-05 13:46:12', '2026-01-05 13:46:12'),
(25, 6, 'Employment Disputes Lawyer', '2026-01-05 13:46:12', '2026-01-05 13:46:12'),
(26, 6, 'Retrenchment Lawyer', '2026-01-05 13:46:12', '2026-01-05 13:46:12'),
(27, 6, 'Labour Arbitration Lawyer', '2026-01-05 13:46:12', '2026-01-05 13:46:12'),
(28, 6, 'Collective Bargaining Lawyer', '2026-01-05 13:46:12', '2026-01-05 13:46:12'),
(29, 7, 'Constitutional Litigation Lawyer', '2026-01-05 13:46:12', '2026-01-05 13:46:12'),
(30, 7, 'Judicial Review Lawyer', '2026-01-05 13:46:12', '2026-01-05 13:46:12'),
(31, 7, 'Electoral Law Lawyer', '2026-01-05 13:46:12', '2026-01-05 13:46:12'),
(32, 8, 'Regulatory Compliance Lawyer', '2026-01-05 13:46:12', '2026-01-05 13:46:12'),
(33, 8, 'Government Decisions Review Lawyer', '2026-01-05 13:46:12', '2026-01-05 13:46:12'),
(34, 9, 'Human Rights Litigation Lawyer', '2026-01-05 13:46:12', '2026-01-05 13:46:12'),
(35, 9, 'Police Abuse Lawyer', '2026-01-05 13:46:12', '2026-01-05 13:46:12'),
(36, 9, 'Media Freedom Lawyer', '2026-01-05 13:46:12', '2026-01-05 13:46:12'),
(37, 10, 'Notary Public', '2026-01-05 13:46:12', '2026-01-05 13:46:12'),
(38, 10, 'Document Authentication Lawyer', '2026-01-05 13:46:12', '2026-01-05 13:46:12'),
(39, 11, 'Trademark Lawyer', '2026-01-05 13:46:12', '2026-01-05 13:46:12'),
(40, 11, 'Copyright Lawyer', '2026-01-05 13:46:12', '2026-01-05 13:46:12'),
(41, 11, 'Patent Lawyer', '2026-01-05 13:46:12', '2026-01-05 13:46:12'),
(42, 12, 'Mining Rights Lawyer', '2026-01-05 13:46:12', '2026-01-05 13:46:12'),
(43, 12, 'Energy Contracts Lawyer', '2026-01-05 13:46:12', '2026-01-05 13:46:12'),
(44, 13, 'Environmental Compliance Lawyer', '2026-01-05 13:46:12', '2026-01-05 13:46:12'),
(45, 13, 'Environmental Litigation Lawyer', '2026-01-05 13:46:12', '2026-01-05 13:46:12'),
(46, 14, 'Tax Advisory Lawyer', '2026-01-05 13:46:12', '2026-01-05 13:46:12'),
(47, 14, 'ZIMRA Disputes Lawyer', '2026-01-05 13:46:12', '2026-01-05 13:46:12'),
(48, 15, 'Banking Compliance Lawyer', '2026-01-05 13:46:12', '2026-01-05 13:46:12'),
(49, 15, 'Loan & Securities Lawyer', '2026-01-05 13:46:12', '2026-01-05 13:46:12'),
(50, 16, 'Liquidation Lawyer', '2026-01-05 13:46:12', '2026-01-05 13:46:12'),
(51, 16, 'Corporate Rescue Lawyer', '2026-01-05 13:46:12', '2026-01-05 13:46:12'),
(52, 17, 'Insurance Claims Lawyer', '2026-01-05 13:46:12', '2026-01-05 13:46:12'),
(53, 17, 'Policy Disputes Lawyer', '2026-01-05 13:46:12', '2026-01-05 13:46:12'),
(54, 18, 'Wills & Trusts Lawyer', '2026-01-05 13:46:12', '2026-01-05 13:46:12'),
(55, 18, 'Executor of Estates', '2026-01-05 13:46:12', '2026-01-05 13:46:12'),
(56, 18, 'Inheritance Disputes Lawyer', '2026-01-05 13:46:12', '2026-01-05 13:46:12'),
(57, 19, 'Work Permit Lawyer', '2026-01-05 13:46:12', '2026-01-05 13:46:12'),
(58, 19, 'Citizenship Lawyer', '2026-01-05 13:46:12', '2026-01-05 13:46:12'),
(59, 20, 'International Arbitration Lawyer', '2026-01-05 13:46:12', '2026-01-05 13:46:12'),
(60, 20, 'Cross-Border Trade Lawyer', '2026-01-05 13:46:12', '2026-01-05 13:46:12'),
(61, 21, 'Arbitrator', '2026-01-05 13:46:12', '2026-01-05 13:46:12'),
(62, 21, 'Mediator', '2026-01-05 13:46:12', '2026-01-05 13:46:12'),
(63, 22, 'Cybercrime Lawyer', '2026-01-05 13:46:12', '2026-01-05 13:46:12'),
(64, 22, 'Data Protection Lawyer', '2026-01-05 13:46:12', '2026-01-05 13:46:12'),
(65, 22, 'E-Commerce Lawyer', '2026-01-05 13:46:12', '2026-01-05 13:46:12');

-- --------------------------------------------------------

--
-- Table structure for table `migrations`
--

CREATE TABLE IF NOT EXISTS `migrations` (
  `id` int UNSIGNED NOT NULL AUTO_INCREMENT,
  `migration` varchar(191) COLLATE utf8mb4_unicode_ci NOT NULL,
  `batch` int NOT NULL,
  PRIMARY KEY (`id`)
) ENGINE=MyISAM AUTO_INCREMENT=82 DEFAULT CHARSET=utf8mb4 COLLATE=utf8mb4_unicode_ci;

--
-- Dumping data for table `migrations`
--

INSERT INTO `migrations` (`id`, `migration`, `batch`) VALUES
(1, '2026_01_01_203350_create_account_types_table', 1),
(2, '2026_01_01_203350_create_assignments_table', 1),
(3, '2026_01_01_203350_create_audit_logs_table', 1),
(4, '2026_01_01_203350_create_cache_store_table', 1),
(5, '2026_01_01_203350_create_cancelled_reasons_table', 1),
(6, '2026_01_01_203350_create_case_categories_table', 1),
(7, '2026_01_01_203350_create_case_lawyers_table', 1),
(8, '2026_01_01_203350_create_case_parties_table', 1),
(9, '2026_01_01_203350_create_case_statuses_table', 1),
(10, '2026_01_01_203350_create_case_types_table', 1),
(11, '2026_01_01_203350_create_cases_table', 1),
(12, '2026_01_01_203350_create_chat_groups_table', 1),
(13, '2026_01_01_203350_create_chat_messages_table', 1),
(14, '2026_01_01_203350_create_chat_participants_table', 1),
(15, '2026_01_01_203350_create_chat_requests_table', 1),
(16, '2026_01_01_203350_create_chat_rooms_table', 1),
(17, '2026_01_01_203350_create_client_categories_table', 1),
(18, '2026_01_01_203350_create_client_journals_table', 1),
(19, '2026_01_01_203350_create_clients_table', 1),
(20, '2026_01_01_203350_create_company_info_table', 1),
(21, '2026_01_01_203350_create_court_areas_table', 1),
(22, '2026_01_01_203350_create_court_filing_statuses_table', 1),
(23, '2026_01_01_203350_create_court_filing_types_table', 1),
(24, '2026_01_01_203350_create_court_filings_table', 1),
(25, '2026_01_01_203350_create_court_types_table', 1),
(26, '2026_01_01_203350_create_currencies_table', 1),
(27, '2026_01_01_203350_create_currency_rates_table', 1),
(28, '2026_01_01_203350_create_departments_table', 1),
(29, '2026_01_01_203350_create_diary_entries_table', 1),
(30, '2026_01_01_203350_create_features_table', 1),
(31, '2026_01_01_203350_create_filing_responsible_lawyers_table', 1),
(32, '2026_01_01_203350_create_general_journals_table', 1),
(33, '2026_01_01_203350_create_general_ledger_accounts_table', 1),
(34, '2026_01_01_203350_create_group_call_participants_table', 1),
(35, '2026_01_01_203350_create_group_calls_table', 1),
(36, '2026_01_01_203350_create_home_currency_history_table', 1),
(37, '2026_01_01_203350_create_home_currency_table', 1),
(38, '2026_01_01_203350_create_journal_transactions_table', 1),
(39, '2026_01_01_203350_create_judgements_table', 1),
(40, '2026_01_01_203350_create_judges_table', 1),
(41, '2026_01_01_203350_create_lawyer_groups_table', 1),
(42, '2026_01_01_203350_create_lawyer_tariffs_table', 1),
(43, '2026_01_01_203350_create_lawyer_types_table', 1),
(44, '2026_01_01_203350_create_lawyers_table', 1),
(45, '2026_01_01_203350_create_modules_table', 1),
(46, '2026_01_01_203350_create_notifications_table', 1),
(47, '2026_01_01_203350_create_password_otps_table', 1),
(48, '2026_01_01_203350_create_password_resets_table', 1),
(49, '2026_01_01_203350_create_permissions_table', 1),
(50, '2026_01_01_203350_create_prompt_conversations_table', 1),
(51, '2026_01_01_203350_create_prompt_messages_table', 1),
(52, '2026_01_01_203350_create_prompt_templates_table', 1),
(53, '2026_01_01_203350_create_prompts_table', 1),
(54, '2026_01_01_203350_create_role_permissions_table', 1),
(55, '2026_01_01_203350_create_subaccounts_table', 1),
(56, '2026_01_01_203350_create_submodules_table', 1),
(57, '2026_01_01_203350_create_supplier_ageing_analysis_table', 1),
(58, '2026_01_01_203350_create_supplier_areas_table', 1),
(59, '2026_01_01_203350_create_supplier_categories_table', 1),
(60, '2026_01_01_203350_create_supplier_journals_table', 1),
(61, '2026_01_01_203350_create_suppliers_table', 1),
(62, '2026_01_01_203350_create_system_settings_categories_table', 1),
(63, '2026_01_01_203350_create_system_settings_history_table', 1),
(64, '2026_01_01_203350_create_system_settings_table', 1),
(65, '2026_01_01_203350_create_taxes_table', 1),
(66, '2026_01_01_203350_create_transactions_table', 1),
(67, '2026_01_01_203350_create_uploaded_chat_files_table', 1),
(68, '2026_01_01_203350_create_user_chat_settings_table', 1),
(69, '2026_01_01_203350_create_user_groups_table', 1),
(70, '2026_01_01_203350_create_user_phones_table', 1),
(71, '2026_01_01_203350_create_user_roles_table', 1),
(72, '2026_01_01_203350_create_user_sessions_table', 1),
(73, '2026_01_01_203350_create_user_tiers_table', 1),
(74, '2026_01_01_203350_create_users_table', 1),
(75, '2026_01_01_203353_add_foreign_keys_to_password_resets_table', 1),
(76, '2026_01_01_203353_add_foreign_keys_to_prompt_conversations_table', 1),
(77, '2026_01_01_203353_add_foreign_keys_to_prompt_messages_table', 1),
(78, '2026_01_01_203353_add_foreign_keys_to_prompt_templates_table', 1),
(79, '2026_01_01_203353_add_foreign_keys_to_prompts_table', 1),
(80, '2026_01_01_204638_create_sessions_table', 1),
(81, '2026_01_03_072509_create_sessions_table', 2);

-- --------------------------------------------------------

--
-- Table structure for table `modules`
--

CREATE TABLE IF NOT EXISTS `modules` (
  `module_id` bigint UNSIGNED NOT NULL AUTO_INCREMENT,
  `module_name` varchar(150) COLLATE utf8mb4_unicode_ci NOT NULL,
  `description` text COLLATE utf8mb4_unicode_ci,
  PRIMARY KEY (`module_id`)
) ENGINE=MyISAM DEFAULT CHARSET=utf8mb4 COLLATE=utf8mb4_unicode_ci;

-- --------------------------------------------------------

--
-- Table structure for table `notifications`
--

CREATE TABLE IF NOT EXISTS `notifications` (
  `notification_id` bigint UNSIGNED NOT NULL AUTO_INCREMENT,
  `user_id` bigint UNSIGNED NOT NULL,
  `type` enum('message','call','group','request','system') COLLATE utf8mb4_unicode_ci DEFAULT 'message',
  `title` varchar(191) COLLATE utf8mb4_unicode_ci DEFAULT NULL,
  `content` text COLLATE utf8mb4_unicode_ci,
  `related_id` bigint UNSIGNED DEFAULT NULL,
  `related_type` enum('chat','call','group','system') COLLATE utf8mb4_unicode_ci DEFAULT NULL,
  `is_read` tinyint(1) DEFAULT '0',
  `created_at` timestamp NULL DEFAULT CURRENT_TIMESTAMP,
  `read_at` timestamp NULL DEFAULT NULL,
  PRIMARY KEY (`notification_id`),
  KEY `user_id` (`user_id`)
) ENGINE=MyISAM DEFAULT CHARSET=utf8mb4 COLLATE=utf8mb4_unicode_ci;

-- --------------------------------------------------------

--
-- Table structure for table `password_otps`
--

CREATE TABLE IF NOT EXISTS `password_otps` (
  `id` bigint UNSIGNED NOT NULL AUTO_INCREMENT,
  `email` varchar(191) COLLATE utf8mb4_unicode_ci NOT NULL,
  `otp` varchar(10) COLLATE utf8mb4_unicode_ci NOT NULL,
  `expires_at` datetime NOT NULL,
  `used` tinyint(1) NOT NULL DEFAULT '0',
  `created_at` timestamp NULL DEFAULT CURRENT_TIMESTAMP,
  `updated_at` timestamp NULL DEFAULT CURRENT_TIMESTAMP ON UPDATE CURRENT_TIMESTAMP,
  PRIMARY KEY (`id`),
  KEY `idx_email_otp` (`email`,`otp`),
  KEY `idx_email` (`email`)
) ENGINE=MyISAM AUTO_INCREMENT=5 DEFAULT CHARSET=utf8mb4 COLLATE=utf8mb4_unicode_ci;

--
-- Dumping data for table `password_otps`
--

INSERT INTO `password_otps` (`id`, `email`, `otp`, `expires_at`, `used`, `created_at`, `updated_at`) VALUES
(1, 'tadiashley2003@gmail.com', '532847', '2026-01-03 09:25:05', 0, '2026-01-03 07:15:05', '2026-01-03 09:15:05'),
(3, 'tadiwagwena@melsoftzim.co.zw', '597023', '2026-01-03 09:49:53', 0, '2026-01-03 07:39:53', '2026-01-03 09:39:53');

-- --------------------------------------------------------

--
-- Table structure for table `password_resets`
--

CREATE TABLE IF NOT EXISTS `password_resets` (
  `id` bigint UNSIGNED NOT NULL AUTO_INCREMENT,
  `user_id` bigint UNSIGNED NOT NULL,
  `token_hash` varchar(191) COLLATE utf8mb4_unicode_ci NOT NULL,
  `expires_at` timestamp NOT NULL,
  `used` tinyint(1) NOT NULL DEFAULT '0',
  `created_at` timestamp NULL DEFAULT CURRENT_TIMESTAMP,
  `updated_at` timestamp NULL DEFAULT CURRENT_TIMESTAMP ON UPDATE CURRENT_TIMESTAMP,
  PRIMARY KEY (`id`),
  UNIQUE KEY `token_hash` (`token_hash`),
  KEY `idx_user_id_used` (`user_id`,`used`),
  KEY `idx_expires_at` (`expires_at`)
) ENGINE=MyISAM DEFAULT CHARSET=utf8mb4 COLLATE=utf8mb4_unicode_ci;

-- --------------------------------------------------------

--
-- Table structure for table `permissions`
--

CREATE TABLE IF NOT EXISTS `permissions` (
  `permission_id` bigint UNSIGNED NOT NULL AUTO_INCREMENT,
  `feature_id` bigint UNSIGNED NOT NULL,
  `can_view` tinyint(1) DEFAULT '0',
  `can_add` tinyint(1) DEFAULT '0',
  `can_edit` tinyint(1) DEFAULT '0',
  `can_delete` tinyint(1) DEFAULT '0',
  PRIMARY KEY (`permission_id`),
  KEY `feature_id` (`feature_id`)
) ENGINE=MyISAM DEFAULT CHARSET=utf8mb4 COLLATE=utf8mb4_unicode_ci;

-- --------------------------------------------------------

--
-- Table structure for table `prompts`
--

CREATE TABLE IF NOT EXISTS `prompts` (
  `id` bigint UNSIGNED NOT NULL AUTO_INCREMENT,
  `user_id` bigint UNSIGNED NOT NULL,
  `title` varchar(191) COLLATE utf8mb4_unicode_ci NOT NULL,
  `content` text COLLATE utf8mb4_unicode_ci NOT NULL,
  `category` varchar(100) COLLATE utf8mb4_unicode_ci DEFAULT NULL,
  `is_favorite` tinyint(1) DEFAULT '0',
  `is_public` tinyint(1) DEFAULT '0',
  `usage_count` int DEFAULT '0',
  `created_at` timestamp NULL DEFAULT CURRENT_TIMESTAMP,
  `updated_at` timestamp NULL DEFAULT CURRENT_TIMESTAMP ON UPDATE CURRENT_TIMESTAMP,
  PRIMARY KEY (`id`),
  KEY `idx_prompts_user_id` (`user_id`),
  KEY `idx_prompts_category` (`category`)
) ENGINE=MyISAM DEFAULT CHARSET=utf8mb4 COLLATE=utf8mb4_unicode_ci;

-- --------------------------------------------------------

--
-- Table structure for table `prompt_conversations`
--

CREATE TABLE IF NOT EXISTS `prompt_conversations` (
  `id` bigint UNSIGNED NOT NULL AUTO_INCREMENT,
  `user_id` bigint UNSIGNED NOT NULL,
  `title` varchar(191) COLLATE utf8mb4_unicode_ci DEFAULT NULL,
  `model` varchar(50) COLLATE utf8mb4_unicode_ci DEFAULT NULL,
  `total_messages` int DEFAULT '0',
  `total_tokens` int DEFAULT '0',
  `status` varchar(20) COLLATE utf8mb4_unicode_ci DEFAULT 'active',
  `created_at` timestamp NULL DEFAULT CURRENT_TIMESTAMP,
  `updated_at` timestamp NULL DEFAULT CURRENT_TIMESTAMP ON UPDATE CURRENT_TIMESTAMP,
  `last_message_at` timestamp NULL DEFAULT NULL,
  PRIMARY KEY (`id`),
  KEY `idx_conversations_user_id` (`user_id`),
  KEY `idx_conversations_status` (`status`),
  KEY `idx_conversations_created_at` (`created_at`)
) ENGINE=MyISAM DEFAULT CHARSET=utf8mb4 COLLATE=utf8mb4_unicode_ci;

-- --------------------------------------------------------

--
-- Table structure for table `prompt_messages`
--

CREATE TABLE IF NOT EXISTS `prompt_messages` (
  `id` bigint UNSIGNED NOT NULL AUTO_INCREMENT,
  `conversation_id` bigint UNSIGNED NOT NULL,
  `role` varchar(20) COLLATE utf8mb4_unicode_ci NOT NULL,
  `content` text COLLATE utf8mb4_unicode_ci NOT NULL,
  `tokens` int DEFAULT NULL,
  `model` varchar(50) COLLATE utf8mb4_unicode_ci DEFAULT NULL,
  `metadata` json DEFAULT NULL,
  `created_at` timestamp NULL DEFAULT CURRENT_TIMESTAMP,
  PRIMARY KEY (`id`),
  KEY `idx_messages_conversation_id` (`conversation_id`),
  KEY `idx_messages_created_at` (`created_at`)
) ENGINE=MyISAM DEFAULT CHARSET=utf8mb4 COLLATE=utf8mb4_unicode_ci;

-- --------------------------------------------------------

--
-- Table structure for table `prompt_templates`
--

CREATE TABLE IF NOT EXISTS `prompt_templates` (
  `id` bigint UNSIGNED NOT NULL AUTO_INCREMENT,
  `created_by` bigint UNSIGNED DEFAULT NULL,
  `name` varchar(191) COLLATE utf8mb4_unicode_ci NOT NULL,
  `description` text COLLATE utf8mb4_unicode_ci,
  `template` text COLLATE utf8mb4_unicode_ci NOT NULL,
  `category` varchar(100) COLLATE utf8mb4_unicode_ci DEFAULT NULL,
  `is_system` tinyint(1) DEFAULT '0',
  `usage_count` int DEFAULT '0',
  `created_at` timestamp NULL DEFAULT CURRENT_TIMESTAMP,
  `updated_at` timestamp NULL DEFAULT CURRENT_TIMESTAMP ON UPDATE CURRENT_TIMESTAMP,
  PRIMARY KEY (`id`),
  KEY `idx_templates_created_by` (`created_by`),
  KEY `idx_templates_category` (`category`)
) ENGINE=MyISAM DEFAULT CHARSET=utf8mb4 COLLATE=utf8mb4_unicode_ci;

-- --------------------------------------------------------

--
-- Table structure for table `role_permissions`
--

CREATE TABLE IF NOT EXISTS `role_permissions` (
  `role_permission_id` bigint UNSIGNED NOT NULL AUTO_INCREMENT,
  `role_id` bigint UNSIGNED NOT NULL,
  `permission_id` bigint UNSIGNED NOT NULL,
  PRIMARY KEY (`role_permission_id`),
  KEY `role_id` (`role_id`),
  KEY `permission_id` (`permission_id`)
) ENGINE=MyISAM DEFAULT CHARSET=utf8mb4 COLLATE=utf8mb4_unicode_ci;

-- --------------------------------------------------------

--
-- Table structure for table `sessions`
--

CREATE TABLE IF NOT EXISTS `sessions` (
  `session_token` varchar(64) COLLATE utf8mb4_unicode_ci NOT NULL,
  `user_id` bigint UNSIGNED NOT NULL,
  `ip_address` varchar(45) COLLATE utf8mb4_unicode_ci DEFAULT NULL,
  `user_agent` text COLLATE utf8mb4_unicode_ci,
  `login_time` timestamp NULL DEFAULT NULL,
  `last_activity` timestamp NULL DEFAULT NULL,
  `expires_at` timestamp NULL DEFAULT NULL,
  `status` enum('active','inactive') COLLATE utf8mb4_unicode_ci NOT NULL DEFAULT 'active',
  `created_at` timestamp NULL DEFAULT NULL,
  `updated_at` timestamp NULL DEFAULT NULL,
  PRIMARY KEY (`session_token`),
  KEY `sessions_user_id_foreign` (`user_id`)
) ENGINE=MyISAM DEFAULT CHARSET=utf8mb4 COLLATE=utf8mb4_unicode_ci;

--
-- Dumping data for table `sessions`
--

INSERT INTO `sessions` (`session_token`, `user_id`, `ip_address`, `user_agent`, `login_time`, `last_activity`, `expires_at`, `status`, `created_at`, `updated_at`) VALUES
('Jpa0A5L7iqhXuUbKQ9kQpvlWYLDyNVFyEBmxE0t2BiKw0XqIu2VbKqqoHoLfRAIw', 2, '127.0.0.1', 'Mozilla/5.0 (Windows NT 10.0; Win64; x64) AppleWebKit/537.36 (KHTML, like Gecko) Chrome/143.0.0.0 Safari/537.36', '2026-01-03 05:30:23', '2026-01-03 05:30:23', '2026-01-03 07:30:23', 'active', '2026-01-03 05:30:23', '2026-01-03 05:30:23'),
('vSrWo2ckSA38miuwb1VNgXUvSSF5KGyqArZTuedOxBNTh8aUcJFZw5HEFGYoViNz', 2, '127.0.0.1', 'Mozilla/5.0 (Windows NT 10.0; Win64; x64) AppleWebKit/537.36 (KHTML, like Gecko) Chrome/143.0.0.0 Safari/537.36', '2026-01-03 05:32:01', '2026-01-03 05:32:01', '2026-01-03 07:32:01', 'active', '2026-01-03 05:32:01', '2026-01-03 05:32:01'),
('q7Kb3fIKVEmbcItNjt4vqRKQ3VCv7ij8L5Q0Tnb7HUas38lbMmxbD2JhB68vJao9', 2, '127.0.0.1', 'Mozilla/5.0 (Windows NT 10.0; Win64; x64) AppleWebKit/537.36 (KHTML, like Gecko) Chrome/143.0.0.0 Safari/537.36', '2026-01-03 05:44:18', '2026-01-03 05:44:18', '2026-01-03 07:44:18', 'active', '2026-01-03 05:44:18', '2026-01-03 05:44:18'),
('MeM59cPXiLr9SEFOK6xk4Y2HzxDmHE1X4mDXYx7dkgTXIjJpmmPv2OkpZn53f6Pc', 2, '127.0.0.1', 'Mozilla/5.0 (Windows NT 10.0; Win64; x64) AppleWebKit/537.36 (KHTML, like Gecko) Chrome/143.0.0.0 Safari/537.36', '2026-01-03 05:50:50', '2026-01-03 05:50:50', '2026-01-03 07:50:50', 'active', '2026-01-03 05:50:50', '2026-01-03 05:50:50'),
('TRt30wyMz1bUFu4ux02WenohgqaCqNYZIrjacbebZwjwLExl44JHfEdPgax9Jp1V', 2, '127.0.0.1', 'Mozilla/5.0 (Windows NT 10.0; Win64; x64) AppleWebKit/537.36 (KHTML, like Gecko) Chrome/143.0.0.0 Safari/537.36', '2026-01-03 05:51:57', '2026-01-03 05:51:57', '2026-01-03 07:51:57', 'active', '2026-01-03 05:51:57', '2026-01-03 05:51:57'),
('6F9XP696wiHh825F8TujNm53ULXlaLyuH8Zvtf9Y5TPDergJj0rdqmeVUI7RybPK', 2, '127.0.0.1', 'Mozilla/5.0 (Windows NT 10.0; Win64; x64) AppleWebKit/537.36 (KHTML, like Gecko) Chrome/143.0.0.0 Safari/537.36', '2026-01-03 05:59:42', '2026-01-03 06:41:11', '2026-01-03 07:59:42', 'inactive', '2026-01-03 05:59:42', '2026-01-03 06:41:11'),
('CppPh7VFnU5xnbZ0XEYeDOFXtAVsttTUAtlqVBmh9RGhRituM3rqVB2tPItWILEQ', 1, '127.0.0.1', 'Mozilla/5.0 (Windows NT 10.0; Win64; x64) AppleWebKit/537.36 (KHTML, like Gecko) Chrome/143.0.0.0 Safari/537.36', '2026-01-03 06:45:34', '2026-01-03 06:45:46', '2026-01-03 08:45:34', 'inactive', '2026-01-03 06:45:34', '2026-01-03 06:45:46'),
('BE0DhLUbyfK8dwV0ELJDOhVVF8oRuGttc9cecOEtNsQzhTlCkd6gHy0LbAxCgroi', 2, '127.0.0.1', 'Mozilla/5.0 (Windows NT 10.0; Win64; x64) AppleWebKit/537.36 (KHTML, like Gecko) Chrome/143.0.0.0 Safari/537.36', '2026-01-03 07:35:04', '2026-01-03 07:39:32', '2026-01-03 09:35:04', 'inactive', '2026-01-03 07:35:04', '2026-01-03 07:39:32'),
('GuWAkewlTmLR9btftkABZT7JfAsjvJKBEqErQoqg1wtuXnStvQbyXYTmb6lrbUZ4', 1, '127.0.0.1', 'Mozilla/5.0 (Windows NT 10.0; Win64; x64) AppleWebKit/537.36 (KHTML, like Gecko) Chrome/143.0.0.0 Safari/537.36', '2026-01-03 07:58:08', '2026-01-03 09:19:15', '2026-01-03 09:58:08', 'active', '2026-01-03 07:58:08', '2026-01-03 09:19:15'),
('qXsJ5cYV6wV9YeC7Kqva66mBKAGXZkc2iY4ioMsN9gW4aCkNfGQdDPzrUalRoCfl', 1, '127.0.0.1', 'Mozilla/5.0 (Windows NT 10.0; Win64; x64) AppleWebKit/537.36 (KHTML, like Gecko) Chrome/143.0.0.0 Safari/537.36', '2026-01-03 09:22:41', '2026-01-03 10:16:49', '2026-01-03 11:22:41', 'active', '2026-01-03 09:22:41', '2026-01-03 10:16:49'),
('uPTJjF1biw2N8TTksEvlsFpzt9FgYgdT3J4BoSHfX3heqqUSubPNirOmmxHXQlHp', 1, '127.0.0.1', 'Mozilla/5.0 (Windows NT 10.0; Win64; x64) AppleWebKit/537.36 (KHTML, like Gecko) Chrome/143.0.0.0 Safari/537.36', '2026-01-05 05:56:21', '2026-01-05 07:55:09', '2026-01-05 07:56:21', 'active', '2026-01-05 05:56:21', '2026-01-05 07:55:09'),
('lczlyUlmlJJWcKS9Uw8EwakPVkCKAabINxUjxpkC4AknKQx0Js7JgQdCYVnAt2nk', 1, '127.0.0.1', 'Mozilla/5.0 (Windows NT 10.0; Win64; x64) AppleWebKit/537.36 (KHTML, like Gecko) Chrome/143.0.0.0 Safari/537.36', '2026-01-05 07:58:45', '2026-01-05 09:16:24', '2026-01-05 09:58:45', 'active', '2026-01-05 07:58:45', '2026-01-05 09:16:24'),
('v8EMTL65FWbu8Czdu3lDLZeFimuMvkn6P5xnVOIUIhwk1K9u64puo4IRVavxmNVh', 1, '127.0.0.1', 'Mozilla/5.0 (Windows NT 10.0; Win64; x64) AppleWebKit/537.36 (KHTML, like Gecko) Chrome/143.0.0.0 Safari/537.36', '2026-01-05 10:29:49', '2026-01-05 12:28:17', '2026-01-05 12:29:49', 'active', '2026-01-05 10:29:49', '2026-01-05 12:28:17'),
('GKO5Uy6tIGbAFdgXxKVzBajildr8z3QMFJvD7nnWAvWikbX97GsuqpdO9ymkI0vE', 1, '127.0.0.1', 'Mozilla/5.0 (Windows NT 10.0; Win64; x64) AppleWebKit/537.36 (KHTML, like Gecko) Chrome/143.0.0.0 Safari/537.36', '2026-01-05 12:33:47', '2026-01-05 13:24:36', '2026-01-05 14:33:47', 'active', '2026-01-05 12:33:47', '2026-01-05 13:24:36'),
('VZMSgdbsFH8erwJ5U4J1jwLFjs4cOAE8wWXF3gexQcnC1rjtH5eOzQX2TLVrETzS', 1, '127.0.0.1', 'Mozilla/5.0 (Windows NT 10.0; Win64; x64) AppleWebKit/537.36 (KHTML, like Gecko) Chrome/143.0.0.0 Safari/537.36', '2026-01-06 05:40:39', '2026-01-06 07:39:18', '2026-01-06 07:40:39', 'active', '2026-01-06 05:40:39', '2026-01-06 07:39:18'),
('9rHxICxNiyEy9gsUkXua5MYYCo9MsF29acMIl8tfzG6wJgqMhdy9BUS7mbNt75JH', 1, '127.0.0.1', 'Mozilla/5.0 (Windows NT 10.0; Win64; x64) AppleWebKit/537.36 (KHTML, like Gecko) Chrome/143.0.0.0 Safari/537.36', '2026-01-06 07:42:32', '2026-01-06 09:20:36', '2026-01-06 09:42:32', 'active', '2026-01-06 07:42:32', '2026-01-06 09:20:36'),
('yffJZbjzxHQhFvYFH9KnPyCLMTLRryZRGf3MtkK8q7MdQaxUQDHLGbapYW0GRkC3', 1, '127.0.0.1', 'Mozilla/5.0 (Windows NT 10.0; Win64; x64) AppleWebKit/537.36 (KHTML, like Gecko) Chrome/143.0.0.0 Safari/537.36', '2026-01-06 10:19:40', '2026-01-06 11:25:35', '2026-01-06 12:19:40', 'active', '2026-01-06 10:19:40', '2026-01-06 11:25:35'),
('oGzYU52KsNYMcNjuKiwvsSpUmRkjXJeIjAL4XJo4higsCIbISR7fOPNlWWDFccTj', 1, '127.0.0.1', 'Mozilla/5.0 (Windows NT 10.0; Win64; x64) AppleWebKit/537.36 (KHTML, like Gecko) Chrome/143.0.0.0 Safari/537.36', '2026-01-06 11:27:08', '2026-01-06 12:58:43', '2026-01-06 13:27:08', 'active', '2026-01-06 11:27:08', '2026-01-06 12:58:43'),
('VH6yEZkvlXj9HyvBELwNLhw7rTE8nZmtEOsff0WIrRvfDhCJrVeGYWj5rKqJpZ8T', 1, '127.0.0.1', 'Mozilla/5.0 (Windows NT 10.0; Win64; x64) AppleWebKit/537.36 (KHTML, like Gecko) Chrome/143.0.0.0 Safari/537.36', '2026-01-07 07:03:49', '2026-01-07 08:56:48', '2026-01-07 09:03:49', 'active', '2026-01-07 07:03:49', '2026-01-07 08:56:48'),
('NfygdN1z2WrfAYNVaH6N0wdG06tbrIho0BUduxKXeBhF3xZIpy2c4On2YtriZ2Ni', 1, '127.0.0.1', 'Mozilla/5.0 (Windows NT 10.0; Win64; x64) AppleWebKit/537.36 (KHTML, like Gecko) Chrome/143.0.0.0 Safari/537.36', '2026-01-07 09:14:42', '2026-01-07 09:37:41', '2026-01-07 11:14:42', 'active', '2026-01-07 09:14:42', '2026-01-07 09:37:41'),
('Y9tkNPpzt4ZS85opaNroWJX0MFvnSG1Bde1Iw0DC67x6u6GzYJaYkjcbRfOcggFc', 1, '127.0.0.1', 'Mozilla/5.0 (Windows NT 10.0; Win64; x64) AppleWebKit/537.36 (KHTML, like Gecko) Chrome/143.0.0.0 Safari/537.36', '2026-01-07 09:38:39', '2026-01-07 09:38:50', '2026-01-07 11:38:39', 'inactive', '2026-01-07 09:38:39', '2026-01-07 09:38:50'),
('PAq7FfofCB0MEsdpa4LL0guLXgZ8GLOhbFUMkcYnP9nlRb2Wiajvr3LGxkiMyO9P', 1, '127.0.0.1', 'Mozilla/5.0 (Windows NT 10.0; Win64; x64) AppleWebKit/537.36 (KHTML, like Gecko) Chrome/143.0.0.0 Safari/537.36', '2026-01-07 09:41:58', '2026-01-07 11:40:43', '2026-01-07 11:41:58', 'active', '2026-01-07 09:41:58', '2026-01-07 11:40:43'),
('vdllipchlEncmCBCySSwDV2JyVij1L43zRpFxF18bClkzk4Td12eNrcraeiMyjv2', 1, '127.0.0.1', 'Mozilla/5.0 (Windows NT 10.0; Win64; x64) AppleWebKit/537.36 (KHTML, like Gecko) Chrome/143.0.0.0 Safari/537.36', '2026-01-07 11:55:43', '2026-01-07 12:08:43', '2026-01-07 13:55:43', 'inactive', '2026-01-07 11:55:43', '2026-01-07 12:08:43'),
('T8KEW12BMlwVdo66QKFOCVN8dg3PlP9BAezO6Z7USbZJDn6yf2jbdOJgb15IWB5L', 1, '127.0.0.1', 'Mozilla/5.0 (Windows NT 10.0; Win64; x64) AppleWebKit/537.36 (KHTML, like Gecko) Chrome/143.0.0.0 Safari/537.36', '2026-01-08 06:22:55', '2026-01-08 07:34:58', '2026-01-08 08:22:55', 'active', '2026-01-08 06:22:55', '2026-01-08 07:34:58'),
('SpFIP28nIWHL6GBx9HhlGd17Don5TH2rJGYF5W7w9rFS6yl83ZlLuIZt2MoGrMZ9', 1, '127.0.0.1', 'Mozilla/5.0 (Windows NT 10.0; Win64; x64) AppleWebKit/537.36 (KHTML, like Gecko) Chrome/143.0.0.0 Safari/537.36', '2026-01-10 13:20:13', '2026-01-10 13:20:21', '2026-01-10 15:20:13', 'active', '2026-01-10 13:20:13', '2026-01-10 13:20:21'),
('Y2tTvuktVQq3hL3kdcihV6PgZpFqP8MsHr7wAf1PAAmQC2GfNyVpX6IiuDYIIGlU', 1, '127.0.0.1', 'Mozilla/5.0 (Windows NT 10.0; Win64; x64) AppleWebKit/537.36 (KHTML, like Gecko) Chrome/143.0.0.0 Safari/537.36', '2026-01-14 07:19:28', '2026-01-14 07:38:05', '2026-01-14 09:19:28', 'active', '2026-01-14 07:19:28', '2026-01-14 07:38:05'),
('jipTHPTglLtC7rPFdFZj9wuJ2rFgDNWr5MDvpwqVy9BCxJJ3KRFWECGzSpJGSSRa', 1, '127.0.0.1', 'Mozilla/5.0 (Windows NT 10.0; Win64; x64) AppleWebKit/537.36 (KHTML, like Gecko) Chrome/143.0.0.0 Safari/537.36', '2026-01-14 08:49:35', '2026-01-14 10:45:34', '2026-01-14 10:49:35', 'active', '2026-01-14 08:49:35', '2026-01-14 10:45:34'),
('2fQO00UxwLyiMsvMmHZj6ksNrztN3NJHTEdepgETFbJjHWiswdLuvtpSTzFWpShL', 1, '127.0.0.1', 'Mozilla/5.0 (Windows NT 10.0; Win64; x64) AppleWebKit/537.36 (KHTML, like Gecko) Chrome/143.0.0.0 Safari/537.36', '2026-01-14 11:50:01', '2026-01-14 11:50:01', '2026-01-14 13:50:01', 'active', '2026-01-14 11:50:01', '2026-01-14 11:50:01'),
('T6Bfk8wd1ONCU9j9hTvcz5a6G0DMRlbJ8QiDjGB4m4EoElofgM9p9016A7ebSmLs', 1, '127.0.0.1', 'Mozilla/5.0 (Windows NT 10.0; Win64; x64) AppleWebKit/537.36 (KHTML, like Gecko) Chrome/143.0.0.0 Safari/537.36', '2026-01-14 12:33:29', '2026-01-14 14:33:00', '2026-01-14 14:33:29', 'active', '2026-01-14 12:33:29', '2026-01-14 14:33:00'),
('1wSIMSk5hZFWuvtNrQc7AC9th9Y30aHXqNi7vjBN55t1sKgzngeLdsvHn8nhKLBE', 1, '127.0.0.1', 'Mozilla/5.0 (Windows NT 10.0; Win64; x64) AppleWebKit/537.36 (KHTML, like Gecko) Chrome/143.0.0.0 Safari/537.36', '2026-01-15 05:59:07', '2026-01-15 07:55:11', '2026-01-15 07:59:07', 'active', '2026-01-15 05:59:07', '2026-01-15 07:55:11'),
('BhLcvQwDTmLByUsUcZIR5ctqBtOoPFfQZ6u5q8XMRqcCGXJ1ItBg696b1KEbM08J', 1, '127.0.0.1', 'Mozilla/5.0 (Windows NT 10.0; Win64; x64) AppleWebKit/537.36 (KHTML, like Gecko) Chrome/143.0.0.0 Safari/537.36', '2026-01-15 08:05:12', '2026-01-15 09:02:16', '2026-01-15 10:05:12', 'inactive', '2026-01-15 08:05:12', '2026-01-15 09:02:16'),
('dgQBrWu6TIitamo6ajrcMIoqU3MFNrEDDI4DXKQW3xiUxRS9vMPDFSr2AC9F1Acg', 1, '127.0.0.1', 'Mozilla/5.0 (Windows NT 10.0; Win64; x64) AppleWebKit/537.36 (KHTML, like Gecko) Chrome/143.0.0.0 Safari/537.36', '2026-01-15 10:44:20', '2026-01-15 10:44:27', '2026-01-15 12:44:20', 'inactive', '2026-01-15 10:44:20', '2026-01-15 10:44:27'),
('KuccZE2pGN5j3CL8d4e7O177XldwohOzL9erCuMzIzv4BHyWCyRlTDlANoGR5IRT', 1, '127.0.0.1', 'Mozilla/5.0 (Windows NT 10.0; Win64; x64) AppleWebKit/537.36 (KHTML, like Gecko) Chrome/143.0.0.0 Safari/537.36', '2026-01-15 11:20:54', '2026-01-15 12:59:42', '2026-01-15 13:20:54', 'active', '2026-01-15 11:20:54', '2026-01-15 12:59:42'),
('KPUNhHwOiCkbNH8Y0clpGgEL0uhQSJ4Uq8b7e0pIagxawE224oaH6As58eKudX7c', 1, '127.0.0.1', 'Mozilla/5.0 (Windows NT 10.0; Win64; x64) AppleWebKit/537.36 (KHTML, like Gecko) Chrome/143.0.0.0 Safari/537.36', '2026-01-16 08:26:18', '2026-01-16 08:44:17', '2026-01-16 10:26:18', 'active', '2026-01-16 08:26:18', '2026-01-16 08:44:17'),
('e0VhurjiyUxXcRjXuTpM8aFSGReys8vx5TgTyQt7L1nFF0pJcn5i70zjj0y7JfGm', 1, '127.0.0.1', 'Mozilla/5.0 (Windows NT 10.0; Win64; x64) AppleWebKit/537.36 (KHTML, like Gecko) Chrome/143.0.0.0 Safari/537.36', '2026-01-16 11:20:32', '2026-01-16 12:10:16', '2026-01-16 13:20:32', 'active', '2026-01-16 11:20:32', '2026-01-16 12:10:16'),
('LdPnuHu0ovwEggUraOC2IjsdMwzjFZdkzOngucDeLvm7S0Ua7JnsSdJn8W3qqQaj', 1, '127.0.0.1', 'Mozilla/5.0 (Windows NT 10.0; Win64; x64) AppleWebKit/537.36 (KHTML, like Gecko) Chrome/143.0.0.0 Safari/537.36', '2026-01-16 14:26:23', '2026-01-16 14:26:31', '2026-01-16 16:26:23', 'active', '2026-01-16 14:26:23', '2026-01-16 14:26:31'),
('WNIKJXpO9AXXOa5lOypXh6Fn9fyqi3CmmYUyi2HUn5o9BQtvGvNIwUoKg18FEQfY', 1, '127.0.0.1', 'Mozilla/5.0 (Windows NT 10.0; Win64; x64) AppleWebKit/537.36 (KHTML, like Gecko) Chrome/143.0.0.0 Safari/537.36', '2026-01-17 13:43:12', '2026-01-17 15:02:34', '2026-01-17 15:43:12', 'active', '2026-01-17 13:43:12', '2026-01-17 15:02:34'),
('XB99c6ZtXryLs95oEWc6vXUuOanCdRtIEa03AscR9qWU2q2YjPIROQxgOSlQnlns', 1, '127.0.0.1', 'Mozilla/5.0 (Windows NT 10.0; Win64; x64) AppleWebKit/537.36 (KHTML, like Gecko) Chrome/143.0.0.0 Safari/537.36', '2026-01-18 14:28:14', '2026-01-18 14:30:17', '2026-01-18 16:28:14', 'active', '2026-01-18 14:28:14', '2026-01-18 14:30:17'),
('rmoaVx6NTzdZs1o43dJb0gY24yLbipr70RbJAGlPZPIMG1LBoI6dA82ndKPl5dZv', 1, '127.0.0.1', 'Mozilla/5.0 (Windows NT 10.0; Win64; x64) AppleWebKit/537.36 (KHTML, like Gecko) Chrome/143.0.0.0 Safari/537.36', '2026-01-19 06:02:13', '2026-01-19 07:15:13', '2026-01-19 08:02:13', 'active', '2026-01-19 06:02:13', '2026-01-19 07:15:13'),
('MOOMnPr2HQQ6SDneR55KyAifNlg8Yz8BEirvbcUPZm3W88K0A7bmdvp08eYlV4hl', 1, '127.0.0.1', 'Mozilla/5.0 (Windows NT 10.0; Win64; x64) AppleWebKit/537.36 (KHTML, like Gecko) Chrome/143.0.0.0 Safari/537.36', '2026-01-19 07:20:43', '2026-01-19 08:29:18', '2026-01-19 09:20:43', 'active', '2026-01-19 07:20:43', '2026-01-19 08:29:18'),
('g5jVfwmTnPlorhCMiJ7mOUAViVZIqcyCXiMhu0ASQvoJomkacsZYQcsvMELME4BM', 1, '127.0.0.1', 'Mozilla/5.0 (Windows NT 10.0; Win64; x64) AppleWebKit/537.36 (KHTML, like Gecko) Chrome/143.0.0.0 Safari/537.36', '2026-01-19 09:13:03', '2026-01-19 09:40:31', '2026-01-19 11:13:03', 'active', '2026-01-19 09:13:03', '2026-01-19 09:40:31'),
('glE7tfkcESxM5aeipihR85nyqcnog3QmGMTZF3R33j407YpbxASFuwWyQvs21n73', 1, '127.0.0.1', 'Mozilla/5.0 (Windows NT 10.0; Win64; x64) AppleWebKit/537.36 (KHTML, like Gecko) Chrome/143.0.0.0 Safari/537.36', '2026-01-19 11:42:53', '2026-01-19 12:02:11', '2026-01-19 13:42:53', 'active', '2026-01-19 11:42:53', '2026-01-19 12:02:11'),
('ZNrskXoTdMdCq1Lf8wc7k2GC2ZL8v5SRdmFgAUteuSOkGPqviKfg9od125UJIyLE', 1, '127.0.0.1', 'Mozilla/5.0 (Windows NT 10.0; Win64; x64) AppleWebKit/537.36 (KHTML, like Gecko) Chrome/143.0.0.0 Safari/537.36', '2026-01-22 05:58:27', '2026-01-22 07:55:55', '2026-01-22 07:58:27', 'active', '2026-01-22 05:58:27', '2026-01-22 07:55:55'),
('N6dMXZtpBzRxmOvFEIYoG4IvEXwlTAhMyojEORfVFyAjUdUEro7I02xpZbvfatYk', 1, '127.0.0.1', 'Mozilla/5.0 (Windows NT 10.0; Win64; x64) AppleWebKit/537.36 (KHTML, like Gecko) Chrome/143.0.0.0 Safari/537.36', '2026-01-22 08:06:54', '2026-01-22 08:14:49', '2026-01-22 10:06:54', 'active', '2026-01-22 08:06:54', '2026-01-22 08:14:49'),
('GssYCpJl4AxT7aCOpQpHAATkjkYojOhtwna0Jalgy0KxxpcNXIkdRmuqYNbrO5Zb', 1, '127.0.0.1', 'Mozilla/5.0 (Windows NT 10.0; Win64; x64) AppleWebKit/537.36 (KHTML, like Gecko) Chrome/143.0.0.0 Safari/537.36', '2026-01-22 10:53:41', '2026-01-22 12:52:32', '2026-01-22 12:53:41', 'active', '2026-01-22 10:53:41', '2026-01-22 12:52:32'),
('b4DvyOo1tW32gK8n52zvGS3o7HKmKtCq0xpB8igTQGymnUyYVne0ZYCyKoNqHnZ1', 1, '127.0.0.1', 'Mozilla/5.0 (Windows NT 10.0; Win64; x64) AppleWebKit/537.36 (KHTML, like Gecko) Chrome/143.0.0.0 Safari/537.36', '2026-01-22 12:59:25', '2026-01-22 13:53:46', '2026-01-22 14:59:25', 'active', '2026-01-22 12:59:26', '2026-01-22 13:53:46'),
('Xf0EuEBaBeXQe7buW3ENDezCOzgab9LbNt2zli5ZjxgAwH9oFdCD6pp9JoDcxES0', 1, '127.0.0.1', 'Mozilla/5.0 (Windows NT 10.0; Win64; x64) AppleWebKit/537.36 (KHTML, like Gecko) Chrome/143.0.0.0 Safari/537.36', '2026-01-22 13:54:39', '2026-01-22 14:01:07', '2026-01-22 15:54:39', 'active', '2026-01-22 13:54:39', '2026-01-22 14:01:07'),
('OYlSppAzZ5Cy5rbXM9C1JFoYKqbM3rOR7RfLzUWRnbMlPW5T2QHKwAPyFUONeV5U', 1, '127.0.0.1', 'Mozilla/5.0 (Windows NT 10.0; Win64; x64) AppleWebKit/537.36 (KHTML, like Gecko) Chrome/143.0.0.0 Safari/537.36', '2026-01-23 06:29:05', '2026-01-23 08:28:47', '2026-01-23 08:29:05', 'active', '2026-01-23 06:29:05', '2026-01-23 08:28:47'),
('8MrZxH5uto09s50LTUZ2VJSaHrBbk839VQAMO3nMdHwd0oI0gfM3lN6voTXzP5ZM', 1, '127.0.0.1', 'Mozilla/5.0 (Windows NT 10.0; Win64; x64) AppleWebKit/537.36 (KHTML, like Gecko) Chrome/143.0.0.0 Safari/537.36', '2026-01-23 08:51:30', '2026-01-23 10:33:57', '2026-01-23 10:51:30', 'active', '2026-01-23 08:51:30', '2026-01-23 10:33:57'),
('DJvdQRWlCDCGOPYRnJp2kcMpBmEVshOeiKgJ77oVBGZE2bihX288xyHWqPnMStjd', 1, '127.0.0.1', 'Mozilla/5.0 (Windows NT 10.0; Win64; x64) AppleWebKit/537.36 (KHTML, like Gecko) Chrome/143.0.0.0 Safari/537.36', '2026-01-23 10:34:33', '2026-01-23 11:31:52', '2026-01-23 12:34:33', 'active', '2026-01-23 10:34:33', '2026-01-23 11:31:52'),
('8FiKQtBgEYMtoeGi3YSxRppJVoI0frQrYWArEuKFzuoCMsarEghO7pjkrym1NPww', 1, '127.0.0.1', 'Mozilla/5.0 (Windows NT 10.0; Win64; x64) AppleWebKit/537.36 (KHTML, like Gecko) Chrome/143.0.0.0 Safari/537.36', '2026-01-24 05:28:56', '2026-01-24 05:32:29', '2026-01-24 07:28:56', 'active', '2026-01-24 05:28:56', '2026-01-24 05:32:29'),
('DwD6mfAjhTykOr1lEpQU4sL83Jzy1Z7D9cph372aJlgYYdhmodhtZoCPYF7hSn3G', 1, '127.0.0.1', 'Mozilla/5.0 (Windows NT 10.0; Win64; x64) AppleWebKit/537.36 (KHTML, like Gecko) Chrome/144.0.0.0 Safari/537.36 Edg/144.0.0.0', '2026-01-24 06:52:02', '2026-01-24 06:53:02', '2026-01-24 08:52:02', 'active', '2026-01-24 06:52:02', '2026-01-24 06:53:02'),
('znIWIHF8ndWLTfvHmSxohls47P4jNS5J16f3e4VTnAyjNTCVWkBtUGwRmUtv7qjA', 1, '127.0.0.1', 'Mozilla/5.0 (Windows NT 10.0; Win64; x64) AppleWebKit/537.36 (KHTML, like Gecko) Chrome/143.0.0.0 Safari/537.36', '2026-01-24 07:57:14', '2026-01-24 08:22:42', '2026-01-24 09:57:14', 'active', '2026-01-24 07:57:14', '2026-01-24 08:22:42'),
('AJJPMx9qxQ0ARpkbjgN7U9WudyzP1xXSTWHvABzM3lpcCm9vselC1OrNJWj9xU8P', 1, '127.0.0.1', 'Mozilla/5.0 (Windows NT 10.0; Win64; x64) AppleWebKit/537.36 (KHTML, like Gecko) Chrome/144.0.0.0 Safari/537.36', '2026-01-26 11:55:10', '2026-01-26 13:55:00', '2026-01-26 13:55:10', 'active', '2026-01-26 11:55:10', '2026-01-26 13:55:00'),
('ggToqNn0HZv3uzZnNmiguMNQgk1xTeZ0Rgf33JsuBTd5e6LudYG95nGW5agJyFbg', 1, '127.0.0.1', 'Mozilla/5.0 (Windows NT 10.0; Win64; x64) AppleWebKit/537.36 (KHTML, like Gecko) Chrome/144.0.0.0 Safari/537.36', '2026-01-26 14:15:20', '2026-01-26 14:52:53', '2026-01-26 16:15:20', 'active', '2026-01-26 14:15:20', '2026-01-26 14:52:53'),
('nl2qOdKSz1IIenb7AxGLbl0FrubMnLAsGHsYCxMpktuNXhyEwSndGoaOny8KgZKf', 1, '127.0.0.1', 'Mozilla/5.0 (Windows NT 10.0; Win64; x64) AppleWebKit/537.36 (KHTML, like Gecko) Chrome/144.0.0.0 Safari/537.36', '2026-01-27 06:22:17', '2026-01-27 08:15:49', '2026-01-27 08:22:17', 'active', '2026-01-27 06:22:17', '2026-01-27 08:15:49'),
('ikdPae8HpFkfbUEA3hwZ8JOCEUSzpp16vzqVahzTHnDafCpRW6TLv2JsmBwaIkog', 1, '127.0.0.1', 'Mozilla/5.0 (Windows NT 10.0; Win64; x64) AppleWebKit/537.36 (KHTML, like Gecko) Chrome/144.0.0.0 Safari/537.36', '2026-01-27 08:56:08', '2026-01-27 09:24:43', '2026-01-27 10:56:08', 'active', '2026-01-27 08:56:08', '2026-01-27 09:24:43'),
('bCR1OmVN6GDBTveuJI4175zWOxuEyJOG6IE1uydtjS6g0SQnhOEvXizrCmW0LWMC', 1, '127.0.0.1', 'Mozilla/5.0 (Windows NT 10.0; Win64; x64) AppleWebKit/537.36 (KHTML, like Gecko) Chrome/144.0.0.0 Safari/537.36', '2026-01-27 10:48:28', '2026-01-27 12:46:07', '2026-01-27 12:48:28', 'active', '2026-01-27 10:48:28', '2026-01-27 12:46:07'),
('aI10ovwz5iMifmvCd8cPr0POoPmNhrN8Gatl1fc8UA6M0op1fJgBnKzwkCreq1XY', 1, '127.0.0.1', 'Mozilla/5.0 (Windows NT 10.0; Win64; x64) AppleWebKit/537.36 (KHTML, like Gecko) Chrome/144.0.0.0 Safari/537.36', '2026-01-27 12:56:45', '2026-01-27 13:27:38', '2026-01-27 14:56:45', 'active', '2026-01-27 12:56:45', '2026-01-27 13:27:38'),
('YDCd6g9jeOd87huS3cXGQtGHyaSLV6BQXrhjrXEaaZ6U5VxKJ3lJyp0pLiXWioZZ', 1, '127.0.0.1', 'Mozilla/5.0 (Windows NT 10.0; Win64; x64) AppleWebKit/537.36 (KHTML, like Gecko) Chrome/144.0.0.0 Safari/537.36', '2026-01-28 09:20:47', '2026-01-28 10:56:01', '2026-01-28 11:20:47', 'active', '2026-01-28 09:20:47', '2026-01-28 10:56:01'),
('4ySeTeFNYWSMJ3OZ72X0YUFnYSavJMYcJYIIgLwQOmXPnI5YdnOlp1Ww3i6Wnqw2', 1, '127.0.0.1', 'Mozilla/5.0 (Windows NT 10.0; Win64; x64) AppleWebKit/537.36 (KHTML, like Gecko) Chrome/144.0.0.0 Safari/537.36', '2026-01-28 13:15:27', '2026-01-28 13:59:28', '2026-01-28 15:15:27', 'active', '2026-01-28 13:15:27', '2026-01-28 13:59:28'),
('PdW290xQY07QBSOFzFJ7GNdaiQchpcA5P9YgRrNLHYm6LQReQfXICvTFJ4v4UfMZ', 1, '127.0.0.1', 'Mozilla/5.0 (Windows NT 10.0; Win64; x64) AppleWebKit/537.36 (KHTML, like Gecko) Chrome/144.0.0.0 Safari/537.36', '2026-01-29 07:30:54', '2026-01-29 09:18:43', '2026-01-29 09:30:54', 'active', '2026-01-29 07:30:54', '2026-01-29 09:18:43'),
('8lMgpHKHACX6cupbD2T56wg2zVxMaSkCqo4rEi1Aoz6uESsMwU6Cx3KjnklpDTo8', 1, '127.0.0.1', 'Mozilla/5.0 (Windows NT 10.0; Win64; x64) AppleWebKit/537.36 (KHTML, like Gecko) Chrome/144.0.0.0 Safari/537.36', '2026-01-29 09:33:47', '2026-01-29 11:22:51', '2026-01-29 11:33:47', 'active', '2026-01-29 09:33:47', '2026-01-29 11:22:51'),
('PTgoKEq6fhWDpHIAhWlGLlzJvimE0v3lG3WRqw689cm9qMtAcXbN5aZE3Fw6E4Jz', 1, '127.0.0.1', 'Mozilla/5.0 (Windows NT 10.0; Win64; x64) AppleWebKit/537.36 (KHTML, like Gecko) Chrome/144.0.0.0 Safari/537.36', '2026-01-29 12:07:17', '2026-01-29 14:04:02', '2026-01-29 14:07:17', 'active', '2026-01-29 12:07:17', '2026-01-29 14:04:02'),
('lJXEiwuN5vZgpMvJAbF2aGnXkndXHnQCVgOLebXNTncb4muAfwl6GDzKPbbKJ5pV', 1, '127.0.0.1', 'Mozilla/5.0 (Windows NT 10.0; Win64; x64) AppleWebKit/537.36 (KHTML, like Gecko) Chrome/144.0.0.0 Safari/537.36', '2026-01-30 05:55:07', '2026-01-30 07:52:08', '2026-01-30 07:55:07', 'active', '2026-01-30 05:55:07', '2026-01-30 07:52:08'),
('fmK1Qc8FEZSo8B28JOeL3qyqEsBmCRs8zw1WLEVyujcESI43pfFYxuqVEPGeXtuq', 1, '127.0.0.1', 'Mozilla/5.0 (Windows NT 10.0; Win64; x64) AppleWebKit/537.36 (KHTML, like Gecko) Chrome/144.0.0.0 Safari/537.36', '2026-01-30 07:48:02', '2026-01-30 07:48:03', '2026-01-30 09:48:02', 'active', '2026-01-30 07:48:02', '2026-01-30 07:48:03'),
('VQirJs0LdTShaJu5VRJxw2zYfklsAGgvFDymeFXCtY58X1beHwLWO1ih2uPwa555', 1, '127.0.0.1', 'Mozilla/5.0 (Windows NT 10.0; Win64; x64) AppleWebKit/537.36 (KHTML, like Gecko) Chrome/144.0.0.0 Safari/537.36', '2026-01-30 07:56:17', '2026-01-30 08:13:54', '2026-01-30 09:56:17', 'active', '2026-01-30 07:56:17', '2026-01-30 08:13:54'),
('ZcoS5D047e1a3r49vg0ESmJcLpv7Wmylu2gAK1mPH8NuzAjSUcdcuBZFIn8LX9sT', 1, '127.0.0.1', 'Mozilla/5.0 (Windows NT 10.0; Win64; x64) AppleWebKit/537.36 (KHTML, like Gecko) Chrome/144.0.0.0 Safari/537.36', '2026-01-30 08:14:20', '2026-01-30 09:49:20', '2026-01-30 10:14:20', 'active', '2026-01-30 08:14:20', '2026-01-30 09:49:20'),
('CSIEzBHiZobTO3frKxq9SvHZCBYCYGy9DzU4dPMFNYKSTIf1VI22hAv5tM7ewETf', 1, '127.0.0.1', 'Mozilla/5.0 (Windows NT 10.0; Win64; x64) AppleWebKit/537.36 (KHTML, like Gecko) Chrome/144.0.0.0 Safari/537.36', '2026-01-30 09:51:33', '2026-01-30 11:44:40', '2026-01-30 11:51:33', 'active', '2026-01-30 09:51:33', '2026-01-30 11:44:40'),
('tC7tVxBYyzkF0JVtBIHIUwIu1qTabNcqX3NXWYDlGvZBUDcQtOtb3HYIpdbmW3S1', 1, '127.0.0.1', 'Mozilla/5.0 (Windows NT 10.0; Win64; x64) AppleWebKit/537.36 (KHTML, like Gecko) Chrome/144.0.0.0 Safari/537.36', '2026-01-30 11:57:45', '2026-01-30 12:29:04', '2026-01-30 13:57:45', 'active', '2026-01-30 11:57:45', '2026-01-30 12:29:04');

-- --------------------------------------------------------

--
-- Table structure for table `subaccounts`
--

CREATE TABLE IF NOT EXISTS `subaccounts` (
  `subaccount_id` bigint UNSIGNED NOT NULL AUTO_INCREMENT,
  `main_account_code` varchar(50) COLLATE utf8mb4_unicode_ci NOT NULL,
  `main_account_name` varchar(150) COLLATE utf8mb4_unicode_ci NOT NULL,
  `sub_account_code` varchar(50) COLLATE utf8mb4_unicode_ci NOT NULL,
  `sub_account_name` varchar(150) COLLATE utf8mb4_unicode_ci NOT NULL,
  `company_code` varchar(50) COLLATE utf8mb4_unicode_ci DEFAULT NULL,
  `created_at` timestamp NULL DEFAULT CURRENT_TIMESTAMP,
  `updated_at` timestamp NULL DEFAULT CURRENT_TIMESTAMP ON UPDATE CURRENT_TIMESTAMP,
  PRIMARY KEY (`subaccount_id`),
  UNIQUE KEY `unique_subaccount` (`main_account_code`,`sub_account_code`)
) ENGINE=MyISAM DEFAULT CHARSET=utf8mb4 COLLATE=utf8mb4_unicode_ci;

-- --------------------------------------------------------

--
-- Table structure for table `submodules`
--

CREATE TABLE IF NOT EXISTS `submodules` (
  `submodule_id` bigint UNSIGNED NOT NULL AUTO_INCREMENT,
  `module_id` bigint UNSIGNED NOT NULL,
  `submodule_name` varchar(150) COLLATE utf8mb4_unicode_ci NOT NULL,
  `description` text COLLATE utf8mb4_unicode_ci,
  PRIMARY KEY (`submodule_id`),
  KEY `module_id` (`module_id`)
) ENGINE=MyISAM DEFAULT CHARSET=utf8mb4 COLLATE=utf8mb4_unicode_ci;

-- --------------------------------------------------------

--
-- Table structure for table `suppliers`
--

CREATE TABLE IF NOT EXISTS `suppliers` (
  `supplier_id` int NOT NULL AUTO_INCREMENT,
  `supplier_code` varchar(50) COLLATE utf8mb4_unicode_ci NOT NULL,
  `supplier_name` varchar(191) COLLATE utf8mb4_unicode_ci NOT NULL,
  `full_name` varchar(191) COLLATE utf8mb4_unicode_ci DEFAULT NULL,
  `contact_person` varchar(191) COLLATE utf8mb4_unicode_ci DEFAULT NULL,
  `contact_1` varchar(50) COLLATE utf8mb4_unicode_ci DEFAULT NULL,
  `contact_2` varchar(50) COLLATE utf8mb4_unicode_ci DEFAULT NULL,
  `email` varchar(191) COLLATE utf8mb4_unicode_ci DEFAULT NULL,
  `address` text COLLATE utf8mb4_unicode_ci,
  `category_id` int DEFAULT NULL,
  `age_analysis_id` int DEFAULT NULL,
  `area_id` int DEFAULT NULL,
  `created_at` timestamp NULL DEFAULT CURRENT_TIMESTAMP,
  `updated_at` timestamp NULL DEFAULT CURRENT_TIMESTAMP ON UPDATE CURRENT_TIMESTAMP,
  PRIMARY KEY (`supplier_id`),
  UNIQUE KEY `supplier_code` (`supplier_code`),
  KEY `fk_supplier_category` (`category_id`),
  KEY `fk_supplier_ageing` (`age_analysis_id`),
  KEY `fk_supplier_area` (`area_id`)
) ENGINE=MyISAM AUTO_INCREMENT=11 DEFAULT CHARSET=utf8mb4 COLLATE=utf8mb4_unicode_ci;

--
-- Dumping data for table `suppliers`
--

INSERT INTO `suppliers` (`supplier_id`, `supplier_code`, `supplier_name`, `full_name`, `contact_person`, `contact_1`, `contact_2`, `email`, `address`, `category_id`, `age_analysis_id`, `area_id`, `created_at`, `updated_at`) VALUES
(1, 'SUP-001', 'Alpha Supplies', 'Alpha Supplies Pvt Ltd', 'John Moyo', '+263771000001', NULL, 'info@alphasupplies.com', '12 Samora Machel Ave, Harare', 1, NULL, 1, '2026-01-07 09:06:37', '2026-01-07 09:06:37'),
(2, 'SUP-002', 'Beta Traders', 'Beta Traders Zimbabwe', 'Sarah Dube', '+263771000002', '+263242700002', 'sales@betatraders.co.zw', '45 Jason Moyo St, Bulawayo', 2, NULL, 2, '2026-01-07 09:06:37', '2026-01-07 09:06:37'),
(3, 'SUP-003', 'Gamma Industries', 'Gamma Industries Ltd', 'Tawanda Chirwa', '+263771000003', NULL, 'contact@gamma.co.zw', '7 Coventry Rd, Workington', 1, NULL, 3, '2026-01-07 09:06:37', '2026-01-07 09:06:37'),
(4, 'SUP-004', 'Delta Logistics', 'Delta Logistics Services', 'Nomsa Ncube', '+263771000004', NULL, 'admin@deltalogistics.com', '88 Airport Rd, Harare', 3, NULL, 1, '2026-01-07 09:06:37', '2026-01-07 09:06:37'),
(5, 'SUP-005', 'Epsilon Holdings', 'Epsilon Holdings Africa', 'Brian Zhou', '+263771000005', '+263242700005', 'info@epsilon.africa', '102 Enterprise Rd, Harare', 2, NULL, 1, '2026-01-07 09:06:37', '2026-01-07 09:06:37'),
(6, 'SUP-006', 'Zeta Chemicals', 'Zeta Chemicals Pvt Ltd', 'Farai Mutasa', '+263771000006', NULL, 'support@zetachem.co.zw', '15 Tilbury Rd, Willowvale', 4, NULL, 3, '2026-01-07 09:06:37', '2026-01-07 09:06:37'),
(7, 'SUP-007', 'Eta Engineering', 'Eta Engineering Services', 'Clive Banda', '+263771000007', NULL, 'projects@etaeng.co.zw', '22 Seke Rd, Harare', 3, NULL, 2, '2026-01-07 09:06:37', '2026-01-07 09:06:37'),
(8, 'SUP-008', 'Theta Foods', 'Theta Foods & Catering', 'Rudo Mahachi', '+263771000008', '+263242700008', 'orders@thetafoods.co.zw', '9 Chinhoyi St, Gweru', 5, NULL, 4, '2026-01-07 09:06:37', '2026-01-07 09:06:37'),
(9, 'SUP-009', 'Iota Technologies', 'Iota Technologies Zimbabwe', 'Kudzai Marume', '+263771000009', NULL, 'hello@iotatech.co.zw', '60 Borrowdale Rd, Harare', 6, NULL, 1, '2026-01-07 09:06:37', '2026-01-07 09:06:37'),
(10, 'SUP-010', 'Kappa Medical', 'Kappa Medical Supplies', 'Dr. L. Nyathi', '+263771000010', NULL, 'procurement@kappamed.co.zw', '14 Hospital Rd, Mutare', 7, NULL, 5, '2026-01-07 09:06:37', '2026-01-07 09:06:37');

-- --------------------------------------------------------

--
-- Table structure for table `supplier_ageing_analysis`
--

CREATE TABLE IF NOT EXISTS `supplier_ageing_analysis` (
  `id` int NOT NULL AUTO_INCREMENT,
  `age_code` varchar(50) NOT NULL,
  `description` varchar(255) NOT NULL,
  `ageing_group` enum('monthly','daily','custom') NOT NULL,
  `interval_type` enum('statement_date','invoice_date') NOT NULL,
  `interval_value` varchar(50) NOT NULL,
  `custom_age_groups` text,
  `custom_intervals` text,
  `actions` varchar(255) DEFAULT NULL,
  `created_at` timestamp NULL DEFAULT CURRENT_TIMESTAMP,
  `updated_at` timestamp NULL DEFAULT CURRENT_TIMESTAMP ON UPDATE CURRENT_TIMESTAMP,
  PRIMARY KEY (`id`)
) ENGINE=MyISAM DEFAULT CHARSET=utf8mb4 COLLATE=utf8mb4_0900_ai_ci;

-- --------------------------------------------------------

--
-- Table structure for table `supplier_areas`
--

CREATE TABLE IF NOT EXISTS `supplier_areas` (
  `area_id` int NOT NULL AUTO_INCREMENT,
  `area_code` varchar(50) COLLATE utf8mb4_unicode_ci NOT NULL,
  `area_name` varchar(191) COLLATE utf8mb4_unicode_ci NOT NULL,
  `city` varchar(100) COLLATE utf8mb4_unicode_ci DEFAULT NULL,
  `country` varchar(100) COLLATE utf8mb4_unicode_ci DEFAULT NULL,
  `specific_location` text COLLATE utf8mb4_unicode_ci,
  `created_at` timestamp NULL DEFAULT CURRENT_TIMESTAMP,
  PRIMARY KEY (`area_id`),
  UNIQUE KEY `area_code` (`area_code`)
) ENGINE=MyISAM AUTO_INCREMENT=2 DEFAULT CHARSET=utf8mb4 COLLATE=utf8mb4_unicode_ci;

--
-- Dumping data for table `supplier_areas`
--

INSERT INTO `supplier_areas` (`area_id`, `area_code`, `area_name`, `city`, `country`, `specific_location`, `created_at`) VALUES
(1, 'AC123', 'Downtown', 'London', 'UK', 'Warehouse 1', '2026-01-03 10:04:16');

-- --------------------------------------------------------

--
-- Table structure for table `supplier_categories`
--

CREATE TABLE IF NOT EXISTS `supplier_categories` (
  `category_id` int NOT NULL AUTO_INCREMENT,
  `category_code` varchar(50) COLLATE utf8mb4_unicode_ci NOT NULL,
  `category_name` varchar(191) COLLATE utf8mb4_unicode_ci NOT NULL,
  `description` text COLLATE utf8mb4_unicode_ci,
  `created_at` timestamp NULL DEFAULT CURRENT_TIMESTAMP,
  `updated_at` timestamp NULL DEFAULT NULL,
  PRIMARY KEY (`category_id`),
  UNIQUE KEY `category_code` (`category_code`)
) ENGINE=MyISAM AUTO_INCREMENT=3 DEFAULT CHARSET=utf8mb4 COLLATE=utf8mb4_unicode_ci;

--
-- Dumping data for table `supplier_categories`
--

INSERT INTO `supplier_categories` (`category_id`, `category_code`, `category_name`, `description`, `created_at`, `updated_at`) VALUES
(1, 'SUPCT001', 'OFFICE SUPPLIES', 'STATIONERY', '2026-01-14 14:24:54', '2026-01-15 06:35:02');

-- --------------------------------------------------------

--
-- Table structure for table `supplier_invoices`
--

CREATE TABLE IF NOT EXISTS `supplier_invoices` (
  `id` bigint UNSIGNED NOT NULL AUTO_INCREMENT,
  `supplier_id` bigint UNSIGNED NOT NULL,
  `invoice_number` varchar(255) COLLATE utf8mb4_unicode_ci NOT NULL,
  `invoice_date` date NOT NULL,
  `reference_number` varchar(255) COLLATE utf8mb4_unicode_ci NOT NULL,
  `description` text COLLATE utf8mb4_unicode_ci NOT NULL,
  `contact_person` varchar(255) COLLATE utf8mb4_unicode_ci NOT NULL,
  `narration` text COLLATE utf8mb4_unicode_ci,
  `reference_det` varchar(255) COLLATE utf8mb4_unicode_ci NOT NULL,
  `gl_account` varchar(255) COLLATE utf8mb4_unicode_ci NOT NULL,
  `tax_id` bigint UNSIGNED NOT NULL,
  `discount` decimal(5,2) NOT NULL DEFAULT '0.00',
  `price` decimal(15,2) NOT NULL,
  `quantity` decimal(10,2) NOT NULL DEFAULT '1.00',
  `currency_id` bigint UNSIGNED NOT NULL,
  `operation_cost` decimal(15,2) NOT NULL DEFAULT '0.00',
  `created_at` timestamp NULL DEFAULT CURRENT_TIMESTAMP,
  `updated_at` timestamp NULL DEFAULT CURRENT_TIMESTAMP ON UPDATE CURRENT_TIMESTAMP,
  PRIMARY KEY (`id`),
  UNIQUE KEY `invoice_number` (`invoice_number`),
  KEY `idx_supplier_invoices_supplier_id` (`supplier_id`),
  KEY `idx_supplier_invoices_invoice_date` (`invoice_date`),
  KEY `idx_supplier_invoices_invoice_number` (`invoice_number`),
  KEY `idx_supplier_invoices_gl_account` (`gl_account`),
  KEY `idx_supplier_invoices_created_at` (`created_at`)
) ENGINE=InnoDB DEFAULT CHARSET=utf8mb4 COLLATE=utf8mb4_unicode_ci;

-- --------------------------------------------------------

--
-- Table structure for table `supplier_journals`
--

CREATE TABLE IF NOT EXISTS `supplier_journals` (
  `id` int NOT NULL AUTO_INCREMENT,
  `date` date NOT NULL,
  `supplier_code` varchar(50) COLLATE utf8mb4_unicode_ci NOT NULL,
  `supplier_name` varchar(191) COLLATE utf8mb4_unicode_ci NOT NULL,
  `narration` text COLLATE utf8mb4_unicode_ci,
  `dr` decimal(15,2) DEFAULT '0.00',
  `cr` decimal(15,2) DEFAULT '0.00',
  `status` enum('pending','approved','rejected','reversed') COLLATE utf8mb4_unicode_ci DEFAULT 'pending',
  `supplier_id` int DEFAULT NULL,
  `transaction_code` varchar(50) COLLATE utf8mb4_unicode_ci DEFAULT NULL,
  `created_at` timestamp NULL DEFAULT CURRENT_TIMESTAMP,
  `updated_at` timestamp NULL DEFAULT CURRENT_TIMESTAMP ON UPDATE CURRENT_TIMESTAMP,
  PRIMARY KEY (`id`),
  UNIQUE KEY `transaction_code` (`transaction_code`),
  KEY `idx_date` (`date`),
  KEY `idx_supplier_code` (`supplier_code`)
) ENGINE=MyISAM DEFAULT CHARSET=utf8mb4 COLLATE=utf8mb4_unicode_ci;

-- --------------------------------------------------------

--
-- Table structure for table `system_settings`
--

CREATE TABLE IF NOT EXISTS `system_settings` (
  `setting_id` bigint UNSIGNED NOT NULL AUTO_INCREMENT,
  `category_id` bigint UNSIGNED DEFAULT NULL,
  `setting_key` varchar(191) COLLATE utf8mb4_unicode_ci NOT NULL,
  `setting_name` varchar(150) COLLATE utf8mb4_unicode_ci NOT NULL,
  `setting_value` varchar(191) COLLATE utf8mb4_unicode_ci NOT NULL,
  `data_type` varchar(50) COLLATE utf8mb4_unicode_ci DEFAULT 'string',
  `is_active` tinyint(1) DEFAULT '1',
  `created_at` timestamp NULL DEFAULT CURRENT_TIMESTAMP,
  `updated_at` timestamp NULL DEFAULT CURRENT_TIMESTAMP ON UPDATE CURRENT_TIMESTAMP,
  PRIMARY KEY (`setting_id`),
  UNIQUE KEY `setting_key` (`setting_key`),
  KEY `category_id` (`category_id`)
) ENGINE=MyISAM DEFAULT CHARSET=utf8mb4 COLLATE=utf8mb4_unicode_ci;

-- --------------------------------------------------------

--
-- Table structure for table `system_settings_categories`
--

CREATE TABLE IF NOT EXISTS `system_settings_categories` (
  `category_id` bigint UNSIGNED NOT NULL AUTO_INCREMENT,
  `category_name` varchar(100) COLLATE utf8mb4_unicode_ci NOT NULL,
  `description` text COLLATE utf8mb4_unicode_ci,
  `created_at` timestamp NULL DEFAULT CURRENT_TIMESTAMP,
  PRIMARY KEY (`category_id`),
  UNIQUE KEY `category_name` (`category_name`)
) ENGINE=MyISAM DEFAULT CHARSET=utf8mb4 COLLATE=utf8mb4_unicode_ci;

-- --------------------------------------------------------

--
-- Table structure for table `system_settings_history`
--

CREATE TABLE IF NOT EXISTS `system_settings_history` (
  `history_id` bigint UNSIGNED NOT NULL AUTO_INCREMENT,
  `setting_id` bigint UNSIGNED DEFAULT NULL,
  `old_value` varchar(191) COLLATE utf8mb4_unicode_ci DEFAULT NULL,
  `new_value` varchar(191) COLLATE utf8mb4_unicode_ci DEFAULT NULL,
  `changed_by` bigint UNSIGNED DEFAULT NULL,
  `changed_at` timestamp NULL DEFAULT CURRENT_TIMESTAMP,
  PRIMARY KEY (`history_id`),
  KEY `setting_id` (`setting_id`),
  KEY `changed_by` (`changed_by`)
) ENGINE=MyISAM DEFAULT CHARSET=utf8mb4 COLLATE=utf8mb4_unicode_ci;

-- --------------------------------------------------------

--
-- Table structure for table `tariffs`
--

CREATE TABLE IF NOT EXISTS `tariffs` (
  `tariff_id` int NOT NULL AUTO_INCREMENT,
  `lawyer_id` int NOT NULL,
  `tier_id` int NOT NULL,
  `group_id` int NOT NULL,
  `type_id` int NOT NULL,
  `service_name` varchar(150) NOT NULL,
  `billing_method` enum('HOURLY','FIXED_FEE','PER_APPEARANCE','PER_STAGE','RETAINER_PLUS','CONTINGENCY','SUBSCRIPTION') NOT NULL,
  `rate_type` enum('PER_HOUR','PER_CASE','PER_DOCUMENT','PER_APPEARANCE','PER_CONSULTATION','PER_MONTH','PERCENTAGE') NOT NULL,
  `rate_amount` decimal(12,2) NOT NULL,
  `currency` char(3) DEFAULT 'USD',
  `billing_increment` int DEFAULT '60' COMMENT 'Minutes (15, 30, 60)',
  `minimum_fee` decimal(12,2) DEFAULT NULL,
  `maximum_fee` decimal(12,2) DEFAULT NULL,
  `retainer_required` tinyint(1) DEFAULT '0',
  `retainer_amount` decimal(12,2) DEFAULT NULL,
  `court_level` enum('MAGISTRATES','HIGH_COURT','SUPREME_COURT','CONSTITUTIONAL_COURT') DEFAULT NULL,
  `complexity_level` enum('LOW','MEDIUM','HIGH') DEFAULT 'MEDIUM',
  `tax_inclusive` tinyint(1) DEFAULT '0',
  `vat_rate` decimal(5,2) DEFAULT '0.00',
  `effective_from` date NOT NULL,
  `effective_to` date DEFAULT NULL,
  `description` text,
  `created_at` timestamp NULL DEFAULT CURRENT_TIMESTAMP,
  `updated_at` timestamp NULL DEFAULT CURRENT_TIMESTAMP ON UPDATE CURRENT_TIMESTAMP,
  PRIMARY KEY (`tariff_id`),
  KEY `fk_tariff_lawyer` (`lawyer_id`),
  KEY `fk_tariff_tier` (`tier_id`),
  KEY `fk_tariff_group` (`group_id`),
  KEY `fk_tariff_type` (`type_id`)
) ENGINE=MyISAM AUTO_INCREMENT=6 DEFAULT CHARSET=utf8mb4 COLLATE=utf8mb4_0900_ai_ci;

--
-- Dumping data for table `tariffs`
--

INSERT INTO `tariffs` (`tariff_id`, `lawyer_id`, `tier_id`, `group_id`, `type_id`, `service_name`, `billing_method`, `rate_type`, `rate_amount`, `currency`, `billing_increment`, `minimum_fee`, `maximum_fee`, `retainer_required`, `retainer_amount`, `court_level`, `complexity_level`, `tax_inclusive`, `vat_rate`, `effective_from`, `effective_to`, `description`, `created_at`, `updated_at`) VALUES
(1, 1, 1, 1, 1, 'Contract Drafting', 'HOURLY', 'PER_HOUR', 30.00, 'USD', 60, 50.00, 500.00, 1, 100.00, 'HIGH_COURT', 'MEDIUM', 1, 15.00, '2026-01-01', NULL, 'Drafting standard commercial contracts', '2026-01-05 14:24:41', '2026-01-05 14:24:41'),
(2, 2, 2, 3, 11, 'Divorce Filing', 'FIXED_FEE', 'PER_CASE', 200.00, 'USD', 0, 200.00, 200.00, 1, 100.00, 'HIGH_COURT', 'HIGH', 1, 15.00, '2026-01-01', NULL, 'Full divorce procedure including court filing', '2026-01-05 14:24:41', '2026-01-05 14:24:41'),
(3, 3, 3, 2, 7, 'Criminal Defence - Court Appearance', 'PER_APPEARANCE', 'PER_APPEARANCE', 100.00, 'USD', 0, 100.00, 300.00, 0, 0.00, 'MAGISTRATES', 'HIGH', 0, 0.00, '2026-01-01', NULL, 'Representation in criminal matters per appearance', '2026-01-05 14:24:41', '2026-01-05 14:24:41'),
(4, 4, 4, 5, 21, 'Property Transfer', 'FIXED_FEE', 'PER_CASE', 350.00, 'USD', 0, 350.00, 350.00, 1, 150.00, 'HIGH_COURT', 'MEDIUM', 1, 15.00, '2026-01-01', NULL, 'Conveyancing and property transfer services', '2026-01-05 14:24:41', '2026-01-05 14:24:41'),
(5, 5, 5, 4, 18, 'Commercial Litigation', 'HOURLY', 'PER_HOUR', 150.00, 'USD', 60, 150.00, 1500.00, 1, 500.00, 'HIGH_COURT', 'HIGH', 1, 15.00, '2026-01-01', NULL, 'High-profile commercial disputes', '2026-01-05 14:24:41', '2026-01-05 14:24:41');

-- --------------------------------------------------------

--
-- Table structure for table `taxes`
--

CREATE TABLE IF NOT EXISTS `taxes` (
  `tax_id` bigint UNSIGNED NOT NULL AUTO_INCREMENT,
  `tax_name` varchar(100) COLLATE utf8mb4_unicode_ci NOT NULL,
  `tax_description` text COLLATE utf8mb4_unicode_ci,
  `tax_rate` decimal(5,2) NOT NULL,
  `tax_type` varchar(191) COLLATE utf8mb4_unicode_ci DEFAULT NULL,
  `created_at` timestamp NULL DEFAULT CURRENT_TIMESTAMP,
  `updated_at` timestamp NULL DEFAULT CURRENT_TIMESTAMP ON UPDATE CURRENT_TIMESTAMP,
  `is_active` tinyint(1) DEFAULT NULL,
  PRIMARY KEY (`tax_id`)
) ENGINE=MyISAM AUTO_INCREMENT=17 DEFAULT CHARSET=utf8mb4 COLLATE=utf8mb4_unicode_ci;

--
-- Dumping data for table `taxes`
--

INSERT INTO `taxes` (`tax_id`, `tax_name`, `tax_description`, `tax_rate`, `tax_type`, `created_at`, `updated_at`, `is_active`) VALUES
(1, 'AIDS LEVY', NULL, 3.00, 'STATE AID', '2026-01-03 08:00:49', '2026-01-07 09:43:13', 1),
(2, 'VAT – Professional Legal Services', 'Value Added Tax charged on professional legal services as per ZIMRA regulations', 15.00, 'VAT', '2026-01-07 09:41:41', '2026-01-07 09:41:41', 1),
(3, 'Withholding Tax – Legal Fees', 'Statutory withholding tax deducted on legal fees payable to practitioners', 10.00, 'WITHHOLDING', '2026-01-07 09:41:41', '2026-01-07 09:41:41', 1),
(4, 'Capital Gains Tax – Property Transfers', 'Capital gains tax applicable on conveyancing and property transfer transactions', 20.00, 'CAPITAL_GAINS', '2026-01-07 09:41:41', '2026-01-07 09:41:41', 1),
(5, 'Stamp Duty – Property Transfer', 'Stamp duty payable on transfer of immovable property', 4.00, 'DUTY', '2026-01-07 09:41:41', '2026-01-07 09:41:41', 1),
(6, 'Stamp Duty – Share Transfer', 'Stamp duty payable on transfer of shares', 2.00, 'DUTY', '2026-01-07 09:41:41', '2026-01-07 09:41:41', 1),
(7, 'Withholding Tax – Consultancy Services', 'Withholding tax on consultancy and advisory services related to legal work', 10.00, 'WITHHOLDING', '2026-01-07 09:41:41', '2026-01-07 09:41:41', 1),
(8, 'Presumptive Tax – Professional Services', 'Presumptive tax applicable to professional service providers where applicable', 5.00, 'PRESUMPTIVE', '2026-01-07 09:41:41', '2026-01-07 09:41:41', 1),
(9, 'VAT – Disbursements Recoverable', 'VAT charged on recoverable disbursements billed to clients', 15.00, 'VAT', '2026-01-07 09:41:41', '2026-01-07 09:41:41', 1),
(10, 'Court Levy', 'Statutory court levy payable on filing of court documents and processes', 2.00, 'LEVY', '2026-01-07 09:41:41', '2026-01-07 09:41:41', 1),
(11, 'Transfer Duty – Deeds Registry', 'Government transfer duty payable at the Deeds Registry during conveyancing', 3.00, 'DUTY', '2026-01-07 09:41:41', '2026-01-07 09:41:41', 1),
(12, 'VAT', 'Value Added Tax', 15.00, 'VAT', '2026-01-07 08:02:37', '2026-01-07 08:02:37', 1),
(13, 'Sales Tax', 'Sales Tax', 10.00, 'Sales Tax', '2026-01-07 08:02:37', '2026-01-07 08:02:37', 1),
(14, 'Service Tax', 'Service Tax', 12.00, 'Service Tax', '2026-01-07 08:02:37', '2026-01-07 08:02:37', 1),
(15, 'Excise Duty', 'Excise Duty', 20.00, 'Excise Duty', '2026-01-07 08:02:37', '2026-01-07 08:02:37', 1),
(16, 'No Tax', 'No Tax Applicable', 0.00, 'None', '2026-01-07 08:02:37', '2026-01-07 08:02:37', 1);

-- --------------------------------------------------------

--
-- Table structure for table `transactions`
--

CREATE TABLE IF NOT EXISTS `transactions` (
  `transaction_id` bigint UNSIGNED NOT NULL AUTO_INCREMENT,
  `transaction_code` varchar(60) COLLATE utf8mb4_unicode_ci NOT NULL,
  `entry_date` date NOT NULL,
  `narration` text COLLATE utf8mb4_unicode_ci NOT NULL,
  `reference` varchar(120) COLLATE utf8mb4_unicode_ci DEFAULT NULL,
  `gl_account_id` bigint UNSIGNED NOT NULL,
  `subaccount_id` bigint UNSIGNED DEFAULT NULL,
  `contra_gl_account_id` bigint UNSIGNED DEFAULT NULL,
  `contra_subaccount_id` bigint UNSIGNED DEFAULT NULL,
  `debit` decimal(18,2) NOT NULL DEFAULT '0.00',
  `credit` decimal(18,2) NOT NULL DEFAULT '0.00',
  `quantity` decimal(18,4) DEFAULT NULL,
  `unit_price` decimal(18,2) DEFAULT NULL,
  `discount` decimal(18,2) DEFAULT '0.00',
  `tax_amount` decimal(18,2) DEFAULT '0.00',
  `tax_id` bigint UNSIGNED DEFAULT NULL,
  `line_total` decimal(18,2) NOT NULL,
  `source` enum('invoice','supplier_invoice','receipt','quotation','journal','cashbook','payment','adjustment','other') COLLATE utf8mb4_unicode_ci DEFAULT 'journal',
  `related_type` varchar(50) COLLATE utf8mb4_unicode_ci DEFAULT NULL,
  `related_id` bigint UNSIGNED DEFAULT NULL,
  `batch_code` varchar(80) COLLATE utf8mb4_unicode_ci DEFAULT NULL,
  `document_path` varchar(191) COLLATE utf8mb4_unicode_ci DEFAULT NULL,
  `currency_id` bigint UNSIGNED NOT NULL,
  `exchange_rate` decimal(18,6) DEFAULT '1.000000',
  `posted` tinyint(1) DEFAULT '0',
  `posted_at` datetime DEFAULT NULL,
  `is_reconciled` tinyint(1) DEFAULT '0',
  `reconcile_reference` varchar(120) COLLATE utf8mb4_unicode_ci DEFAULT NULL,
  `client_id` bigint UNSIGNED DEFAULT NULL,
  `case_id` bigint UNSIGNED DEFAULT NULL,
  `supplier_id` bigint UNSIGNED DEFAULT NULL,
  `created_by` bigint UNSIGNED DEFAULT NULL,
  `updated_by` bigint UNSIGNED DEFAULT NULL,
  `created_at` timestamp NULL DEFAULT CURRENT_TIMESTAMP,
  `updated_at` timestamp NULL DEFAULT CURRENT_TIMESTAMP ON UPDATE CURRENT_TIMESTAMP,
  PRIMARY KEY (`transaction_id`),
  UNIQUE KEY `transaction_code` (`transaction_code`),
  KEY `idx_transactions_related` (`related_type`,`related_id`),
  KEY `idx_transactions_entry_date` (`entry_date`),
  KEY `gl_account_id` (`gl_account_id`),
  KEY `subaccount_id` (`subaccount_id`),
  KEY `contra_gl_account_id` (`contra_gl_account_id`),
  KEY `contra_subaccount_id` (`contra_subaccount_id`),
  KEY `tax_id` (`tax_id`),
  KEY `idx_transactions_source` (`source`),
  KEY `currency_id` (`currency_id`),
  KEY `idx_transactions_posted` (`posted`),
  KEY `idx_transactions_client` (`client_id`),
  KEY `idx_transactions_case` (`case_id`),
  KEY `created_by` (`created_by`),
  KEY `updated_by` (`updated_by`)
) ENGINE=MyISAM DEFAULT CHARSET=utf8mb4 COLLATE=utf8mb4_unicode_ci;

-- --------------------------------------------------------

--
-- Table structure for table `uploaded_chat_files`
--

CREATE TABLE IF NOT EXISTS `uploaded_chat_files` (
  `file_id` bigint UNSIGNED NOT NULL AUTO_INCREMENT,
  `user_id` bigint UNSIGNED NOT NULL,
  `chat_id` bigint UNSIGNED DEFAULT NULL,
  `file_name` varchar(191) COLLATE utf8mb4_unicode_ci NOT NULL,
  `file_type` varchar(50) COLLATE utf8mb4_unicode_ci DEFAULT NULL,
  `file_size` bigint DEFAULT NULL,
  `file_url` varchar(191) COLLATE utf8mb4_unicode_ci NOT NULL,
  `uploaded_at` timestamp NULL DEFAULT CURRENT_TIMESTAMP,
  PRIMARY KEY (`file_id`),
  KEY `user_id` (`user_id`),
  KEY `chat_id` (`chat_id`)
) ENGINE=MyISAM DEFAULT CHARSET=utf8mb4 COLLATE=utf8mb4_unicode_ci;

-- --------------------------------------------------------

--
-- Table structure for table `users`
--

CREATE TABLE IF NOT EXISTS `users` (
  `id` bigint UNSIGNED NOT NULL AUTO_INCREMENT,
  `created_by` int DEFAULT NULL,
  `name` varchar(100) COLLATE utf8mb4_unicode_ci NOT NULL,
  `email` varchar(191) COLLATE utf8mb4_unicode_ci NOT NULL,
  `password_hash` text COLLATE utf8mb4_unicode_ci NOT NULL,
  `role_id` bigint UNSIGNED DEFAULT NULL,
  `group_id` bigint UNSIGNED DEFAULT NULL,
  `tier_id` bigint UNSIGNED DEFAULT NULL,
  `status` varchar(20) COLLATE utf8mb4_unicode_ci DEFAULT 'active',
  `location` varchar(100) COLLATE utf8mb4_unicode_ci DEFAULT NULL,
  `is_2fa_enabled` tinyint(1) DEFAULT '0',
  `uses_authenticator` tinyint(1) DEFAULT '0',
  `uses_sms` tinyint(1) DEFAULT '0',
  `authenticator_secret` text COLLATE utf8mb4_unicode_ci,
  `sms_verified` tinyint(1) DEFAULT '0',
  `created_at` timestamp NULL DEFAULT CURRENT_TIMESTAMP,
  `updated_at` timestamp NULL DEFAULT CURRENT_TIMESTAMP ON UPDATE CURRENT_TIMESTAMP,
  `failed_login_attempts` int DEFAULT '0',
  `account_locked_until` timestamp NULL DEFAULT NULL,
  PRIMARY KEY (`id`),
  UNIQUE KEY `email` (`email`),
  KEY `idx_users_email` (`email`),
  KEY `idx_users_role_id` (`role_id`),
  KEY `idx_users_group_id` (`group_id`),
  KEY `idx_users_tier_id` (`tier_id`),
  KEY `idx_users_status` (`status`)
) ENGINE=MyISAM AUTO_INCREMENT=3 DEFAULT CHARSET=utf8mb4 COLLATE=utf8mb4_unicode_ci;

--
-- Dumping data for table `users`
--

INSERT INTO `users` (`id`, `created_by`, `name`, `email`, `password_hash`, `role_id`, `group_id`, `tier_id`, `status`, `location`, `is_2fa_enabled`, `uses_authenticator`, `uses_sms`, `authenticator_secret`, `sms_verified`, `created_at`, `updated_at`, `failed_login_attempts`, `account_locked_until`) VALUES
(1, NULL, 'Ashley Gwen', 'ashleygwena@outlook.com', '$2y$12$mq0sTeF6gKeRpRCBIIMk4efDQP9Ei1xabCLUNB4WCDWN5yj2nKf7S', 1, 1, 1, 'active', 'Default', 0, 0, 0, NULL, 0, '2026-01-02 08:00:54', '2026-01-24 06:52:02', 0, '2026-01-02 13:22:37'),
(2, NULL, 'Tadi Ashley', 'tadiwagwena@melsoftzim.co.zw', '$2y$12$MXZmst8jOHAfXWqwM1st2ubHF79SqNn.AGrE8uJAdV7Lgieg3P17q', 1, 1, 1, 'active', 'Default', 0, 0, 0, NULL, 0, '2026-01-02 08:00:54', '2026-01-03 09:30:57', 0, NULL);

-- --------------------------------------------------------

--
-- Table structure for table `user_chat_settings`
--

CREATE TABLE IF NOT EXISTS `user_chat_settings` (
  `setting_id` bigint UNSIGNED NOT NULL AUTO_INCREMENT,
  `user_id` bigint UNSIGNED NOT NULL,
  `enable_sound` tinyint(1) DEFAULT '1',
  `auto_scroll` tinyint(1) DEFAULT '1',
  `show_typing_indicators` tinyint(1) DEFAULT '1',
  `dark_mode` tinyint(1) DEFAULT '0',
  `show_online_status` tinyint(1) DEFAULT '1',
  `save_chat_history` tinyint(1) DEFAULT '1',
  `updated_at` timestamp NULL DEFAULT CURRENT_TIMESTAMP ON UPDATE CURRENT_TIMESTAMP,
  PRIMARY KEY (`setting_id`),
  KEY `user_id` (`user_id`)
) ENGINE=MyISAM DEFAULT CHARSET=utf8mb4 COLLATE=utf8mb4_unicode_ci;

-- --------------------------------------------------------

--
-- Table structure for table `user_groups`
--

CREATE TABLE IF NOT EXISTS `user_groups` (
  `user_group_id` bigint UNSIGNED NOT NULL AUTO_INCREMENT,
  `group_name` varchar(191) COLLATE utf8mb4_unicode_ci DEFAULT NULL,
  `group_description` text COLLATE utf8mb4_unicode_ci,
  `created_at` timestamp NULL DEFAULT NULL,
  `assigned_at` timestamp NULL DEFAULT CURRENT_TIMESTAMP,
  PRIMARY KEY (`user_group_id`)
) ENGINE=MyISAM DEFAULT CHARSET=utf8mb4 COLLATE=utf8mb4_unicode_ci;

-- --------------------------------------------------------

--
-- Table structure for table `user_phones`
--

CREATE TABLE IF NOT EXISTS `user_phones` (
  `phone_id` bigint UNSIGNED NOT NULL AUTO_INCREMENT,
  `user_id` bigint UNSIGNED NOT NULL,
  `phone_number` varchar(20) COLLATE utf8mb4_unicode_ci NOT NULL,
  `phone_type` enum('primary','secondary','work','emergency') COLLATE utf8mb4_unicode_ci DEFAULT 'primary',
  `is_verified` tinyint(1) DEFAULT '0',
  `created_at` timestamp NULL DEFAULT CURRENT_TIMESTAMP,
  `updated_at` timestamp NULL DEFAULT NULL,
  PRIMARY KEY (`phone_id`),
  KEY `idx_user_phones_user_id` (`user_id`),
  KEY `idx_user_phones_number` (`phone_number`),
  KEY `idx_user_phones_verified` (`is_verified`)
) ENGINE=MyISAM DEFAULT CHARSET=utf8mb4 COLLATE=utf8mb4_unicode_ci;

-- --------------------------------------------------------

--
-- Table structure for table `user_roles`
--

CREATE TABLE IF NOT EXISTS `user_roles` (
  `user_role_id` bigint UNSIGNED NOT NULL AUTO_INCREMENT,
  `created_at` timestamp NULL DEFAULT NULL,
  `assigned_at` timestamp NULL DEFAULT CURRENT_TIMESTAMP,
  `updated_at` timestamp NULL DEFAULT NULL,
  `role_name` varchar(50) COLLATE utf8mb4_unicode_ci NOT NULL,
  `role_description` text COLLATE utf8mb4_unicode_ci,
  PRIMARY KEY (`user_role_id`)
) ENGINE=MyISAM AUTO_INCREMENT=4 DEFAULT CHARSET=utf8mb4 COLLATE=utf8mb4_unicode_ci;

--
-- Dumping data for table `user_roles`
--

INSERT INTO `user_roles` (`user_role_id`, `created_at`, `assigned_at`, `updated_at`, `role_name`, `role_description`) VALUES
(1, NULL, '2026-01-01 19:21:51', '2026-01-01 19:21:51', 'admin', 'Administrator with full access'),
(2, NULL, '2026-01-01 19:21:51', '2026-01-01 19:21:51', 'lawyer', 'Lawyer with case management access'),
(3, NULL, '2026-01-01 19:21:51', '2026-01-01 19:21:51', 'paralegal', 'Paralegal with limited access');

-- --------------------------------------------------------

--
-- Table structure for table `user_sessions`
--

CREATE TABLE IF NOT EXISTS `user_sessions` (
  `id` bigint UNSIGNED NOT NULL AUTO_INCREMENT,
  `user_id` bigint UNSIGNED NOT NULL,
  `session_id` varchar(191) COLLATE utf8mb4_unicode_ci NOT NULL,
  `ip_address` varchar(45) COLLATE utf8mb4_unicode_ci DEFAULT NULL,
  `user_agent` text COLLATE utf8mb4_unicode_ci,
  `logged_in_at` datetime NOT NULL,
  `last_seen_at` datetime DEFAULT NULL,
  `logged_out_at` datetime DEFAULT NULL,
  `status` enum('active','logged_out','revoked') COLLATE utf8mb4_unicode_ci NOT NULL DEFAULT 'active',
  `created_at` datetime NOT NULL DEFAULT CURRENT_TIMESTAMP,
  `updated_at` datetime NOT NULL DEFAULT CURRENT_TIMESTAMP ON UPDATE CURRENT_TIMESTAMP,
  PRIMARY KEY (`id`),
  KEY `idx_user_id` (`user_id`),
  KEY `idx_session_id` (`session_id`),
  KEY `idx_status` (`status`)
) ENGINE=MyISAM AUTO_INCREMENT=4330 DEFAULT CHARSET=utf8mb4 COLLATE=utf8mb4_unicode_ci;

--
-- Dumping data for table `user_sessions`
--

INSERT INTO `user_sessions` (`id`, `user_id`, `session_id`, `ip_address`, `user_agent`, `logged_in_at`, `last_seen_at`, `logged_out_at`, `status`, `created_at`, `updated_at`) VALUES
(1, 1, 'Dme0IvYo18QVYN7yCYIOxi4kplzjma9htwZGrGMY', '127.0.0.1', 'Mozilla/5.0 (Windows NT 10.0; Win64; x64) AppleWebKit/537.36 (KHTML, like Gecko) Chrome/143.0.0.0 Safari/537.36', '2026-01-02 15:33:45', NULL, NULL, 'active', '2026-01-02 15:33:45', '2026-01-02 15:33:45'),
(2, 1, 'Dme0IvYo18QVYN7yCYIOxi4kplzjma9htwZGrGMY', '127.0.0.1', 'Mozilla/5.0 (Windows NT 10.0; Win64; x64) AppleWebKit/537.36 (KHTML, like Gecko) Chrome/143.0.0.0 Safari/537.36', '2026-01-02 15:33:45', NULL, NULL, 'active', '2026-01-02 15:33:45', '2026-01-02 15:33:45'),
(3, 1, 'Dme0IvYo18QVYN7yCYIOxi4kplzjma9htwZGrGMY', '127.0.0.1', 'Mozilla/5.0 (Windows NT 10.0; Win64; x64) AppleWebKit/537.36 (KHTML, like Gecko) Chrome/143.0.0.0 Safari/537.36', '2026-01-02 15:33:45', NULL, NULL, 'active', '2026-01-02 15:33:45', '2026-01-02 15:33:45'),
(4, 1, 'A1lvcx5Q7sLE66quUDpyZsv8Dso3DT1keMNoKnJF', '127.0.0.1', 'Mozilla/5.0 (Windows NT 10.0; Win64; x64) AppleWebKit/537.36 (KHTML, like Gecko) Cursor/2.2.44 Chrome/138.0.7204.251 Electron/37.7.0 Safari/537.36', '2026-01-02 15:36:01', NULL, NULL, 'active', '2026-01-02 15:36:01', '2026-01-02 15:36:01'),
(5, 1, 'A1lvcx5Q7sLE66quUDpyZsv8Dso3DT1keMNoKnJF', '127.0.0.1', 'Mozilla/5.0 (Windows NT 10.0; Win64; x64) AppleWebKit/537.36 (KHTML, like Gecko) Cursor/2.2.44 Chrome/138.0.7204.251 Electron/37.7.0 Safari/537.36', '2026-01-02 15:36:01', NULL, NULL, 'active', '2026-01-02 15:36:01', '2026-01-02 15:36:01'),
(6, 1, 'A1lvcx5Q7sLE66quUDpyZsv8Dso3DT1keMNoKnJF', '127.0.0.1', 'Mozilla/5.0 (Windows NT 10.0; Win64; x64) AppleWebKit/537.36 (KHTML, like Gecko) Cursor/2.2.44 Chrome/138.0.7204.251 Electron/37.7.0 Safari/537.36', '2026-01-02 15:36:01', NULL, NULL, 'active', '2026-01-02 15:36:01', '2026-01-02 15:36:01'),
(7, 2, 'Z4c93nCfjHoGdGfZAeCFXyY77ctd7lO4NhIIy3tb', '127.0.0.1', 'Mozilla/5.0 (Windows NT 10.0; Win64; x64) AppleWebKit/537.36 (KHTML, like Gecko) Chrome/143.0.0.0 Safari/537.36 Edg/143.0.0.0', '2026-01-02 15:37:35', NULL, NULL, 'active', '2026-01-02 15:37:35', '2026-01-02 15:37:35'),
(8, 2, 'Z4c93nCfjHoGdGfZAeCFXyY77ctd7lO4NhIIy3tb', '127.0.0.1', 'Mozilla/5.0 (Windows NT 10.0; Win64; x64) AppleWebKit/537.36 (KHTML, like Gecko) Chrome/143.0.0.0 Safari/537.36 Edg/143.0.0.0', '2026-01-02 15:37:35', NULL, NULL, 'active', '2026-01-02 15:37:35', '2026-01-02 15:37:35'),
(9, 2, 'Z4c93nCfjHoGdGfZAeCFXyY77ctd7lO4NhIIy3tb', '127.0.0.1', 'Mozilla/5.0 (Windows NT 10.0; Win64; x64) AppleWebKit/537.36 (KHTML, like Gecko) Chrome/143.0.0.0 Safari/537.36 Edg/143.0.0.0', '2026-01-02 15:37:35', NULL, NULL, 'active', '2026-01-02 15:37:35', '2026-01-02 15:37:35'),
(10, 2, 'BAOuKpQgV8DhaYwrdW8v8tl3S7AvIQ9N6hWqb63o', '127.0.0.1', 'Mozilla/5.0 (Windows NT 10.0; Win64; x64) AppleWebKit/537.36 (KHTML, like Gecko) Chrome/143.0.0.0 Safari/537.36 Edg/143.0.0.0', '2026-01-02 15:49:29', NULL, NULL, 'active', '2026-01-02 15:49:29', '2026-01-02 15:49:29'),
(11, 2, 'BAOuKpQgV8DhaYwrdW8v8tl3S7AvIQ9N6hWqb63o', '127.0.0.1', 'Mozilla/5.0 (Windows NT 10.0; Win64; x64) AppleWebKit/537.36 (KHTML, like Gecko) Chrome/143.0.0.0 Safari/537.36 Edg/143.0.0.0', '2026-01-02 15:49:29', NULL, NULL, 'active', '2026-01-02 15:49:29', '2026-01-02 15:49:29'),
(12, 1, 'NDIwmOoun2iKgkshtkciLiydCBzjcL0PocCCA0bv', '127.0.0.1', 'Mozilla/5.0 (Windows NT 10.0; Win64; x64) AppleWebKit/537.36 (KHTML, like Gecko) Chrome/143.0.0.0 Safari/537.36', '2026-01-02 16:02:38', NULL, NULL, 'active', '2026-01-02 16:02:38', '2026-01-02 16:02:38'),
(13, 1, 'NDIwmOoun2iKgkshtkciLiydCBzjcL0PocCCA0bv', '127.0.0.1', 'Mozilla/5.0 (Windows NT 10.0; Win64; x64) AppleWebKit/537.36 (KHTML, like Gecko) Chrome/143.0.0.0 Safari/537.36', '2026-01-02 16:02:38', NULL, NULL, 'active', '2026-01-02 16:02:38', '2026-01-02 16:02:38'),
(14, 2, 'cvXC2orbk85GhrTCnMYhocztcd43KXHRYLVcak52', '127.0.0.1', 'Mozilla/5.0 (Windows NT 10.0; Win64; x64) AppleWebKit/537.36 (KHTML, like Gecko) Chrome/143.0.0.0 Safari/537.36', '2026-01-02 16:05:10', NULL, NULL, 'active', '2026-01-02 16:05:10', '2026-01-02 16:05:10'),
(15, 2, 'cvXC2orbk85GhrTCnMYhocztcd43KXHRYLVcak52', '127.0.0.1', 'Mozilla/5.0 (Windows NT 10.0; Win64; x64) AppleWebKit/537.36 (KHTML, like Gecko) Chrome/143.0.0.0 Safari/537.36', '2026-01-02 16:05:10', NULL, NULL, 'active', '2026-01-02 16:05:10', '2026-01-02 16:05:10'),
(16, 2, 'wsvWDIJ7jnW1AMnp467tvlvOwwz6zD8uWZLgJVR4', '127.0.0.1', 'Mozilla/5.0 (Windows NT 10.0; Win64; x64) AppleWebKit/537.36 (KHTML, like Gecko) Chrome/143.0.0.0 Safari/537.36', '2026-01-02 16:15:27', NULL, NULL, 'active', '2026-01-02 16:15:27', '2026-01-02 16:15:27'),
(17, 2, 'wsvWDIJ7jnW1AMnp467tvlvOwwz6zD8uWZLgJVR4', '127.0.0.1', 'Mozilla/5.0 (Windows NT 10.0; Win64; x64) AppleWebKit/537.36 (KHTML, like Gecko) Chrome/143.0.0.0 Safari/537.36', '2026-01-02 16:15:27', NULL, NULL, 'active', '2026-01-02 16:15:27', '2026-01-02 16:15:27'),
(18, 2, 'Uxm1QI1nW3RYlnSHDA1j0KHQPONI0ZjO7lgrMuSk', '127.0.0.1', 'Mozilla/5.0 (iPhone; CPU iPhone OS 18_5 like Mac OS X) AppleWebKit/605.1.15 (KHTML, like Gecko) Version/18.5 Mobile/15E148 Safari/604.1', '2026-01-02 16:28:04', NULL, NULL, 'active', '2026-01-02 16:28:04', '2026-01-02 16:28:04'),
(19, 2, 'Uxm1QI1nW3RYlnSHDA1j0KHQPONI0ZjO7lgrMuSk', '127.0.0.1', 'Mozilla/5.0 (iPhone; CPU iPhone OS 18_5 like Mac OS X) AppleWebKit/605.1.15 (KHTML, like Gecko) Version/18.5 Mobile/15E148 Safari/604.1', '2026-01-02 16:28:04', NULL, NULL, 'active', '2026-01-02 16:28:04', '2026-01-02 16:28:04'),
(20, 2, 'a5KMWqVUZoSY6CZZiO4p3hUNDn49j4Ilz01s8unj', '127.0.0.1', 'Mozilla/5.0 (Windows NT 10.0; Win64; x64) AppleWebKit/537.36 (KHTML, like Gecko) Chrome/143.0.0.0 Safari/537.36 Edg/143.0.0.0', '2026-01-02 16:34:11', NULL, NULL, 'active', '2026-01-02 16:34:11', '2026-01-02 16:34:11'),
(21, 2, 'a5KMWqVUZoSY6CZZiO4p3hUNDn49j4Ilz01s8unj', '127.0.0.1', 'Mozilla/5.0 (Windows NT 10.0; Win64; x64) AppleWebKit/537.36 (KHTML, like Gecko) Chrome/143.0.0.0 Safari/537.36 Edg/143.0.0.0', '2026-01-02 16:34:11', NULL, NULL, 'active', '2026-01-02 16:34:11', '2026-01-02 16:34:11'),
(22, 2, 'MAx6fhwgbm7nTtFwvA2eLu8JDAjKjqcJae3dZeQT', '127.0.0.1', 'Mozilla/5.0 (Windows NT 10.0; Win64; x64) AppleWebKit/537.36 (KHTML, like Gecko) Cursor/2.2.44 Chrome/138.0.7204.251 Electron/37.7.0 Safari/537.36', '2026-01-03 07:12:37', NULL, NULL, 'active', '2026-01-03 07:12:37', '2026-01-03 07:12:37'),
(23, 2, 'MAx6fhwgbm7nTtFwvA2eLu8JDAjKjqcJae3dZeQT', '127.0.0.1', 'Mozilla/5.0 (Windows NT 10.0; Win64; x64) AppleWebKit/537.36 (KHTML, like Gecko) Cursor/2.2.44 Chrome/138.0.7204.251 Electron/37.7.0 Safari/537.36', '2026-01-03 07:12:37', NULL, NULL, 'active', '2026-01-03 07:12:37', '2026-01-03 07:12:37'),
(24, 2, 'wOUzoUc77mMQvxi6ROtdzveUAKGQYEax6OHB0xn0', '127.0.0.1', 'Mozilla/5.0 (Windows NT 10.0; Win64; x64) AppleWebKit/537.36 (KHTML, like Gecko) Chrome/143.0.0.0 Safari/537.36', '2026-01-03 07:30:23', NULL, NULL, 'active', '2026-01-03 07:30:23', '2026-01-03 07:30:23'),
(25, 2, 'wOUzoUc77mMQvxi6ROtdzveUAKGQYEax6OHB0xn0', '127.0.0.1', 'Mozilla/5.0 (Windows NT 10.0; Win64; x64) AppleWebKit/537.36 (KHTML, like Gecko) Chrome/143.0.0.0 Safari/537.36', '2026-01-03 07:30:23', NULL, NULL, 'active', '2026-01-03 07:30:23', '2026-01-03 07:30:23'),
(26, 2, '5PUuJqVlYMbGamteGkcfN0Zu7ht330PbbyUHePBj', '127.0.0.1', 'Mozilla/5.0 (Windows NT 10.0; Win64; x64) AppleWebKit/537.36 (KHTML, like Gecko) Chrome/143.0.0.0 Safari/537.36', '2026-01-03 07:32:01', NULL, NULL, 'active', '2026-01-03 07:32:01', '2026-01-03 07:32:01'),
(27, 2, '5PUuJqVlYMbGamteGkcfN0Zu7ht330PbbyUHePBj', '127.0.0.1', 'Mozilla/5.0 (Windows NT 10.0; Win64; x64) AppleWebKit/537.36 (KHTML, like Gecko) Chrome/143.0.0.0 Safari/537.36', '2026-01-03 07:32:01', NULL, NULL, 'active', '2026-01-03 07:32:01', '2026-01-03 07:32:01'),
(28, 2, 'ElQfafLIRT0a9ZiyAFNbU2HyQmFtfJTYd3qf2p4b', '127.0.0.1', 'Mozilla/5.0 (Windows NT 10.0; Win64; x64) AppleWebKit/537.36 (KHTML, like Gecko) Chrome/143.0.0.0 Safari/537.36', '2026-01-03 07:44:18', NULL, NULL, 'active', '2026-01-03 07:44:18', '2026-01-03 07:44:18'),
(29, 2, 'ElQfafLIRT0a9ZiyAFNbU2HyQmFtfJTYd3qf2p4b', '127.0.0.1', 'Mozilla/5.0 (Windows NT 10.0; Win64; x64) AppleWebKit/537.36 (KHTML, like Gecko) Chrome/143.0.0.0 Safari/537.36', '2026-01-03 07:44:18', NULL, NULL, 'active', '2026-01-03 07:44:18', '2026-01-03 07:44:18'),
(30, 2, 'EsrO4Iyaz3cLJZiXhxpYQBqJyDBGV3F0cs7FirCs', '127.0.0.1', 'Mozilla/5.0 (Windows NT 10.0; Win64; x64) AppleWebKit/537.36 (KHTML, like Gecko) Chrome/143.0.0.0 Safari/537.36', '2026-01-03 07:50:50', NULL, NULL, 'active', '2026-01-03 07:50:50', '2026-01-03 07:50:50'),
(31, 2, 'EsrO4Iyaz3cLJZiXhxpYQBqJyDBGV3F0cs7FirCs', '127.0.0.1', 'Mozilla/5.0 (Windows NT 10.0; Win64; x64) AppleWebKit/537.36 (KHTML, like Gecko) Chrome/143.0.0.0 Safari/537.36', '2026-01-03 07:50:50', NULL, NULL, 'active', '2026-01-03 07:50:50', '2026-01-03 07:50:50'),
(32, 2, 'Og1ni2H8q2wJ30JlyIWEkNL2PJN2cD7RZRxEMe5y', '127.0.0.1', 'Mozilla/5.0 (Windows NT 10.0; Win64; x64) AppleWebKit/537.36 (KHTML, like Gecko) Chrome/143.0.0.0 Safari/537.36', '2026-01-03 07:51:57', NULL, NULL, 'active', '2026-01-03 07:51:57', '2026-01-03 07:51:57'),
(33, 2, 'Og1ni2H8q2wJ30JlyIWEkNL2PJN2cD7RZRxEMe5y', '127.0.0.1', 'Mozilla/5.0 (Windows NT 10.0; Win64; x64) AppleWebKit/537.36 (KHTML, like Gecko) Chrome/143.0.0.0 Safari/537.36', '2026-01-03 07:51:57', NULL, NULL, 'active', '2026-01-03 07:51:57', '2026-01-03 07:51:57'),
(34, 2, 'aLSkYrzdLA3t97vHw1RZJBOHP2dY7uzVYwFfxdci', '127.0.0.1', 'Mozilla/5.0 (Windows NT 10.0; Win64; x64) AppleWebKit/537.36 (KHTML, like Gecko) Chrome/143.0.0.0 Safari/537.36', '2026-01-03 07:59:42', NULL, NULL, 'active', '2026-01-03 07:59:42', '2026-01-03 07:59:42'),
(35, 2, 'aLSkYrzdLA3t97vHw1RZJBOHP2dY7uzVYwFfxdci', '127.0.0.1', 'Mozilla/5.0 (Windows NT 10.0; Win64; x64) AppleWebKit/537.36 (KHTML, like Gecko) Chrome/143.0.0.0 Safari/537.36', '2026-01-03 07:59:42', NULL, NULL, 'active', '2026-01-03 07:59:42', '2026-01-03 07:59:42'),
(36, 2, '08qm5JHwP4z5QCi6bBxKVzYVTDsMK2ovPqpxyyXh', '127.0.0.1', 'Mozilla/5.0 (Windows NT 10.0; Win64; x64) AppleWebKit/537.36 (KHTML, like Gecko) Chrome/143.0.0.0 Safari/537.36', '2026-01-03 08:40:46', NULL, '2026-01-03 08:41:11', 'logged_out', '2026-01-03 08:40:46', '2026-01-03 08:41:11'),
(37, 2, '08qm5JHwP4z5QCi6bBxKVzYVTDsMK2ovPqpxyyXh', '127.0.0.1', 'Mozilla/5.0 (Windows NT 10.0; Win64; x64) AppleWebKit/537.36 (KHTML, like Gecko) Chrome/143.0.0.0 Safari/537.36', '2026-01-03 08:40:46', NULL, NULL, 'active', '2026-01-03 08:40:46', '2026-01-03 08:40:46'),
(38, 1, 'MCIrel2k3aFEXkuTaW9I7b4FRcoJo1qI2IPPidnQ', '127.0.0.1', 'Mozilla/5.0 (Windows NT 10.0; Win64; x64) AppleWebKit/537.36 (KHTML, like Gecko) Chrome/143.0.0.0 Safari/537.36', '2026-01-03 08:45:34', NULL, NULL, 'active', '2026-01-03 08:45:34', '2026-01-03 08:45:34'),
(39, 1, 'MCIrel2k3aFEXkuTaW9I7b4FRcoJo1qI2IPPidnQ', '127.0.0.1', 'Mozilla/5.0 (Windows NT 10.0; Win64; x64) AppleWebKit/537.36 (KHTML, like Gecko) Chrome/143.0.0.0 Safari/537.36', '2026-01-03 08:45:34', NULL, NULL, 'active', '2026-01-03 08:45:34', '2026-01-03 08:45:34'),
(40, 1, '2pq24YzjpMKKQJ5TSaEVFptIEezDJxyGc30vadub', '127.0.0.1', 'Mozilla/5.0 (Windows NT 10.0; Win64; x64) AppleWebKit/537.36 (KHTML, like Gecko) Chrome/143.0.0.0 Safari/537.36', '2026-01-03 08:45:37', NULL, '2026-01-03 08:45:46', 'logged_out', '2026-01-03 08:45:37', '2026-01-03 08:45:46'),
(41, 1, '2pq24YzjpMKKQJ5TSaEVFptIEezDJxyGc30vadub', '127.0.0.1', 'Mozilla/5.0 (Windows NT 10.0; Win64; x64) AppleWebKit/537.36 (KHTML, like Gecko) Chrome/143.0.0.0 Safari/537.36', '2026-01-03 08:45:37', NULL, '2026-01-03 08:45:46', 'logged_out', '2026-01-03 08:45:37', '2026-01-03 08:45:46'),
(42, 2, 'TmHVBQZAPBPU0NttRbFSNQN00nN0flUJJbxLIlfY', '127.0.0.1', 'Mozilla/5.0 (Windows NT 10.0; Win64; x64) AppleWebKit/537.36 (KHTML, like Gecko) Chrome/143.0.0.0 Safari/537.36', '2026-01-03 09:35:04', NULL, NULL, 'active', '2026-01-03 09:35:04', '2026-01-03 09:35:04'),
(43, 2, 'TmHVBQZAPBPU0NttRbFSNQN00nN0flUJJbxLIlfY', '127.0.0.1', 'Mozilla/5.0 (Windows NT 10.0; Win64; x64) AppleWebKit/537.36 (KHTML, like Gecko) Chrome/143.0.0.0 Safari/537.36', '2026-01-03 09:35:04', NULL, NULL, 'active', '2026-01-03 09:35:04', '2026-01-03 09:35:04'),
(44, 2, 'Fav8JRTUEvvdsnJvUOZIewndbZ6Z61uzSOPrkj7y', '127.0.0.1', 'Mozilla/5.0 (Windows NT 10.0; Win64; x64) AppleWebKit/537.36 (KHTML, like Gecko) Chrome/143.0.0.0 Safari/537.36', '2026-01-03 09:35:07', NULL, NULL, 'active', '2026-01-03 09:35:07', '2026-01-03 09:35:07'),
(45, 2, 'Fav8JRTUEvvdsnJvUOZIewndbZ6Z61uzSOPrkj7y', '127.0.0.1', 'Mozilla/5.0 (Windows NT 10.0; Win64; x64) AppleWebKit/537.36 (KHTML, like Gecko) Chrome/143.0.0.0 Safari/537.36', '2026-01-03 09:35:07', NULL, NULL, 'active', '2026-01-03 09:35:07', '2026-01-03 09:35:07'),
(46, 2, 'dno27jdoWI9dHyPAU2H6BJ4ClNclyFz6yriKsldI', '127.0.0.1', 'Mozilla/5.0 (Windows NT 10.0; Win64; x64) AppleWebKit/537.36 (KHTML, like Gecko) Chrome/143.0.0.0 Safari/537.36', '2026-01-03 09:35:46', NULL, NULL, 'active', '2026-01-03 09:35:46', '2026-01-03 09:35:46'),
(47, 2, 'dno27jdoWI9dHyPAU2H6BJ4ClNclyFz6yriKsldI', '127.0.0.1', 'Mozilla/5.0 (Windows NT 10.0; Win64; x64) AppleWebKit/537.36 (KHTML, like Gecko) Chrome/143.0.0.0 Safari/537.36', '2026-01-03 09:35:46', NULL, NULL, 'active', '2026-01-03 09:35:46', '2026-01-03 09:35:46'),
(48, 2, 'yxW76fQqVyKkKTL6NRn0DwnUBVPEE1p9xstWijBB', '127.0.0.1', 'Mozilla/5.0 (Windows NT 10.0; Win64; x64) AppleWebKit/537.36 (KHTML, like Gecko) Chrome/143.0.0.0 Safari/537.36', '2026-01-03 09:35:56', NULL, NULL, 'active', '2026-01-03 09:35:56', '2026-01-03 09:35:56'),
(49, 2, 'yxW76fQqVyKkKTL6NRn0DwnUBVPEE1p9xstWijBB', '127.0.0.1', 'Mozilla/5.0 (Windows NT 10.0; Win64; x64) AppleWebKit/537.36 (KHTML, like Gecko) Chrome/143.0.0.0 Safari/537.36', '2026-01-03 09:35:56', NULL, NULL, 'active', '2026-01-03 09:35:56', '2026-01-03 09:35:56'),
(50, 2, '0fWyTUZpL9ckToYHdEGTwm5rGtP2Icb8ZCXgm305', '127.0.0.1', 'Mozilla/5.0 (Windows NT 10.0; Win64; x64) AppleWebKit/537.36 (KHTML, like Gecko) Chrome/143.0.0.0 Safari/537.36', '2026-01-03 09:36:00', NULL, NULL, 'active', '2026-01-03 09:36:00', '2026-01-03 09:36:00'),
(51, 2, '0fWyTUZpL9ckToYHdEGTwm5rGtP2Icb8ZCXgm305', '127.0.0.1', 'Mozilla/5.0 (Windows NT 10.0; Win64; x64) AppleWebKit/537.36 (KHTML, like Gecko) Chrome/143.0.0.0 Safari/537.36', '2026-01-03 09:36:00', NULL, NULL, 'active', '2026-01-03 09:36:00', '2026-01-03 09:36:00'),
(52, 2, 'Um40rNfWaC5E3FzrgPRijAZvSeoduO0VBM63sAdF', '127.0.0.1', 'Mozilla/5.0 (Windows NT 10.0; Win64; x64) AppleWebKit/537.36 (KHTML, like Gecko) Chrome/143.0.0.0 Safari/537.36', '2026-01-03 09:37:24', NULL, NULL, 'active', '2026-01-03 09:37:24', '2026-01-03 09:37:24'),
(53, 2, 'Um40rNfWaC5E3FzrgPRijAZvSeoduO0VBM63sAdF', '127.0.0.1', 'Mozilla/5.0 (Windows NT 10.0; Win64; x64) AppleWebKit/537.36 (KHTML, like Gecko) Chrome/143.0.0.0 Safari/537.36', '2026-01-03 09:37:24', NULL, NULL, 'active', '2026-01-03 09:37:24', '2026-01-03 09:37:24'),
(54, 2, 'r6vR4OZOwlalSWLeZOMp90ydZb5W0XpqBaDiYEtY', '127.0.0.1', 'Mozilla/5.0 (Windows NT 10.0; Win64; x64) AppleWebKit/537.36 (KHTML, like Gecko) Chrome/143.0.0.0 Safari/537.36', '2026-01-03 09:37:30', NULL, NULL, 'active', '2026-01-03 09:37:30', '2026-01-03 09:37:30'),
(55, 2, 'r6vR4OZOwlalSWLeZOMp90ydZb5W0XpqBaDiYEtY', '127.0.0.1', 'Mozilla/5.0 (Windows NT 10.0; Win64; x64) AppleWebKit/537.36 (KHTML, like Gecko) Chrome/143.0.0.0 Safari/537.36', '2026-01-03 09:37:30', NULL, NULL, 'active', '2026-01-03 09:37:30', '2026-01-03 09:37:30'),
(56, 2, 'aA3vP1L7TwtTouSKCB4NGY3mYOPGuV4RgjbcpIGJ', '127.0.0.1', 'Mozilla/5.0 (Windows NT 10.0; Win64; x64) AppleWebKit/537.36 (KHTML, like Gecko) Chrome/143.0.0.0 Safari/537.36', '2026-01-03 09:37:34', NULL, NULL, 'active', '2026-01-03 09:37:34', '2026-01-03 09:37:34'),
(57, 2, 'aA3vP1L7TwtTouSKCB4NGY3mYOPGuV4RgjbcpIGJ', '127.0.0.1', 'Mozilla/5.0 (Windows NT 10.0; Win64; x64) AppleWebKit/537.36 (KHTML, like Gecko) Chrome/143.0.0.0 Safari/537.36', '2026-01-03 09:37:34', NULL, NULL, 'active', '2026-01-03 09:37:34', '2026-01-03 09:37:34'),
(58, 2, '5iJ2ARuqtZmvRD2DOZLJ44GXisrSh8Acu647uEFM', '127.0.0.1', 'Mozilla/5.0 (Windows NT 10.0; Win64; x64) AppleWebKit/537.36 (KHTML, like Gecko) Chrome/143.0.0.0 Safari/537.36', '2026-01-03 09:37:41', NULL, NULL, 'active', '2026-01-03 09:37:41', '2026-01-03 09:37:41'),
(59, 2, '5iJ2ARuqtZmvRD2DOZLJ44GXisrSh8Acu647uEFM', '127.0.0.1', 'Mozilla/5.0 (Windows NT 10.0; Win64; x64) AppleWebKit/537.36 (KHTML, like Gecko) Chrome/143.0.0.0 Safari/537.36', '2026-01-03 09:37:41', NULL, NULL, 'active', '2026-01-03 09:37:41', '2026-01-03 09:37:41'),
(60, 2, 'icFIoqGv0GShEz3OQSQ3QeytEnJ71uPBHuJMCcM9', '127.0.0.1', 'Mozilla/5.0 (Windows NT 10.0; Win64; x64) AppleWebKit/537.36 (KHTML, like Gecko) Chrome/143.0.0.0 Safari/537.36', '2026-01-03 09:37:45', NULL, '2026-01-03 09:39:32', 'logged_out', '2026-01-03 09:37:45', '2026-01-03 09:39:32'),
(61, 2, 'icFIoqGv0GShEz3OQSQ3QeytEnJ71uPBHuJMCcM9', '127.0.0.1', 'Mozilla/5.0 (Windows NT 10.0; Win64; x64) AppleWebKit/537.36 (KHTML, like Gecko) Chrome/143.0.0.0 Safari/537.36', '2026-01-03 09:37:45', NULL, '2026-01-03 09:39:32', 'logged_out', '2026-01-03 09:37:45', '2026-01-03 09:39:32'),
(62, 1, 'ybHtSFKk2yfGLCO1Nwe7DC1q68rFJ8uSIXEQtkKq', '127.0.0.1', 'Mozilla/5.0 (Windows NT 10.0; Win64; x64) AppleWebKit/537.36 (KHTML, like Gecko) Chrome/143.0.0.0 Safari/537.36', '2026-01-03 09:58:08', NULL, NULL, 'active', '2026-01-03 09:58:08', '2026-01-03 09:58:08'),
(63, 1, 'ybHtSFKk2yfGLCO1Nwe7DC1q68rFJ8uSIXEQtkKq', '127.0.0.1', 'Mozilla/5.0 (Windows NT 10.0; Win64; x64) AppleWebKit/537.36 (KHTML, like Gecko) Chrome/143.0.0.0 Safari/537.36', '2026-01-03 09:58:08', NULL, NULL, 'active', '2026-01-03 09:58:08', '2026-01-03 09:58:08'),
(64, 1, 'jlpAGFJgFMi2P4acW131fScWGE9taRG84AlmFsi4', '127.0.0.1', 'Mozilla/5.0 (Windows NT 10.0; Win64; x64) AppleWebKit/537.36 (KHTML, like Gecko) Chrome/143.0.0.0 Safari/537.36', '2026-01-03 09:58:09', NULL, NULL, 'active', '2026-01-03 09:58:09', '2026-01-03 09:58:09'),
(65, 1, 'jlpAGFJgFMi2P4acW131fScWGE9taRG84AlmFsi4', '127.0.0.1', 'Mozilla/5.0 (Windows NT 10.0; Win64; x64) AppleWebKit/537.36 (KHTML, like Gecko) Chrome/143.0.0.0 Safari/537.36', '2026-01-03 09:58:09', NULL, NULL, 'active', '2026-01-03 09:58:09', '2026-01-03 09:58:09'),
(66, 1, '7vPXi8rB06JIl3hPWFXs7c752o2oq0JbdPCku5sH', '127.0.0.1', 'Mozilla/5.0 (Windows NT 10.0; Win64; x64) AppleWebKit/537.36 (KHTML, like Gecko) Chrome/143.0.0.0 Safari/537.36', '2026-01-03 09:58:14', NULL, NULL, 'active', '2026-01-03 09:58:14', '2026-01-03 09:58:14'),
(67, 1, '7vPXi8rB06JIl3hPWFXs7c752o2oq0JbdPCku5sH', '127.0.0.1', 'Mozilla/5.0 (Windows NT 10.0; Win64; x64) AppleWebKit/537.36 (KHTML, like Gecko) Chrome/143.0.0.0 Safari/537.36', '2026-01-03 09:58:14', NULL, NULL, 'active', '2026-01-03 09:58:14', '2026-01-03 09:58:14'),
(68, 1, 'TvaaUV17jDUk98yke7DI47kgbZoIvwPYAx3bDWAY', '127.0.0.1', 'Mozilla/5.0 (Windows NT 10.0; Win64; x64) AppleWebKit/537.36 (KHTML, like Gecko) Chrome/143.0.0.0 Safari/537.36', '2026-01-03 09:58:15', NULL, NULL, 'active', '2026-01-03 09:58:15', '2026-01-03 09:58:15'),
(69, 1, 'TvaaUV17jDUk98yke7DI47kgbZoIvwPYAx3bDWAY', '127.0.0.1', 'Mozilla/5.0 (Windows NT 10.0; Win64; x64) AppleWebKit/537.36 (KHTML, like Gecko) Chrome/143.0.0.0 Safari/537.36', '2026-01-03 09:58:15', NULL, NULL, 'active', '2026-01-03 09:58:15', '2026-01-03 09:58:15'),
(70, 1, 'LzOm7luEicB5WObyoMRlTY0dDbZwX4TyQ5tRwc0b', '127.0.0.1', 'Mozilla/5.0 (Windows NT 10.0; Win64; x64) AppleWebKit/537.36 (KHTML, like Gecko) Chrome/143.0.0.0 Safari/537.36', '2026-01-03 09:58:27', NULL, NULL, 'active', '2026-01-03 09:58:27', '2026-01-03 09:58:27'),
(71, 1, 'LzOm7luEicB5WObyoMRlTY0dDbZwX4TyQ5tRwc0b', '127.0.0.1', 'Mozilla/5.0 (Windows NT 10.0; Win64; x64) AppleWebKit/537.36 (KHTML, like Gecko) Chrome/143.0.0.0 Safari/537.36', '2026-01-03 09:58:27', NULL, NULL, 'active', '2026-01-03 09:58:27', '2026-01-03 09:58:27'),
(72, 1, 'pCgYEg0bYLDaNCtPZuxC6S8Ku3ezqn8D2Bg9v8er', '127.0.0.1', 'Mozilla/5.0 (Windows NT 10.0; Win64; x64) AppleWebKit/537.36 (KHTML, like Gecko) Chrome/143.0.0.0 Safari/537.36', '2026-01-03 10:00:21', NULL, NULL, 'active', '2026-01-03 10:00:21', '2026-01-03 10:00:21'),
(73, 1, 'pCgYEg0bYLDaNCtPZuxC6S8Ku3ezqn8D2Bg9v8er', '127.0.0.1', 'Mozilla/5.0 (Windows NT 10.0; Win64; x64) AppleWebKit/537.36 (KHTML, like Gecko) Chrome/143.0.0.0 Safari/537.36', '2026-01-03 10:00:21', NULL, NULL, 'active', '2026-01-03 10:00:21', '2026-01-03 10:00:21'),
(74, 1, '3YU4zOS4iv4HmhakgaMsHDahAJbQ7AhDEitcpQlX', '127.0.0.1', 'Mozilla/5.0 (Windows NT 10.0; Win64; x64) AppleWebKit/537.36 (KHTML, like Gecko) Chrome/143.0.0.0 Safari/537.36', '2026-01-03 10:00:24', NULL, NULL, 'active', '2026-01-03 10:00:24', '2026-01-03 10:00:24'),
(75, 1, '3YU4zOS4iv4HmhakgaMsHDahAJbQ7AhDEitcpQlX', '127.0.0.1', 'Mozilla/5.0 (Windows NT 10.0; Win64; x64) AppleWebKit/537.36 (KHTML, like Gecko) Chrome/143.0.0.0 Safari/537.36', '2026-01-03 10:00:24', NULL, NULL, 'active', '2026-01-03 10:00:24', '2026-01-03 10:00:24'),
(76, 1, 'Qy3wZBaxCGyIbVI9rJ4hUJSjGdc3ly37RyRmlbeS', '127.0.0.1', 'Mozilla/5.0 (Windows NT 10.0; Win64; x64) AppleWebKit/537.36 (KHTML, like Gecko) Chrome/143.0.0.0 Safari/537.36', '2026-01-03 10:00:32', NULL, NULL, 'active', '2026-01-03 10:00:32', '2026-01-03 10:00:32'),
(77, 1, 'Qy3wZBaxCGyIbVI9rJ4hUJSjGdc3ly37RyRmlbeS', '127.0.0.1', 'Mozilla/5.0 (Windows NT 10.0; Win64; x64) AppleWebKit/537.36 (KHTML, like Gecko) Chrome/143.0.0.0 Safari/537.36', '2026-01-03 10:00:32', NULL, NULL, 'active', '2026-01-03 10:00:32', '2026-01-03 10:00:32'),
(78, 1, 'O8Vj2ARBuwxzRh08Crm5EEwO41Z0gSuiVEPiw8GL', '127.0.0.1', 'Mozilla/5.0 (Windows NT 10.0; Win64; x64) AppleWebKit/537.36 (KHTML, like Gecko) Chrome/143.0.0.0 Safari/537.36', '2026-01-03 10:00:33', NULL, NULL, 'active', '2026-01-03 10:00:33', '2026-01-03 10:00:33'),
(79, 1, 'O8Vj2ARBuwxzRh08Crm5EEwO41Z0gSuiVEPiw8GL', '127.0.0.1', 'Mozilla/5.0 (Windows NT 10.0; Win64; x64) AppleWebKit/537.36 (KHTML, like Gecko) Chrome/143.0.0.0 Safari/537.36', '2026-01-03 10:00:33', NULL, NULL, 'active', '2026-01-03 10:00:33', '2026-01-03 10:00:33'),
(80, 1, '5JckPu3HPcuYPOjSFn0RlcLsaY5hiNvxIcHvPvrS', '127.0.0.1', 'Mozilla/5.0 (Windows NT 10.0; Win64; x64) AppleWebKit/537.36 (KHTML, like Gecko) Chrome/143.0.0.0 Safari/537.36', '2026-01-03 10:00:37', NULL, NULL, 'active', '2026-01-03 10:00:37', '2026-01-03 10:00:37'),
(81, 1, '5JckPu3HPcuYPOjSFn0RlcLsaY5hiNvxIcHvPvrS', '127.0.0.1', 'Mozilla/5.0 (Windows NT 10.0; Win64; x64) AppleWebKit/537.36 (KHTML, like Gecko) Chrome/143.0.0.0 Safari/537.36', '2026-01-03 10:00:37', NULL, NULL, 'active', '2026-01-03 10:00:37', '2026-01-03 10:00:37'),
(82, 1, '7Q1V4H2wDeotjuPsAizup7Eo0blTTijOkV6NfEBa', '127.0.0.1', 'Mozilla/5.0 (Windows NT 10.0; Win64; x64) AppleWebKit/537.36 (KHTML, like Gecko) Chrome/143.0.0.0 Safari/537.36', '2026-01-03 10:00:38', NULL, NULL, 'active', '2026-01-03 10:00:38', '2026-01-03 10:00:38'),
(83, 1, '7Q1V4H2wDeotjuPsAizup7Eo0blTTijOkV6NfEBa', '127.0.0.1', 'Mozilla/5.0 (Windows NT 10.0; Win64; x64) AppleWebKit/537.36 (KHTML, like Gecko) Chrome/143.0.0.0 Safari/537.36', '2026-01-03 10:00:38', NULL, NULL, 'active', '2026-01-03 10:00:38', '2026-01-03 10:00:38'),
(84, 1, 'NzcU7IUeItMxZEI6W9TUsUfsyFdyhZPom3tYm15v', '127.0.0.1', 'Mozilla/5.0 (Windows NT 10.0; Win64; x64) AppleWebKit/537.36 (KHTML, like Gecko) Chrome/143.0.0.0 Safari/537.36', '2026-01-03 10:00:49', NULL, NULL, 'active', '2026-01-03 10:00:49', '2026-01-03 10:00:49'),
(85, 1, 'NzcU7IUeItMxZEI6W9TUsUfsyFdyhZPom3tYm15v', '127.0.0.1', 'Mozilla/5.0 (Windows NT 10.0; Win64; x64) AppleWebKit/537.36 (KHTML, like Gecko) Chrome/143.0.0.0 Safari/537.36', '2026-01-03 10:00:49', NULL, NULL, 'active', '2026-01-03 10:00:49', '2026-01-03 10:00:49'),
(86, 1, '35Yg4kMKwypwyY5ozSqwy0iJateMuhV5R8rml8wr', '127.0.0.1', 'Mozilla/5.0 (Windows NT 10.0; Win64; x64) AppleWebKit/537.36 (KHTML, like Gecko) Chrome/143.0.0.0 Safari/537.36', '2026-01-03 10:00:49', NULL, NULL, 'active', '2026-01-03 10:00:49', '2026-01-03 10:00:49'),
(87, 1, '35Yg4kMKwypwyY5ozSqwy0iJateMuhV5R8rml8wr', '127.0.0.1', 'Mozilla/5.0 (Windows NT 10.0; Win64; x64) AppleWebKit/537.36 (KHTML, like Gecko) Chrome/143.0.0.0 Safari/537.36', '2026-01-03 10:00:49', NULL, NULL, 'active', '2026-01-03 10:00:49', '2026-01-03 10:00:49'),
(88, 1, 'ppX5UqqYLFP4enRJu5Dak2xbo4IvhFjw3nP9BwUU', '127.0.0.1', 'Mozilla/5.0 (Windows NT 10.0; Win64; x64) AppleWebKit/537.36 (KHTML, like Gecko) Chrome/143.0.0.0 Safari/537.36', '2026-01-03 10:01:04', NULL, NULL, 'active', '2026-01-03 10:01:04', '2026-01-03 10:01:04'),
(89, 1, 'ppX5UqqYLFP4enRJu5Dak2xbo4IvhFjw3nP9BwUU', '127.0.0.1', 'Mozilla/5.0 (Windows NT 10.0; Win64; x64) AppleWebKit/537.36 (KHTML, like Gecko) Chrome/143.0.0.0 Safari/537.36', '2026-01-03 10:01:04', NULL, NULL, 'active', '2026-01-03 10:01:04', '2026-01-03 10:01:04'),
(90, 1, 'Nnhh1z9L8dX9Q2wjCPvsEam8v6mNoVrrN6Rn7f1o', '127.0.0.1', 'Mozilla/5.0 (Windows NT 10.0; Win64; x64) AppleWebKit/537.36 (KHTML, like Gecko) Chrome/143.0.0.0 Safari/537.36', '2026-01-03 10:01:07', NULL, NULL, 'active', '2026-01-03 10:01:07', '2026-01-03 10:01:07'),
(91, 1, 'Nnhh1z9L8dX9Q2wjCPvsEam8v6mNoVrrN6Rn7f1o', '127.0.0.1', 'Mozilla/5.0 (Windows NT 10.0; Win64; x64) AppleWebKit/537.36 (KHTML, like Gecko) Chrome/143.0.0.0 Safari/537.36', '2026-01-03 10:01:07', NULL, NULL, 'active', '2026-01-03 10:01:07', '2026-01-03 10:01:07'),
(92, 1, 'S2cjwqNVH3Bp2Vd47cNomKdEpAHkIMIoCi1OiWnP', '127.0.0.1', 'Mozilla/5.0 (Windows NT 10.0; Win64; x64) AppleWebKit/537.36 (KHTML, like Gecko) Chrome/143.0.0.0 Safari/537.36', '2026-01-03 10:01:10', NULL, NULL, 'active', '2026-01-03 10:01:10', '2026-01-03 10:01:10'),
(93, 1, 'S2cjwqNVH3Bp2Vd47cNomKdEpAHkIMIoCi1OiWnP', '127.0.0.1', 'Mozilla/5.0 (Windows NT 10.0; Win64; x64) AppleWebKit/537.36 (KHTML, like Gecko) Chrome/143.0.0.0 Safari/537.36', '2026-01-03 10:01:10', NULL, NULL, 'active', '2026-01-03 10:01:10', '2026-01-03 10:01:10'),
(94, 1, 'pGAwKSLS14HTj5yNWCckJXbWNmKDMrQb7qCe87IE', '127.0.0.1', 'Mozilla/5.0 (Windows NT 10.0; Win64; x64) AppleWebKit/537.36 (KHTML, like Gecko) Chrome/143.0.0.0 Safari/537.36', '2026-01-03 10:01:13', NULL, NULL, 'active', '2026-01-03 10:01:13', '2026-01-03 10:01:13'),
(95, 1, 'pGAwKSLS14HTj5yNWCckJXbWNmKDMrQb7qCe87IE', '127.0.0.1', 'Mozilla/5.0 (Windows NT 10.0; Win64; x64) AppleWebKit/537.36 (KHTML, like Gecko) Chrome/143.0.0.0 Safari/537.36', '2026-01-03 10:01:13', NULL, NULL, 'active', '2026-01-03 10:01:13', '2026-01-03 10:01:13'),
(96, 1, 'LRoJKJOHiiXgCm9IevY18sySmhs5xHb7Jo1Jeep2', '127.0.0.1', 'Mozilla/5.0 (Windows NT 10.0; Win64; x64) AppleWebKit/537.36 (KHTML, like Gecko) Chrome/143.0.0.0 Safari/537.36', '2026-01-03 10:02:42', NULL, NULL, 'active', '2026-01-03 10:02:42', '2026-01-03 10:02:42'),
(97, 1, 'LRoJKJOHiiXgCm9IevY18sySmhs5xHb7Jo1Jeep2', '127.0.0.1', 'Mozilla/5.0 (Windows NT 10.0; Win64; x64) AppleWebKit/537.36 (KHTML, like Gecko) Chrome/143.0.0.0 Safari/537.36', '2026-01-03 10:02:42', NULL, NULL, 'active', '2026-01-03 10:02:42', '2026-01-03 10:02:42'),
(98, 1, 'VQKF0aNKaZTuWr2qh9FqpFUMdkzq339NsXcSMTbD', '127.0.0.1', 'Mozilla/5.0 (Windows NT 10.0; Win64; x64) AppleWebKit/537.36 (KHTML, like Gecko) Chrome/143.0.0.0 Safari/537.36', '2026-01-03 10:02:45', NULL, NULL, 'active', '2026-01-03 10:02:45', '2026-01-03 10:02:45'),
(99, 1, 'VQKF0aNKaZTuWr2qh9FqpFUMdkzq339NsXcSMTbD', '127.0.0.1', 'Mozilla/5.0 (Windows NT 10.0; Win64; x64) AppleWebKit/537.36 (KHTML, like Gecko) Chrome/143.0.0.0 Safari/537.36', '2026-01-03 10:02:45', NULL, NULL, 'active', '2026-01-03 10:02:45', '2026-01-03 10:02:45'),
(100, 1, 'XsG5FWFNslRiGQaIViXh2YXIcYlyhUGQ1xEWLd3X', '127.0.0.1', 'Mozilla/5.0 (Windows NT 10.0; Win64; x64) AppleWebKit/537.36 (KHTML, like Gecko) Chrome/143.0.0.0 Safari/537.36', '2026-01-03 10:02:47', NULL, NULL, 'active', '2026-01-03 10:02:47', '2026-01-03 10:02:47'),
(101, 1, 'XsG5FWFNslRiGQaIViXh2YXIcYlyhUGQ1xEWLd3X', '127.0.0.1', 'Mozilla/5.0 (Windows NT 10.0; Win64; x64) AppleWebKit/537.36 (KHTML, like Gecko) Chrome/143.0.0.0 Safari/537.36', '2026-01-03 10:02:47', NULL, NULL, 'active', '2026-01-03 10:02:47', '2026-01-03 10:02:47'),
(102, 1, 'OBacP4ep9IlyKEpzraaSOzQl9Jzewd48uXFZqTgb', '127.0.0.1', 'Mozilla/5.0 (Windows NT 10.0; Win64; x64) AppleWebKit/537.36 (KHTML, like Gecko) Chrome/143.0.0.0 Safari/537.36', '2026-01-03 10:02:54', NULL, NULL, 'active', '2026-01-03 10:02:54', '2026-01-03 10:02:54'),
(103, 1, 'OBacP4ep9IlyKEpzraaSOzQl9Jzewd48uXFZqTgb', '127.0.0.1', 'Mozilla/5.0 (Windows NT 10.0; Win64; x64) AppleWebKit/537.36 (KHTML, like Gecko) Chrome/143.0.0.0 Safari/537.36', '2026-01-03 10:02:54', NULL, NULL, 'active', '2026-01-03 10:02:54', '2026-01-03 10:02:54'),
(104, 1, 'CG3mpk3BzZJhd9PomiBd1RWihgd1dL9xwUXdsZ8w', '127.0.0.1', 'Mozilla/5.0 (Windows NT 10.0; Win64; x64) AppleWebKit/537.36 (KHTML, like Gecko) Chrome/143.0.0.0 Safari/537.36', '2026-01-03 10:02:58', NULL, NULL, 'active', '2026-01-03 10:02:58', '2026-01-03 10:02:58'),
(105, 1, 'CG3mpk3BzZJhd9PomiBd1RWihgd1dL9xwUXdsZ8w', '127.0.0.1', 'Mozilla/5.0 (Windows NT 10.0; Win64; x64) AppleWebKit/537.36 (KHTML, like Gecko) Chrome/143.0.0.0 Safari/537.36', '2026-01-03 10:02:58', NULL, NULL, 'active', '2026-01-03 10:02:58', '2026-01-03 10:02:58'),
(106, 1, 'MzYCAPUQp2wG75oMgLwEcxdmX9moh8aHb6eUXo5i', '127.0.0.1', 'Mozilla/5.0 (Windows NT 10.0; Win64; x64) AppleWebKit/537.36 (KHTML, like Gecko) Chrome/143.0.0.0 Safari/537.36', '2026-01-03 10:02:59', NULL, NULL, 'active', '2026-01-03 10:02:59', '2026-01-03 10:02:59'),
(107, 1, 'MzYCAPUQp2wG75oMgLwEcxdmX9moh8aHb6eUXo5i', '127.0.0.1', 'Mozilla/5.0 (Windows NT 10.0; Win64; x64) AppleWebKit/537.36 (KHTML, like Gecko) Chrome/143.0.0.0 Safari/537.36', '2026-01-03 10:02:59', NULL, NULL, 'active', '2026-01-03 10:02:59', '2026-01-03 10:02:59'),
(108, 1, 'YEGh3HWAeeLaK9OXYAFuFLZkhOfyOulaTgKtPsOK', '127.0.0.1', 'Mozilla/5.0 (Windows NT 10.0; Win64; x64) AppleWebKit/537.36 (KHTML, like Gecko) Chrome/143.0.0.0 Safari/537.36', '2026-01-03 10:03:00', NULL, NULL, 'active', '2026-01-03 10:03:00', '2026-01-03 10:03:00'),
(109, 1, 'YEGh3HWAeeLaK9OXYAFuFLZkhOfyOulaTgKtPsOK', '127.0.0.1', 'Mozilla/5.0 (Windows NT 10.0; Win64; x64) AppleWebKit/537.36 (KHTML, like Gecko) Chrome/143.0.0.0 Safari/537.36', '2026-01-03 10:03:00', NULL, NULL, 'active', '2026-01-03 10:03:00', '2026-01-03 10:03:00'),
(110, 1, 'jTstgr12UKqe1cD1kgFtw8VZg1eCzo1bUgWOqWjo', '127.0.0.1', 'Mozilla/5.0 (Windows NT 10.0; Win64; x64) AppleWebKit/537.36 (KHTML, like Gecko) Chrome/143.0.0.0 Safari/537.36', '2026-01-03 10:03:01', NULL, NULL, 'active', '2026-01-03 10:03:01', '2026-01-03 10:03:01'),
(111, 1, 'jTstgr12UKqe1cD1kgFtw8VZg1eCzo1bUgWOqWjo', '127.0.0.1', 'Mozilla/5.0 (Windows NT 10.0; Win64; x64) AppleWebKit/537.36 (KHTML, like Gecko) Chrome/143.0.0.0 Safari/537.36', '2026-01-03 10:03:01', NULL, NULL, 'active', '2026-01-03 10:03:01', '2026-01-03 10:03:01'),
(112, 1, 'nHZxyY8GkfLQ6b5grrVGD8tcBFmXgCPUJuNOaNyV', '127.0.0.1', 'Mozilla/5.0 (Windows NT 10.0; Win64; x64) AppleWebKit/537.36 (KHTML, like Gecko) Chrome/143.0.0.0 Safari/537.36', '2026-01-03 10:03:28', NULL, NULL, 'active', '2026-01-03 10:03:28', '2026-01-03 10:03:28'),
(113, 1, 'nHZxyY8GkfLQ6b5grrVGD8tcBFmXgCPUJuNOaNyV', '127.0.0.1', 'Mozilla/5.0 (Windows NT 10.0; Win64; x64) AppleWebKit/537.36 (KHTML, like Gecko) Chrome/143.0.0.0 Safari/537.36', '2026-01-03 10:03:28', NULL, NULL, 'active', '2026-01-03 10:03:28', '2026-01-03 10:03:28'),
(114, 1, 'rNZqZfwKOeNkxACGhB4xNm06CynETFJHipT2XwRQ', '127.0.0.1', 'Mozilla/5.0 (Windows NT 10.0; Win64; x64) AppleWebKit/537.36 (KHTML, like Gecko) Chrome/143.0.0.0 Safari/537.36', '2026-01-03 10:03:30', NULL, NULL, 'active', '2026-01-03 10:03:30', '2026-01-03 10:03:30'),
(115, 1, 'rNZqZfwKOeNkxACGhB4xNm06CynETFJHipT2XwRQ', '127.0.0.1', 'Mozilla/5.0 (Windows NT 10.0; Win64; x64) AppleWebKit/537.36 (KHTML, like Gecko) Chrome/143.0.0.0 Safari/537.36', '2026-01-03 10:03:30', NULL, NULL, 'active', '2026-01-03 10:03:30', '2026-01-03 10:03:30'),
(116, 1, 'wd7wOaD7dtTDPjrNOAXewZlhIMpocJfwngONT04X', '127.0.0.1', 'Mozilla/5.0 (Windows NT 10.0; Win64; x64) AppleWebKit/537.36 (KHTML, like Gecko) Chrome/143.0.0.0 Safari/537.36', '2026-01-03 10:03:31', NULL, NULL, 'active', '2026-01-03 10:03:31', '2026-01-03 10:03:31'),
(117, 1, 'wd7wOaD7dtTDPjrNOAXewZlhIMpocJfwngONT04X', '127.0.0.1', 'Mozilla/5.0 (Windows NT 10.0; Win64; x64) AppleWebKit/537.36 (KHTML, like Gecko) Chrome/143.0.0.0 Safari/537.36', '2026-01-03 10:03:31', NULL, NULL, 'active', '2026-01-03 10:03:31', '2026-01-03 10:03:31'),
(118, 1, 'GM4IFIU6XVPnM0Q3FCtgu1NMMphds0Yl7eoRdHMg', '127.0.0.1', 'Mozilla/5.0 (Windows NT 10.0; Win64; x64) AppleWebKit/537.36 (KHTML, like Gecko) Chrome/143.0.0.0 Safari/537.36', '2026-01-03 10:09:40', NULL, NULL, 'active', '2026-01-03 10:09:40', '2026-01-03 10:09:40'),
(119, 1, 'GM4IFIU6XVPnM0Q3FCtgu1NMMphds0Yl7eoRdHMg', '127.0.0.1', 'Mozilla/5.0 (Windows NT 10.0; Win64; x64) AppleWebKit/537.36 (KHTML, like Gecko) Chrome/143.0.0.0 Safari/537.36', '2026-01-03 10:09:40', NULL, NULL, 'active', '2026-01-03 10:09:40', '2026-01-03 10:09:40'),
(120, 1, 'wP6pe0NYVAoSlVKBkXWLRXgClIn1Sh6NSV3nautQ', '127.0.0.1', 'Mozilla/5.0 (Windows NT 10.0; Win64; x64) AppleWebKit/537.36 (KHTML, like Gecko) Chrome/143.0.0.0 Safari/537.36', '2026-01-03 10:10:45', NULL, NULL, 'active', '2026-01-03 10:10:45', '2026-01-03 10:10:45'),
(121, 1, 'wP6pe0NYVAoSlVKBkXWLRXgClIn1Sh6NSV3nautQ', '127.0.0.1', 'Mozilla/5.0 (Windows NT 10.0; Win64; x64) AppleWebKit/537.36 (KHTML, like Gecko) Chrome/143.0.0.0 Safari/537.36', '2026-01-03 10:10:45', NULL, NULL, 'active', '2026-01-03 10:10:45', '2026-01-03 10:10:45'),
(122, 1, 'tAbA4YI32MYgeHqW8fF0Na2N1mBzlAmi0jF9IH9b', '127.0.0.1', 'Mozilla/5.0 (Windows NT 10.0; Win64; x64) AppleWebKit/537.36 (KHTML, like Gecko) Chrome/143.0.0.0 Safari/537.36', '2026-01-03 10:14:54', NULL, NULL, 'active', '2026-01-03 10:14:54', '2026-01-03 10:14:54'),
(123, 1, 'tAbA4YI32MYgeHqW8fF0Na2N1mBzlAmi0jF9IH9b', '127.0.0.1', 'Mozilla/5.0 (Windows NT 10.0; Win64; x64) AppleWebKit/537.36 (KHTML, like Gecko) Chrome/143.0.0.0 Safari/537.36', '2026-01-03 10:14:54', NULL, NULL, 'active', '2026-01-03 10:14:54', '2026-01-03 10:14:54'),
(124, 1, '9i1OWnF9ERkttNKOnIHhTZC5vVs6dXX1NWP054Od', '127.0.0.1', 'Mozilla/5.0 (Windows NT 10.0; Win64; x64) AppleWebKit/537.36 (KHTML, like Gecko) Chrome/143.0.0.0 Safari/537.36', '2026-01-03 10:15:00', NULL, NULL, 'active', '2026-01-03 10:15:00', '2026-01-03 10:15:00'),
(125, 1, '9i1OWnF9ERkttNKOnIHhTZC5vVs6dXX1NWP054Od', '127.0.0.1', 'Mozilla/5.0 (Windows NT 10.0; Win64; x64) AppleWebKit/537.36 (KHTML, like Gecko) Chrome/143.0.0.0 Safari/537.36', '2026-01-03 10:15:00', NULL, NULL, 'active', '2026-01-03 10:15:00', '2026-01-03 10:15:00'),
(126, 1, 'zx7WpLPMhXido2AsZhchyqpcpYNoZxH0y6tnDi5c', '127.0.0.1', 'Mozilla/5.0 (Windows NT 10.0; Win64; x64) AppleWebKit/537.36 (KHTML, like Gecko) Chrome/143.0.0.0 Safari/537.36', '2026-01-03 10:15:02', NULL, NULL, 'active', '2026-01-03 10:15:02', '2026-01-03 10:15:02'),
(127, 1, 'zx7WpLPMhXido2AsZhchyqpcpYNoZxH0y6tnDi5c', '127.0.0.1', 'Mozilla/5.0 (Windows NT 10.0; Win64; x64) AppleWebKit/537.36 (KHTML, like Gecko) Chrome/143.0.0.0 Safari/537.36', '2026-01-03 10:15:02', NULL, NULL, 'active', '2026-01-03 10:15:02', '2026-01-03 10:15:02'),
(128, 1, '9lcEAhbiMTTPGMYmf7uf2CSiRMvOfiCaHVLYsw7s', '127.0.0.1', 'Mozilla/5.0 (Windows NT 10.0; Win64; x64) AppleWebKit/537.36 (KHTML, like Gecko) Chrome/143.0.0.0 Safari/537.36', '2026-01-03 10:16:30', NULL, NULL, 'active', '2026-01-03 10:16:30', '2026-01-03 10:16:30'),
(129, 1, '9lcEAhbiMTTPGMYmf7uf2CSiRMvOfiCaHVLYsw7s', '127.0.0.1', 'Mozilla/5.0 (Windows NT 10.0; Win64; x64) AppleWebKit/537.36 (KHTML, like Gecko) Chrome/143.0.0.0 Safari/537.36', '2026-01-03 10:16:30', NULL, NULL, 'active', '2026-01-03 10:16:30', '2026-01-03 10:16:30'),
(130, 1, '6mbPmr9eu1k91m6Vswu0NL9EZ9kTIcfflt7tacyH', '127.0.0.1', 'Mozilla/5.0 (Windows NT 10.0; Win64; x64) AppleWebKit/537.36 (KHTML, like Gecko) Chrome/143.0.0.0 Safari/537.36', '2026-01-03 10:16:32', NULL, NULL, 'active', '2026-01-03 10:16:32', '2026-01-03 10:16:32'),
(131, 1, '6mbPmr9eu1k91m6Vswu0NL9EZ9kTIcfflt7tacyH', '127.0.0.1', 'Mozilla/5.0 (Windows NT 10.0; Win64; x64) AppleWebKit/537.36 (KHTML, like Gecko) Chrome/143.0.0.0 Safari/537.36', '2026-01-03 10:16:32', NULL, NULL, 'active', '2026-01-03 10:16:32', '2026-01-03 10:16:32'),
(132, 1, '1sZOdTHLkT3n8l9x8pBesLma6geDjVGFlvK1OIZC', '127.0.0.1', 'Mozilla/5.0 (Windows NT 10.0; Win64; x64) AppleWebKit/537.36 (KHTML, like Gecko) Chrome/143.0.0.0 Safari/537.36', '2026-01-03 10:16:34', NULL, NULL, 'active', '2026-01-03 10:16:34', '2026-01-03 10:16:34'),
(133, 1, '1sZOdTHLkT3n8l9x8pBesLma6geDjVGFlvK1OIZC', '127.0.0.1', 'Mozilla/5.0 (Windows NT 10.0; Win64; x64) AppleWebKit/537.36 (KHTML, like Gecko) Chrome/143.0.0.0 Safari/537.36', '2026-01-03 10:16:34', NULL, NULL, 'active', '2026-01-03 10:16:34', '2026-01-03 10:16:34'),
(134, 1, 'HJuLt0GIConrLpypvJ7c1nRQnPi3VcPewvubNkEp', '127.0.0.1', 'Mozilla/5.0 (Windows NT 10.0; Win64; x64) AppleWebKit/537.36 (KHTML, like Gecko) Chrome/143.0.0.0 Safari/537.36', '2026-01-03 10:16:36', NULL, NULL, 'active', '2026-01-03 10:16:36', '2026-01-03 10:16:36'),
(135, 1, 'HJuLt0GIConrLpypvJ7c1nRQnPi3VcPewvubNkEp', '127.0.0.1', 'Mozilla/5.0 (Windows NT 10.0; Win64; x64) AppleWebKit/537.36 (KHTML, like Gecko) Chrome/143.0.0.0 Safari/537.36', '2026-01-03 10:16:36', NULL, NULL, 'active', '2026-01-03 10:16:36', '2026-01-03 10:16:36'),
(136, 1, 'IOkZbnl0pYCq6WLnzMrGxPedjn2uylPlicp8dS0Q', '127.0.0.1', 'Mozilla/5.0 (Windows NT 10.0; Win64; x64) AppleWebKit/537.36 (KHTML, like Gecko) Chrome/143.0.0.0 Safari/537.36', '2026-01-03 10:16:38', NULL, NULL, 'active', '2026-01-03 10:16:38', '2026-01-03 10:16:38'),
(137, 1, 'IOkZbnl0pYCq6WLnzMrGxPedjn2uylPlicp8dS0Q', '127.0.0.1', 'Mozilla/5.0 (Windows NT 10.0; Win64; x64) AppleWebKit/537.36 (KHTML, like Gecko) Chrome/143.0.0.0 Safari/537.36', '2026-01-03 10:16:38', NULL, NULL, 'active', '2026-01-03 10:16:38', '2026-01-03 10:16:38'),
(138, 1, 'iM62y5Oax6RMaeCprcuWuJHyvqOoHHVYH3gXrvhk', '127.0.0.1', 'Mozilla/5.0 (Windows NT 10.0; Win64; x64) AppleWebKit/537.36 (KHTML, like Gecko) Chrome/143.0.0.0 Safari/537.36', '2026-01-03 10:16:49', NULL, NULL, 'active', '2026-01-03 10:16:49', '2026-01-03 10:16:49'),
(139, 1, 'iM62y5Oax6RMaeCprcuWuJHyvqOoHHVYH3gXrvhk', '127.0.0.1', 'Mozilla/5.0 (Windows NT 10.0; Win64; x64) AppleWebKit/537.36 (KHTML, like Gecko) Chrome/143.0.0.0 Safari/537.36', '2026-01-03 10:16:49', NULL, NULL, 'active', '2026-01-03 10:16:49', '2026-01-03 10:16:49'),
(140, 1, 'BYgi9tYctqNaZxIbkV8NbjFavAxZMAxhyXH47Pqo', '127.0.0.1', 'Mozilla/5.0 (Windows NT 10.0; Win64; x64) AppleWebKit/537.36 (KHTML, like Gecko) Chrome/143.0.0.0 Safari/537.36', '2026-01-03 10:17:49', NULL, NULL, 'active', '2026-01-03 10:17:49', '2026-01-03 10:17:49'),
(141, 1, 'BYgi9tYctqNaZxIbkV8NbjFavAxZMAxhyXH47Pqo', '127.0.0.1', 'Mozilla/5.0 (Windows NT 10.0; Win64; x64) AppleWebKit/537.36 (KHTML, like Gecko) Chrome/143.0.0.0 Safari/537.36', '2026-01-03 10:17:49', NULL, NULL, 'active', '2026-01-03 10:17:49', '2026-01-03 10:17:49'),
(142, 1, 'O8aeOGFd055ptRLzQoVMWcGSuwEtLaSl6AaHspBv', '127.0.0.1', 'Mozilla/5.0 (Windows NT 10.0; Win64; x64) AppleWebKit/537.36 (KHTML, like Gecko) Chrome/143.0.0.0 Safari/537.36', '2026-01-03 10:17:53', NULL, NULL, 'active', '2026-01-03 10:17:53', '2026-01-03 10:17:53'),
(143, 1, 'O8aeOGFd055ptRLzQoVMWcGSuwEtLaSl6AaHspBv', '127.0.0.1', 'Mozilla/5.0 (Windows NT 10.0; Win64; x64) AppleWebKit/537.36 (KHTML, like Gecko) Chrome/143.0.0.0 Safari/537.36', '2026-01-03 10:17:53', NULL, NULL, 'active', '2026-01-03 10:17:53', '2026-01-03 10:17:53'),
(144, 1, 'vOclNtZ8DIZtlpZJazc7aSpCn0lXAmDWC1BdXnHT', '127.0.0.1', 'Mozilla/5.0 (Windows NT 10.0; Win64; x64) AppleWebKit/537.36 (KHTML, like Gecko) Chrome/143.0.0.0 Safari/537.36', '2026-01-03 10:18:22', NULL, NULL, 'active', '2026-01-03 10:18:22', '2026-01-03 10:18:22'),
(145, 1, 'vOclNtZ8DIZtlpZJazc7aSpCn0lXAmDWC1BdXnHT', '127.0.0.1', 'Mozilla/5.0 (Windows NT 10.0; Win64; x64) AppleWebKit/537.36 (KHTML, like Gecko) Chrome/143.0.0.0 Safari/537.36', '2026-01-03 10:18:22', NULL, NULL, 'active', '2026-01-03 10:18:22', '2026-01-03 10:18:22'),
(146, 1, 'NkxoBd7HeQ1ma9lMq58B4aHFhZ0QhSMLyU6Lgt0R', '127.0.0.1', 'Mozilla/5.0 (Windows NT 10.0; Win64; x64) AppleWebKit/537.36 (KHTML, like Gecko) Chrome/143.0.0.0 Safari/537.36', '2026-01-03 10:18:42', NULL, NULL, 'active', '2026-01-03 10:18:42', '2026-01-03 10:18:42'),
(147, 1, 'NkxoBd7HeQ1ma9lMq58B4aHFhZ0QhSMLyU6Lgt0R', '127.0.0.1', 'Mozilla/5.0 (Windows NT 10.0; Win64; x64) AppleWebKit/537.36 (KHTML, like Gecko) Chrome/143.0.0.0 Safari/537.36', '2026-01-03 10:18:42', NULL, NULL, 'active', '2026-01-03 10:18:42', '2026-01-03 10:18:42'),
(148, 1, 'Fw9wS1cHMRkuzP68rGsg9QlMqdPAGYkATKl2u0ur', '127.0.0.1', 'Mozilla/5.0 (Windows NT 10.0; Win64; x64) AppleWebKit/537.36 (KHTML, like Gecko) Chrome/143.0.0.0 Safari/537.36', '2026-01-03 10:19:00', NULL, NULL, 'active', '2026-01-03 10:19:00', '2026-01-03 10:19:00'),
(149, 1, 'Fw9wS1cHMRkuzP68rGsg9QlMqdPAGYkATKl2u0ur', '127.0.0.1', 'Mozilla/5.0 (Windows NT 10.0; Win64; x64) AppleWebKit/537.36 (KHTML, like Gecko) Chrome/143.0.0.0 Safari/537.36', '2026-01-03 10:19:00', NULL, NULL, 'active', '2026-01-03 10:19:00', '2026-01-03 10:19:00'),
(150, 1, 'niBET7WtZBITP8RZ01KsXHjyOlJ5nd4idXVj48rh', '127.0.0.1', 'Mozilla/5.0 (Windows NT 10.0; Win64; x64) AppleWebKit/537.36 (KHTML, like Gecko) Chrome/143.0.0.0 Safari/537.36', '2026-01-03 10:19:01', NULL, NULL, 'active', '2026-01-03 10:19:01', '2026-01-03 10:19:01'),
(151, 1, 'niBET7WtZBITP8RZ01KsXHjyOlJ5nd4idXVj48rh', '127.0.0.1', 'Mozilla/5.0 (Windows NT 10.0; Win64; x64) AppleWebKit/537.36 (KHTML, like Gecko) Chrome/143.0.0.0 Safari/537.36', '2026-01-03 10:19:01', NULL, NULL, 'active', '2026-01-03 10:19:01', '2026-01-03 10:19:01'),
(152, 1, 'OVowLKkKxnN4qlYPyBvFFKNY8zwd0QXT1zlm6ZM1', '127.0.0.1', 'Mozilla/5.0 (Windows NT 10.0; Win64; x64) AppleWebKit/537.36 (KHTML, like Gecko) Chrome/143.0.0.0 Safari/537.36', '2026-01-03 10:19:02', NULL, NULL, 'active', '2026-01-03 10:19:02', '2026-01-03 10:19:02'),
(153, 1, 'OVowLKkKxnN4qlYPyBvFFKNY8zwd0QXT1zlm6ZM1', '127.0.0.1', 'Mozilla/5.0 (Windows NT 10.0; Win64; x64) AppleWebKit/537.36 (KHTML, like Gecko) Chrome/143.0.0.0 Safari/537.36', '2026-01-03 10:19:02', NULL, NULL, 'active', '2026-01-03 10:19:02', '2026-01-03 10:19:02'),
(154, 1, '1T3xnNAYwUVYbFW6FRAOwl40AeYwoIxhQ5CtpPjk', '127.0.0.1', 'Mozilla/5.0 (Windows NT 10.0; Win64; x64) AppleWebKit/537.36 (KHTML, like Gecko) Chrome/143.0.0.0 Safari/537.36', '2026-01-03 10:19:02', NULL, NULL, 'active', '2026-01-03 10:19:02', '2026-01-03 10:19:02'),
(155, 1, '1T3xnNAYwUVYbFW6FRAOwl40AeYwoIxhQ5CtpPjk', '127.0.0.1', 'Mozilla/5.0 (Windows NT 10.0; Win64; x64) AppleWebKit/537.36 (KHTML, like Gecko) Chrome/143.0.0.0 Safari/537.36', '2026-01-03 10:19:02', NULL, NULL, 'active', '2026-01-03 10:19:02', '2026-01-03 10:19:02'),
(156, 1, 'SMO7DLWV5zARrhdSi3PmFJRdBLIE9VATcZqkN3gn', '127.0.0.1', 'Mozilla/5.0 (Windows NT 10.0; Win64; x64) AppleWebKit/537.36 (KHTML, like Gecko) Chrome/143.0.0.0 Safari/537.36', '2026-01-03 10:22:50', NULL, NULL, 'active', '2026-01-03 10:22:50', '2026-01-03 10:22:50'),
(157, 1, 'SMO7DLWV5zARrhdSi3PmFJRdBLIE9VATcZqkN3gn', '127.0.0.1', 'Mozilla/5.0 (Windows NT 10.0; Win64; x64) AppleWebKit/537.36 (KHTML, like Gecko) Chrome/143.0.0.0 Safari/537.36', '2026-01-03 10:22:50', NULL, NULL, 'active', '2026-01-03 10:22:50', '2026-01-03 10:22:50'),
(158, 1, 'Udg1XlGNO1RWmUgcXYLUWeJzuOm1bdmOWl3rg0Fz', '127.0.0.1', 'Mozilla/5.0 (Windows NT 10.0; Win64; x64) AppleWebKit/537.36 (KHTML, like Gecko) Chrome/143.0.0.0 Safari/537.36', '2026-01-03 10:23:07', NULL, NULL, 'active', '2026-01-03 10:23:07', '2026-01-03 10:23:07'),
(159, 1, 'Udg1XlGNO1RWmUgcXYLUWeJzuOm1bdmOWl3rg0Fz', '127.0.0.1', 'Mozilla/5.0 (Windows NT 10.0; Win64; x64) AppleWebKit/537.36 (KHTML, like Gecko) Chrome/143.0.0.0 Safari/537.36', '2026-01-03 10:23:07', NULL, NULL, 'active', '2026-01-03 10:23:07', '2026-01-03 10:23:07'),
(160, 1, 'vfToxD8gJ5E7AmhVS1LhKvadex0LcbbXvMuckBcS', '127.0.0.1', 'Mozilla/5.0 (iPhone; CPU iPhone OS 18_5 like Mac OS X) AppleWebKit/605.1.15 (KHTML, like Gecko) Version/18.5 Mobile/15E148 Safari/604.1', '2026-01-03 10:25:24', NULL, NULL, 'active', '2026-01-03 10:25:24', '2026-01-03 10:25:24'),
(161, 1, 'vfToxD8gJ5E7AmhVS1LhKvadex0LcbbXvMuckBcS', '127.0.0.1', 'Mozilla/5.0 (iPhone; CPU iPhone OS 18_5 like Mac OS X) AppleWebKit/605.1.15 (KHTML, like Gecko) Version/18.5 Mobile/15E148 Safari/604.1', '2026-01-03 10:25:24', NULL, NULL, 'active', '2026-01-03 10:25:24', '2026-01-03 10:25:24'),
(162, 1, 'vqS5lwE6YPwTRSOR2fiHvl0lA3LoPvjakIzTGWcQ', '127.0.0.1', 'Mozilla/5.0 (Windows NT 10.0; Win64; x64) AppleWebKit/537.36 (KHTML, like Gecko) Chrome/143.0.0.0 Safari/537.36', '2026-01-03 10:25:31', NULL, NULL, 'active', '2026-01-03 10:25:31', '2026-01-03 10:25:31'),
(163, 1, 'vqS5lwE6YPwTRSOR2fiHvl0lA3LoPvjakIzTGWcQ', '127.0.0.1', 'Mozilla/5.0 (Windows NT 10.0; Win64; x64) AppleWebKit/537.36 (KHTML, like Gecko) Chrome/143.0.0.0 Safari/537.36', '2026-01-03 10:25:31', NULL, NULL, 'active', '2026-01-03 10:25:31', '2026-01-03 10:25:31'),
(164, 1, 'ekuMvuHfcIpZ6JIM9mcOyGEEit78gYafpDcHZBPF', '127.0.0.1', 'Mozilla/5.0 (Windows NT 10.0; Win64; x64) AppleWebKit/537.36 (KHTML, like Gecko) Chrome/143.0.0.0 Safari/537.36', '2026-01-03 10:26:05', NULL, NULL, 'active', '2026-01-03 10:26:05', '2026-01-03 10:26:05'),
(165, 1, 'ekuMvuHfcIpZ6JIM9mcOyGEEit78gYafpDcHZBPF', '127.0.0.1', 'Mozilla/5.0 (Windows NT 10.0; Win64; x64) AppleWebKit/537.36 (KHTML, like Gecko) Chrome/143.0.0.0 Safari/537.36', '2026-01-03 10:26:05', NULL, NULL, 'active', '2026-01-03 10:26:05', '2026-01-03 10:26:05'),
(166, 1, 'VXR6n12LGN0CkWd0txi57sPbse9KBaJ2b4zSGX7p', '127.0.0.1', 'Mozilla/5.0 (Windows NT 10.0; Win64; x64) AppleWebKit/537.36 (KHTML, like Gecko) Chrome/143.0.0.0 Safari/537.36', '2026-01-03 10:26:09', NULL, NULL, 'active', '2026-01-03 10:26:09', '2026-01-03 10:26:09'),
(167, 1, 'VXR6n12LGN0CkWd0txi57sPbse9KBaJ2b4zSGX7p', '127.0.0.1', 'Mozilla/5.0 (Windows NT 10.0; Win64; x64) AppleWebKit/537.36 (KHTML, like Gecko) Chrome/143.0.0.0 Safari/537.36', '2026-01-03 10:26:09', NULL, NULL, 'active', '2026-01-03 10:26:09', '2026-01-03 10:26:09'),
(168, 1, 'VQfGSZDSKAbESlkatHTSHlFtDTb3PCbFNWzyPVK5', '127.0.0.1', 'Mozilla/5.0 (Windows NT 10.0; Win64; x64) AppleWebKit/537.36 (KHTML, like Gecko) Chrome/143.0.0.0 Safari/537.36', '2026-01-03 10:26:13', NULL, NULL, 'active', '2026-01-03 10:26:13', '2026-01-03 10:26:13'),
(169, 1, 'VQfGSZDSKAbESlkatHTSHlFtDTb3PCbFNWzyPVK5', '127.0.0.1', 'Mozilla/5.0 (Windows NT 10.0; Win64; x64) AppleWebKit/537.36 (KHTML, like Gecko) Chrome/143.0.0.0 Safari/537.36', '2026-01-03 10:26:13', NULL, NULL, 'active', '2026-01-03 10:26:13', '2026-01-03 10:26:13'),
(170, 1, 'cXs3xSjzEIpM54x2H9oOlFXQrB3V1FkN4UyVnfV3', '127.0.0.1', 'Mozilla/5.0 (iPhone; CPU iPhone OS 18_5 like Mac OS X) AppleWebKit/605.1.15 (KHTML, like Gecko) Version/18.5 Mobile/15E148 Safari/604.1', '2026-01-03 10:26:39', NULL, NULL, 'active', '2026-01-03 10:26:39', '2026-01-03 10:26:39'),
(171, 1, 'cXs3xSjzEIpM54x2H9oOlFXQrB3V1FkN4UyVnfV3', '127.0.0.1', 'Mozilla/5.0 (iPhone; CPU iPhone OS 18_5 like Mac OS X) AppleWebKit/605.1.15 (KHTML, like Gecko) Version/18.5 Mobile/15E148 Safari/604.1', '2026-01-03 10:26:39', NULL, NULL, 'active', '2026-01-03 10:26:39', '2026-01-03 10:26:39'),
(172, 1, 'YHghWJALZHzcYcstoyzYuhSc1FIripAIOSIdO0gt', '127.0.0.1', 'Mozilla/5.0 (Windows NT 10.0; Win64; x64) AppleWebKit/537.36 (KHTML, like Gecko) Chrome/143.0.0.0 Safari/537.36', '2026-01-03 10:26:47', NULL, NULL, 'active', '2026-01-03 10:26:47', '2026-01-03 10:26:47'),
(173, 1, 'YHghWJALZHzcYcstoyzYuhSc1FIripAIOSIdO0gt', '127.0.0.1', 'Mozilla/5.0 (Windows NT 10.0; Win64; x64) AppleWebKit/537.36 (KHTML, like Gecko) Chrome/143.0.0.0 Safari/537.36', '2026-01-03 10:26:47', NULL, NULL, 'active', '2026-01-03 10:26:47', '2026-01-03 10:26:47'),
(174, 1, 'L7zYWzHs6baLxMjSSOmva27GSMgF44LmplnXrOJ1', '127.0.0.1', 'Mozilla/5.0 (Windows NT 10.0; Win64; x64) AppleWebKit/537.36 (KHTML, like Gecko) Chrome/143.0.0.0 Safari/537.36', '2026-01-03 10:29:04', NULL, NULL, 'active', '2026-01-03 10:29:04', '2026-01-03 10:29:04'),
(175, 1, 'L7zYWzHs6baLxMjSSOmva27GSMgF44LmplnXrOJ1', '127.0.0.1', 'Mozilla/5.0 (Windows NT 10.0; Win64; x64) AppleWebKit/537.36 (KHTML, like Gecko) Chrome/143.0.0.0 Safari/537.36', '2026-01-03 10:29:04', NULL, NULL, 'active', '2026-01-03 10:29:04', '2026-01-03 10:29:04'),
(176, 1, 'n7WKEL4d018guBeeM2Jn90dHedem7m1THoeNpVbc', '127.0.0.1', 'Mozilla/5.0 (Windows NT 10.0; Win64; x64) AppleWebKit/537.36 (KHTML, like Gecko) Chrome/143.0.0.0 Safari/537.36', '2026-01-03 10:30:01', NULL, NULL, 'active', '2026-01-03 10:30:01', '2026-01-03 10:30:01'),
(177, 1, 'n7WKEL4d018guBeeM2Jn90dHedem7m1THoeNpVbc', '127.0.0.1', 'Mozilla/5.0 (Windows NT 10.0; Win64; x64) AppleWebKit/537.36 (KHTML, like Gecko) Chrome/143.0.0.0 Safari/537.36', '2026-01-03 10:30:01', NULL, NULL, 'active', '2026-01-03 10:30:01', '2026-01-03 10:30:01'),
(178, 1, 'c5fBbduLDrqMjLZr59oviO5zsSbASScu7tfifVuv', '127.0.0.1', 'Mozilla/5.0 (Windows NT 10.0; Win64; x64) AppleWebKit/537.36 (KHTML, like Gecko) Chrome/143.0.0.0 Safari/537.36', '2026-01-03 10:31:03', NULL, NULL, 'active', '2026-01-03 10:31:03', '2026-01-03 10:31:03'),
(179, 1, 'c5fBbduLDrqMjLZr59oviO5zsSbASScu7tfifVuv', '127.0.0.1', 'Mozilla/5.0 (Windows NT 10.0; Win64; x64) AppleWebKit/537.36 (KHTML, like Gecko) Chrome/143.0.0.0 Safari/537.36', '2026-01-03 10:31:03', NULL, NULL, 'active', '2026-01-03 10:31:03', '2026-01-03 10:31:03'),
(180, 1, 'HiwlTonqgoBmR96E2CmaoDo4wC8O2S91YaRmObUk', '127.0.0.1', 'Mozilla/5.0 (Windows NT 10.0; Win64; x64) AppleWebKit/537.36 (KHTML, like Gecko) Chrome/143.0.0.0 Safari/537.36', '2026-01-03 10:31:07', NULL, NULL, 'active', '2026-01-03 10:31:07', '2026-01-03 10:31:07'),
(181, 1, 'HiwlTonqgoBmR96E2CmaoDo4wC8O2S91YaRmObUk', '127.0.0.1', 'Mozilla/5.0 (Windows NT 10.0; Win64; x64) AppleWebKit/537.36 (KHTML, like Gecko) Chrome/143.0.0.0 Safari/537.36', '2026-01-03 10:31:07', NULL, NULL, 'active', '2026-01-03 10:31:07', '2026-01-03 10:31:07'),
(182, 1, 'paAxgp1t9GrS9ScAUKSs7KX2SfTPz8Pld3plg1e8', '127.0.0.1', 'Mozilla/5.0 (Windows NT 10.0; Win64; x64) AppleWebKit/537.36 (KHTML, like Gecko) Chrome/143.0.0.0 Safari/537.36', '2026-01-03 10:31:14', NULL, NULL, 'active', '2026-01-03 10:31:14', '2026-01-03 10:31:14');
INSERT INTO `user_sessions` (`id`, `user_id`, `session_id`, `ip_address`, `user_agent`, `logged_in_at`, `last_seen_at`, `logged_out_at`, `status`, `created_at`, `updated_at`) VALUES
(183, 1, 'paAxgp1t9GrS9ScAUKSs7KX2SfTPz8Pld3plg1e8', '127.0.0.1', 'Mozilla/5.0 (Windows NT 10.0; Win64; x64) AppleWebKit/537.36 (KHTML, like Gecko) Chrome/143.0.0.0 Safari/537.36', '2026-01-03 10:31:14', NULL, NULL, 'active', '2026-01-03 10:31:14', '2026-01-03 10:31:14'),
(184, 1, '4LQM6iAbes31kz3ScUJwNeObcMPAS5VGODbhdBOg', '127.0.0.1', 'Mozilla/5.0 (Windows NT 10.0; Win64; x64) AppleWebKit/537.36 (KHTML, like Gecko) Chrome/143.0.0.0 Safari/537.36', '2026-01-03 10:31:16', NULL, NULL, 'active', '2026-01-03 10:31:16', '2026-01-03 10:31:16'),
(185, 1, '4LQM6iAbes31kz3ScUJwNeObcMPAS5VGODbhdBOg', '127.0.0.1', 'Mozilla/5.0 (Windows NT 10.0; Win64; x64) AppleWebKit/537.36 (KHTML, like Gecko) Chrome/143.0.0.0 Safari/537.36', '2026-01-03 10:31:16', NULL, NULL, 'active', '2026-01-03 10:31:16', '2026-01-03 10:31:16'),
(186, 1, 'zGjbI5jo08sNBoBoocXIfegPPKhvCpqpqmLrhC0U', '127.0.0.1', 'Mozilla/5.0 (Windows NT 10.0; Win64; x64) AppleWebKit/537.36 (KHTML, like Gecko) Chrome/143.0.0.0 Safari/537.36', '2026-01-03 10:32:59', NULL, NULL, 'active', '2026-01-03 10:32:59', '2026-01-03 10:32:59'),
(187, 1, 'zGjbI5jo08sNBoBoocXIfegPPKhvCpqpqmLrhC0U', '127.0.0.1', 'Mozilla/5.0 (Windows NT 10.0; Win64; x64) AppleWebKit/537.36 (KHTML, like Gecko) Chrome/143.0.0.0 Safari/537.36', '2026-01-03 10:32:59', NULL, NULL, 'active', '2026-01-03 10:32:59', '2026-01-03 10:32:59'),
(188, 1, 'rOBtZUK3giPuChG2RTPNhKUxylzuWAhHkfqRq2Ph', '127.0.0.1', 'Mozilla/5.0 (Windows NT 10.0; Win64; x64) AppleWebKit/537.36 (KHTML, like Gecko) Chrome/143.0.0.0 Safari/537.36', '2026-01-03 10:33:01', NULL, NULL, 'active', '2026-01-03 10:33:01', '2026-01-03 10:33:01'),
(189, 1, 'rOBtZUK3giPuChG2RTPNhKUxylzuWAhHkfqRq2Ph', '127.0.0.1', 'Mozilla/5.0 (Windows NT 10.0; Win64; x64) AppleWebKit/537.36 (KHTML, like Gecko) Chrome/143.0.0.0 Safari/537.36', '2026-01-03 10:33:01', NULL, NULL, 'active', '2026-01-03 10:33:01', '2026-01-03 10:33:01'),
(190, 1, 'FK8dKhjvTRyowFvNnjeUTph4Sb6WerBkEcPoHhsc', '127.0.0.1', 'Mozilla/5.0 (Windows NT 10.0; Win64; x64) AppleWebKit/537.36 (KHTML, like Gecko) Chrome/143.0.0.0 Safari/537.36', '2026-01-03 10:33:05', NULL, NULL, 'active', '2026-01-03 10:33:05', '2026-01-03 10:33:05'),
(191, 1, 'FK8dKhjvTRyowFvNnjeUTph4Sb6WerBkEcPoHhsc', '127.0.0.1', 'Mozilla/5.0 (Windows NT 10.0; Win64; x64) AppleWebKit/537.36 (KHTML, like Gecko) Chrome/143.0.0.0 Safari/537.36', '2026-01-03 10:33:05', NULL, NULL, 'active', '2026-01-03 10:33:05', '2026-01-03 10:33:05'),
(192, 1, 'ovgDOmAuWi3X74455YvCop1WuMWNufvXofJ9NyNy', '127.0.0.1', 'Mozilla/5.0 (Windows NT 10.0; Win64; x64) AppleWebKit/537.36 (KHTML, like Gecko) Chrome/143.0.0.0 Safari/537.36', '2026-01-03 10:34:27', NULL, NULL, 'active', '2026-01-03 10:34:27', '2026-01-03 10:34:27'),
(193, 1, 'ovgDOmAuWi3X74455YvCop1WuMWNufvXofJ9NyNy', '127.0.0.1', 'Mozilla/5.0 (Windows NT 10.0; Win64; x64) AppleWebKit/537.36 (KHTML, like Gecko) Chrome/143.0.0.0 Safari/537.36', '2026-01-03 10:34:27', NULL, NULL, 'active', '2026-01-03 10:34:27', '2026-01-03 10:34:27'),
(194, 1, 'weBAm1wPgNFvqKto8kBet0dstzIB6KIuC5leTrXY', '127.0.0.1', 'Mozilla/5.0 (Windows NT 10.0; Win64; x64) AppleWebKit/537.36 (KHTML, like Gecko) Chrome/143.0.0.0 Safari/537.36', '2026-01-03 10:34:32', NULL, NULL, 'active', '2026-01-03 10:34:32', '2026-01-03 10:34:32'),
(195, 1, 'weBAm1wPgNFvqKto8kBet0dstzIB6KIuC5leTrXY', '127.0.0.1', 'Mozilla/5.0 (Windows NT 10.0; Win64; x64) AppleWebKit/537.36 (KHTML, like Gecko) Chrome/143.0.0.0 Safari/537.36', '2026-01-03 10:34:32', NULL, NULL, 'active', '2026-01-03 10:34:32', '2026-01-03 10:34:32'),
(196, 1, 'iZgN0XUloyhV0DbcDQI1GDrG3QNY3VgjIq4Eq03x', '127.0.0.1', 'Mozilla/5.0 (Windows NT 10.0; Win64; x64) AppleWebKit/537.36 (KHTML, like Gecko) Chrome/143.0.0.0 Safari/537.36', '2026-01-03 10:36:00', NULL, NULL, 'active', '2026-01-03 10:36:00', '2026-01-03 10:36:00'),
(197, 1, 'iZgN0XUloyhV0DbcDQI1GDrG3QNY3VgjIq4Eq03x', '127.0.0.1', 'Mozilla/5.0 (Windows NT 10.0; Win64; x64) AppleWebKit/537.36 (KHTML, like Gecko) Chrome/143.0.0.0 Safari/537.36', '2026-01-03 10:36:01', NULL, NULL, 'active', '2026-01-03 10:36:01', '2026-01-03 10:36:01'),
(198, 1, 'FnWGKMWD1a8kbQNhF5SkuYUIljiJBiODT9TLr6kw', '127.0.0.1', 'Mozilla/5.0 (Windows NT 10.0; Win64; x64) AppleWebKit/537.36 (KHTML, like Gecko) Chrome/143.0.0.0 Safari/537.36', '2026-01-03 10:36:04', NULL, NULL, 'active', '2026-01-03 10:36:04', '2026-01-03 10:36:04'),
(199, 1, 'FnWGKMWD1a8kbQNhF5SkuYUIljiJBiODT9TLr6kw', '127.0.0.1', 'Mozilla/5.0 (Windows NT 10.0; Win64; x64) AppleWebKit/537.36 (KHTML, like Gecko) Chrome/143.0.0.0 Safari/537.36', '2026-01-03 10:36:04', NULL, NULL, 'active', '2026-01-03 10:36:04', '2026-01-03 10:36:04'),
(200, 1, '3p1BAt6w9YRc0bg3IGjgDwDdzDzDQoChNfURxWcH', '127.0.0.1', 'Mozilla/5.0 (Windows NT 10.0; Win64; x64) AppleWebKit/537.36 (KHTML, like Gecko) Chrome/143.0.0.0 Safari/537.36', '2026-01-03 10:36:06', NULL, NULL, 'active', '2026-01-03 10:36:06', '2026-01-03 10:36:06'),
(201, 1, '3p1BAt6w9YRc0bg3IGjgDwDdzDzDQoChNfURxWcH', '127.0.0.1', 'Mozilla/5.0 (Windows NT 10.0; Win64; x64) AppleWebKit/537.36 (KHTML, like Gecko) Chrome/143.0.0.0 Safari/537.36', '2026-01-03 10:36:06', NULL, NULL, 'active', '2026-01-03 10:36:06', '2026-01-03 10:36:06'),
(202, 1, 'QwcDdQOUMhMdo6kHPT2PYFXS7M5dsr7yHWBFrXOG', '127.0.0.1', 'Mozilla/5.0 (Windows NT 10.0; Win64; x64) AppleWebKit/537.36 (KHTML, like Gecko) Chrome/143.0.0.0 Safari/537.36', '2026-01-03 10:42:15', NULL, NULL, 'active', '2026-01-03 10:42:15', '2026-01-03 10:42:15'),
(203, 1, 'QwcDdQOUMhMdo6kHPT2PYFXS7M5dsr7yHWBFrXOG', '127.0.0.1', 'Mozilla/5.0 (Windows NT 10.0; Win64; x64) AppleWebKit/537.36 (KHTML, like Gecko) Chrome/143.0.0.0 Safari/537.36', '2026-01-03 10:42:15', NULL, NULL, 'active', '2026-01-03 10:42:15', '2026-01-03 10:42:15'),
(204, 1, 'zaFgeCkUMmhcuuPAlhhghBg0RaYr5VpdvFKUn1M9', '127.0.0.1', 'Mozilla/5.0 (Windows NT 10.0; Win64; x64) AppleWebKit/537.36 (KHTML, like Gecko) Chrome/143.0.0.0 Safari/537.36', '2026-01-03 10:42:20', NULL, NULL, 'active', '2026-01-03 10:42:20', '2026-01-03 10:42:20'),
(205, 1, 'zaFgeCkUMmhcuuPAlhhghBg0RaYr5VpdvFKUn1M9', '127.0.0.1', 'Mozilla/5.0 (Windows NT 10.0; Win64; x64) AppleWebKit/537.36 (KHTML, like Gecko) Chrome/143.0.0.0 Safari/537.36', '2026-01-03 10:42:20', NULL, NULL, 'active', '2026-01-03 10:42:20', '2026-01-03 10:42:20'),
(206, 1, 'einOsGkiiRcO4XJRY2M8BUHafHgVFlZGigC0wakC', '127.0.0.1', 'Mozilla/5.0 (Windows NT 10.0; Win64; x64) AppleWebKit/537.36 (KHTML, like Gecko) Chrome/143.0.0.0 Safari/537.36', '2026-01-03 10:42:28', NULL, NULL, 'active', '2026-01-03 10:42:28', '2026-01-03 10:42:28'),
(207, 1, 'einOsGkiiRcO4XJRY2M8BUHafHgVFlZGigC0wakC', '127.0.0.1', 'Mozilla/5.0 (Windows NT 10.0; Win64; x64) AppleWebKit/537.36 (KHTML, like Gecko) Chrome/143.0.0.0 Safari/537.36', '2026-01-03 10:42:28', NULL, NULL, 'active', '2026-01-03 10:42:28', '2026-01-03 10:42:28'),
(208, 1, 'cBJh8fNRk30XF2Y2NEAoTY7nHina9krOwa1oeWiU', '127.0.0.1', 'Mozilla/5.0 (Windows NT 10.0; Win64; x64) AppleWebKit/537.36 (KHTML, like Gecko) Chrome/143.0.0.0 Safari/537.36', '2026-01-03 10:42:43', NULL, NULL, 'active', '2026-01-03 10:42:43', '2026-01-03 10:42:43'),
(209, 1, 'cBJh8fNRk30XF2Y2NEAoTY7nHina9krOwa1oeWiU', '127.0.0.1', 'Mozilla/5.0 (Windows NT 10.0; Win64; x64) AppleWebKit/537.36 (KHTML, like Gecko) Chrome/143.0.0.0 Safari/537.36', '2026-01-03 10:42:43', NULL, NULL, 'active', '2026-01-03 10:42:43', '2026-01-03 10:42:43'),
(210, 1, '2t8VR3tIFWQ2veDGItsj8xySBBKhL8BFUj1HaB8m', '127.0.0.1', 'Mozilla/5.0 (Windows NT 10.0; Win64; x64) AppleWebKit/537.36 (KHTML, like Gecko) Chrome/143.0.0.0 Safari/537.36', '2026-01-03 10:43:01', NULL, NULL, 'active', '2026-01-03 10:43:01', '2026-01-03 10:43:01'),
(211, 1, '2t8VR3tIFWQ2veDGItsj8xySBBKhL8BFUj1HaB8m', '127.0.0.1', 'Mozilla/5.0 (Windows NT 10.0; Win64; x64) AppleWebKit/537.36 (KHTML, like Gecko) Chrome/143.0.0.0 Safari/537.36', '2026-01-03 10:43:01', NULL, NULL, 'active', '2026-01-03 10:43:01', '2026-01-03 10:43:01'),
(212, 1, '2OT2DZGpiAxot55QJ5oDUWiFsHXGNWArxJ7qieVF', '127.0.0.1', 'Mozilla/5.0 (Windows NT 10.0; Win64; x64) AppleWebKit/537.36 (KHTML, like Gecko) Chrome/143.0.0.0 Safari/537.36', '2026-01-03 10:43:49', NULL, NULL, 'active', '2026-01-03 10:43:49', '2026-01-03 10:43:49'),
(213, 1, '2OT2DZGpiAxot55QJ5oDUWiFsHXGNWArxJ7qieVF', '127.0.0.1', 'Mozilla/5.0 (Windows NT 10.0; Win64; x64) AppleWebKit/537.36 (KHTML, like Gecko) Chrome/143.0.0.0 Safari/537.36', '2026-01-03 10:43:49', NULL, NULL, 'active', '2026-01-03 10:43:49', '2026-01-03 10:43:49'),
(214, 1, '6ezeyi1Uw1w7HkhIp7IhZ2DgyMll9IvWpxKk2S0k', '127.0.0.1', 'Mozilla/5.0 (Windows NT 10.0; Win64; x64) AppleWebKit/537.36 (KHTML, like Gecko) Chrome/143.0.0.0 Safari/537.36', '2026-01-03 10:44:03', NULL, NULL, 'active', '2026-01-03 10:44:03', '2026-01-03 10:44:03'),
(215, 1, '6ezeyi1Uw1w7HkhIp7IhZ2DgyMll9IvWpxKk2S0k', '127.0.0.1', 'Mozilla/5.0 (Windows NT 10.0; Win64; x64) AppleWebKit/537.36 (KHTML, like Gecko) Chrome/143.0.0.0 Safari/537.36', '2026-01-03 10:44:03', NULL, NULL, 'active', '2026-01-03 10:44:03', '2026-01-03 10:44:03'),
(216, 1, 'zfXs22VS5SCtrAgCb0JN9DXSacedtQMhEsOTOxFQ', '127.0.0.1', 'Mozilla/5.0 (Windows NT 10.0; Win64; x64) AppleWebKit/537.36 (KHTML, like Gecko) Chrome/143.0.0.0 Safari/537.36', '2026-01-03 10:44:05', NULL, NULL, 'active', '2026-01-03 10:44:05', '2026-01-03 10:44:05'),
(217, 1, 'zfXs22VS5SCtrAgCb0JN9DXSacedtQMhEsOTOxFQ', '127.0.0.1', 'Mozilla/5.0 (Windows NT 10.0; Win64; x64) AppleWebKit/537.36 (KHTML, like Gecko) Chrome/143.0.0.0 Safari/537.36', '2026-01-03 10:44:05', NULL, NULL, 'active', '2026-01-03 10:44:05', '2026-01-03 10:44:05'),
(218, 1, 'mTqCZRLCyn4iBWv33V8aQ1wSrAyKJM1AjhV5xx7a', '127.0.0.1', 'Mozilla/5.0 (Windows NT 10.0; Win64; x64) AppleWebKit/537.36 (KHTML, like Gecko) Chrome/143.0.0.0 Safari/537.36', '2026-01-03 10:44:07', NULL, NULL, 'active', '2026-01-03 10:44:07', '2026-01-03 10:44:07'),
(219, 1, 'mTqCZRLCyn4iBWv33V8aQ1wSrAyKJM1AjhV5xx7a', '127.0.0.1', 'Mozilla/5.0 (Windows NT 10.0; Win64; x64) AppleWebKit/537.36 (KHTML, like Gecko) Chrome/143.0.0.0 Safari/537.36', '2026-01-03 10:44:07', NULL, NULL, 'active', '2026-01-03 10:44:07', '2026-01-03 10:44:07'),
(220, 1, 'Be7MZdCrUszB7LVhjtSFnOMunS5G4LiKd4EwY2ZP', '127.0.0.1', 'Mozilla/5.0 (Windows NT 10.0; Win64; x64) AppleWebKit/537.36 (KHTML, like Gecko) Chrome/143.0.0.0 Safari/537.36', '2026-01-03 10:44:10', NULL, NULL, 'active', '2026-01-03 10:44:10', '2026-01-03 10:44:10'),
(221, 1, 'Be7MZdCrUszB7LVhjtSFnOMunS5G4LiKd4EwY2ZP', '127.0.0.1', 'Mozilla/5.0 (Windows NT 10.0; Win64; x64) AppleWebKit/537.36 (KHTML, like Gecko) Chrome/143.0.0.0 Safari/537.36', '2026-01-03 10:44:10', NULL, NULL, 'active', '2026-01-03 10:44:10', '2026-01-03 10:44:10'),
(222, 1, 'UoSwCQ2nmltBIa9csGL5SOsu0mvoBAjpyZK16tZx', '127.0.0.1', 'Mozilla/5.0 (Windows NT 10.0; Win64; x64) AppleWebKit/537.36 (KHTML, like Gecko) Chrome/143.0.0.0 Safari/537.36', '2026-01-03 10:44:59', NULL, NULL, 'active', '2026-01-03 10:44:59', '2026-01-03 10:44:59'),
(223, 1, 'UoSwCQ2nmltBIa9csGL5SOsu0mvoBAjpyZK16tZx', '127.0.0.1', 'Mozilla/5.0 (Windows NT 10.0; Win64; x64) AppleWebKit/537.36 (KHTML, like Gecko) Chrome/143.0.0.0 Safari/537.36', '2026-01-03 10:44:59', NULL, NULL, 'active', '2026-01-03 10:44:59', '2026-01-03 10:44:59'),
(224, 1, 'PYw8H4xApJdJjHriyhkAJcBH6J5nkmR4SmUxU829', '127.0.0.1', 'Mozilla/5.0 (Windows NT 10.0; Win64; x64) AppleWebKit/537.36 (KHTML, like Gecko) Chrome/143.0.0.0 Safari/537.36', '2026-01-03 10:46:29', NULL, NULL, 'active', '2026-01-03 10:46:29', '2026-01-03 10:46:29'),
(225, 1, 'PYw8H4xApJdJjHriyhkAJcBH6J5nkmR4SmUxU829', '127.0.0.1', 'Mozilla/5.0 (Windows NT 10.0; Win64; x64) AppleWebKit/537.36 (KHTML, like Gecko) Chrome/143.0.0.0 Safari/537.36', '2026-01-03 10:46:29', NULL, NULL, 'active', '2026-01-03 10:46:29', '2026-01-03 10:46:29'),
(226, 1, 'CagvpGCnBRF4si5i0tn0nq1XCEnM4GFQxMkeilSE', '127.0.0.1', 'Mozilla/5.0 (Windows NT 10.0; Win64; x64) AppleWebKit/537.36 (KHTML, like Gecko) Chrome/143.0.0.0 Safari/537.36', '2026-01-03 10:46:32', NULL, NULL, 'active', '2026-01-03 10:46:32', '2026-01-03 10:46:32'),
(227, 1, 'CagvpGCnBRF4si5i0tn0nq1XCEnM4GFQxMkeilSE', '127.0.0.1', 'Mozilla/5.0 (Windows NT 10.0; Win64; x64) AppleWebKit/537.36 (KHTML, like Gecko) Chrome/143.0.0.0 Safari/537.36', '2026-01-03 10:46:32', NULL, NULL, 'active', '2026-01-03 10:46:32', '2026-01-03 10:46:32'),
(228, 1, '8bvNz6ndXDpYLd8M0tOB6PpXDTp4eA7aUGxungAm', '127.0.0.1', 'Mozilla/5.0 (Windows NT 10.0; Win64; x64) AppleWebKit/537.36 (KHTML, like Gecko) Chrome/143.0.0.0 Safari/537.36', '2026-01-03 10:46:54', NULL, NULL, 'active', '2026-01-03 10:46:54', '2026-01-03 10:46:54'),
(229, 1, '8bvNz6ndXDpYLd8M0tOB6PpXDTp4eA7aUGxungAm', '127.0.0.1', 'Mozilla/5.0 (Windows NT 10.0; Win64; x64) AppleWebKit/537.36 (KHTML, like Gecko) Chrome/143.0.0.0 Safari/537.36', '2026-01-03 10:46:54', NULL, NULL, 'active', '2026-01-03 10:46:54', '2026-01-03 10:46:54'),
(230, 1, 'OksjJCDd0R2Lrng1JrunmTSSlt7CBcDnlrJuERK3', '127.0.0.1', 'Mozilla/5.0 (Windows NT 10.0; Win64; x64) AppleWebKit/537.36 (KHTML, like Gecko) Chrome/143.0.0.0 Safari/537.36', '2026-01-03 10:46:56', NULL, NULL, 'active', '2026-01-03 10:46:56', '2026-01-03 10:46:56'),
(231, 1, 'OksjJCDd0R2Lrng1JrunmTSSlt7CBcDnlrJuERK3', '127.0.0.1', 'Mozilla/5.0 (Windows NT 10.0; Win64; x64) AppleWebKit/537.36 (KHTML, like Gecko) Chrome/143.0.0.0 Safari/537.36', '2026-01-03 10:46:56', NULL, NULL, 'active', '2026-01-03 10:46:56', '2026-01-03 10:46:56'),
(232, 1, 'mBwwNJDKF2RgR6m4mUWdCekhPviY9BMht0kS6FRJ', '127.0.0.1', 'Mozilla/5.0 (Windows NT 10.0; Win64; x64) AppleWebKit/537.36 (KHTML, like Gecko) Chrome/143.0.0.0 Safari/537.36', '2026-01-03 10:56:24', NULL, NULL, 'active', '2026-01-03 10:56:24', '2026-01-03 10:56:24'),
(233, 1, 'mBwwNJDKF2RgR6m4mUWdCekhPviY9BMht0kS6FRJ', '127.0.0.1', 'Mozilla/5.0 (Windows NT 10.0; Win64; x64) AppleWebKit/537.36 (KHTML, like Gecko) Chrome/143.0.0.0 Safari/537.36', '2026-01-03 10:56:24', NULL, NULL, 'active', '2026-01-03 10:56:24', '2026-01-03 10:56:24'),
(234, 1, 'u238mO5iaIkKNuVzcPqhxWhh5xJZg9c5O4MP17e4', '127.0.0.1', 'Mozilla/5.0 (Windows NT 10.0; Win64; x64) AppleWebKit/537.36 (KHTML, like Gecko) Chrome/143.0.0.0 Safari/537.36', '2026-01-03 10:56:28', NULL, NULL, 'active', '2026-01-03 10:56:28', '2026-01-03 10:56:28'),
(235, 1, 'u238mO5iaIkKNuVzcPqhxWhh5xJZg9c5O4MP17e4', '127.0.0.1', 'Mozilla/5.0 (Windows NT 10.0; Win64; x64) AppleWebKit/537.36 (KHTML, like Gecko) Chrome/143.0.0.0 Safari/537.36', '2026-01-03 10:56:28', NULL, NULL, 'active', '2026-01-03 10:56:28', '2026-01-03 10:56:28'),
(236, 1, 'Q5oY0oeX3KkwsvZYI71iqpvkel6ZQUT2LODujRYE', '127.0.0.1', 'Mozilla/5.0 (Windows NT 10.0; Win64; x64) AppleWebKit/537.36 (KHTML, like Gecko) Chrome/143.0.0.0 Safari/537.36', '2026-01-03 10:56:38', NULL, NULL, 'active', '2026-01-03 10:56:38', '2026-01-03 10:56:38'),
(237, 1, 'Q5oY0oeX3KkwsvZYI71iqpvkel6ZQUT2LODujRYE', '127.0.0.1', 'Mozilla/5.0 (Windows NT 10.0; Win64; x64) AppleWebKit/537.36 (KHTML, like Gecko) Chrome/143.0.0.0 Safari/537.36', '2026-01-03 10:56:38', NULL, NULL, 'active', '2026-01-03 10:56:38', '2026-01-03 10:56:38'),
(238, 1, 'H6yWl5sh9TCUAdaJmZAVLy7Cxtu9HoqbGNWuxJek', '127.0.0.1', 'Mozilla/5.0 (Windows NT 10.0; Win64; x64) AppleWebKit/537.36 (KHTML, like Gecko) Chrome/143.0.0.0 Safari/537.36', '2026-01-03 10:57:00', NULL, NULL, 'active', '2026-01-03 10:57:00', '2026-01-03 10:57:00'),
(239, 1, 'H6yWl5sh9TCUAdaJmZAVLy7Cxtu9HoqbGNWuxJek', '127.0.0.1', 'Mozilla/5.0 (Windows NT 10.0; Win64; x64) AppleWebKit/537.36 (KHTML, like Gecko) Chrome/143.0.0.0 Safari/537.36', '2026-01-03 10:57:00', NULL, NULL, 'active', '2026-01-03 10:57:00', '2026-01-03 10:57:00'),
(240, 1, 'F5EzKCdBkE2PrE75gOTw6ZQXZxPsg34bdyYEVQYO', '127.0.0.1', 'Mozilla/5.0 (Windows NT 10.0; Win64; x64) AppleWebKit/537.36 (KHTML, like Gecko) Chrome/143.0.0.0 Safari/537.36', '2026-01-03 10:57:02', NULL, NULL, 'active', '2026-01-03 10:57:02', '2026-01-03 10:57:02'),
(241, 1, 'F5EzKCdBkE2PrE75gOTw6ZQXZxPsg34bdyYEVQYO', '127.0.0.1', 'Mozilla/5.0 (Windows NT 10.0; Win64; x64) AppleWebKit/537.36 (KHTML, like Gecko) Chrome/143.0.0.0 Safari/537.36', '2026-01-03 10:57:02', NULL, NULL, 'active', '2026-01-03 10:57:02', '2026-01-03 10:57:02'),
(242, 1, 'mYtappbOHt8bGso7dlkLDKiWRcpGOlRKnYe3Mycn', '127.0.0.1', 'Mozilla/5.0 (Windows NT 10.0; Win64; x64) AppleWebKit/537.36 (KHTML, like Gecko) Chrome/143.0.0.0 Safari/537.36', '2026-01-03 10:57:19', NULL, NULL, 'active', '2026-01-03 10:57:19', '2026-01-03 10:57:19'),
(243, 1, 'mYtappbOHt8bGso7dlkLDKiWRcpGOlRKnYe3Mycn', '127.0.0.1', 'Mozilla/5.0 (Windows NT 10.0; Win64; x64) AppleWebKit/537.36 (KHTML, like Gecko) Chrome/143.0.0.0 Safari/537.36', '2026-01-03 10:57:19', NULL, NULL, 'active', '2026-01-03 10:57:19', '2026-01-03 10:57:19'),
(244, 1, 'nca85EczPZaLAG8LLudc1erPUJ06QBTrQTwLwc7e', '127.0.0.1', 'Mozilla/5.0 (Windows NT 10.0; Win64; x64) AppleWebKit/537.36 (KHTML, like Gecko) Chrome/143.0.0.0 Safari/537.36', '2026-01-03 10:58:07', NULL, NULL, 'active', '2026-01-03 10:58:07', '2026-01-03 10:58:07'),
(245, 1, 'nca85EczPZaLAG8LLudc1erPUJ06QBTrQTwLwc7e', '127.0.0.1', 'Mozilla/5.0 (Windows NT 10.0; Win64; x64) AppleWebKit/537.36 (KHTML, like Gecko) Chrome/143.0.0.0 Safari/537.36', '2026-01-03 10:58:07', NULL, NULL, 'active', '2026-01-03 10:58:07', '2026-01-03 10:58:07'),
(246, 1, 'f5Lqacu6ovBxEJmkpYIjfDF2Kyt1rOFgtI4qZhkM', '127.0.0.1', 'Mozilla/5.0 (Windows NT 10.0; Win64; x64) AppleWebKit/537.36 (KHTML, like Gecko) Chrome/143.0.0.0 Safari/537.36', '2026-01-03 10:58:08', NULL, NULL, 'active', '2026-01-03 10:58:08', '2026-01-03 10:58:08'),
(247, 1, 'f5Lqacu6ovBxEJmkpYIjfDF2Kyt1rOFgtI4qZhkM', '127.0.0.1', 'Mozilla/5.0 (Windows NT 10.0; Win64; x64) AppleWebKit/537.36 (KHTML, like Gecko) Chrome/143.0.0.0 Safari/537.36', '2026-01-03 10:58:08', NULL, NULL, 'active', '2026-01-03 10:58:08', '2026-01-03 10:58:08'),
(248, 1, 'mtOMKWImxAf5d4FuDxg89m9iqYmjG6tYAoBxfi2U', '127.0.0.1', 'Mozilla/5.0 (Windows NT 10.0; Win64; x64) AppleWebKit/537.36 (KHTML, like Gecko) Chrome/143.0.0.0 Safari/537.36', '2026-01-03 10:58:10', NULL, NULL, 'active', '2026-01-03 10:58:10', '2026-01-03 10:58:10'),
(249, 1, 'mtOMKWImxAf5d4FuDxg89m9iqYmjG6tYAoBxfi2U', '127.0.0.1', 'Mozilla/5.0 (Windows NT 10.0; Win64; x64) AppleWebKit/537.36 (KHTML, like Gecko) Chrome/143.0.0.0 Safari/537.36', '2026-01-03 10:58:10', NULL, NULL, 'active', '2026-01-03 10:58:10', '2026-01-03 10:58:10'),
(250, 1, 'sUo7Dx0l3IjyiUezZotqaP16SbpD2JghItT1xuUS', '127.0.0.1', 'Mozilla/5.0 (Windows NT 10.0; Win64; x64) AppleWebKit/537.36 (KHTML, like Gecko) Chrome/143.0.0.0 Safari/537.36', '2026-01-03 10:58:35', NULL, NULL, 'active', '2026-01-03 10:58:35', '2026-01-03 10:58:35'),
(251, 1, 'sUo7Dx0l3IjyiUezZotqaP16SbpD2JghItT1xuUS', '127.0.0.1', 'Mozilla/5.0 (Windows NT 10.0; Win64; x64) AppleWebKit/537.36 (KHTML, like Gecko) Chrome/143.0.0.0 Safari/537.36', '2026-01-03 10:58:35', NULL, NULL, 'active', '2026-01-03 10:58:35', '2026-01-03 10:58:35'),
(252, 1, '3dun35k20SnrY2XYYTAqyUrG0cTYovdzN4PPLz9l', '127.0.0.1', 'Mozilla/5.0 (Windows NT 10.0; Win64; x64) AppleWebKit/537.36 (KHTML, like Gecko) Chrome/143.0.0.0 Safari/537.36', '2026-01-03 10:58:38', NULL, NULL, 'active', '2026-01-03 10:58:38', '2026-01-03 10:58:38'),
(253, 1, '3dun35k20SnrY2XYYTAqyUrG0cTYovdzN4PPLz9l', '127.0.0.1', 'Mozilla/5.0 (Windows NT 10.0; Win64; x64) AppleWebKit/537.36 (KHTML, like Gecko) Chrome/143.0.0.0 Safari/537.36', '2026-01-03 10:58:38', NULL, NULL, 'active', '2026-01-03 10:58:38', '2026-01-03 10:58:38'),
(254, 1, 'kwqdl5aX2dwNIaF6IcWWcVW1oK1uxJIniOr8wA6o', '127.0.0.1', 'Mozilla/5.0 (Windows NT 10.0; Win64; x64) AppleWebKit/537.36 (KHTML, like Gecko) Chrome/143.0.0.0 Safari/537.36', '2026-01-03 10:58:48', NULL, NULL, 'active', '2026-01-03 10:58:48', '2026-01-03 10:58:48'),
(255, 1, 'kwqdl5aX2dwNIaF6IcWWcVW1oK1uxJIniOr8wA6o', '127.0.0.1', 'Mozilla/5.0 (Windows NT 10.0; Win64; x64) AppleWebKit/537.36 (KHTML, like Gecko) Chrome/143.0.0.0 Safari/537.36', '2026-01-03 10:58:48', NULL, NULL, 'active', '2026-01-03 10:58:48', '2026-01-03 10:58:48'),
(256, 1, 'IX4ISbxXkmXCVxWE9CJ92aakkodUjqkwpFUqW3Eu', '127.0.0.1', 'Mozilla/5.0 (Windows NT 10.0; Win64; x64) AppleWebKit/537.36 (KHTML, like Gecko) Chrome/143.0.0.0 Safari/537.36', '2026-01-03 10:58:50', NULL, NULL, 'active', '2026-01-03 10:58:50', '2026-01-03 10:58:50'),
(257, 1, 'IX4ISbxXkmXCVxWE9CJ92aakkodUjqkwpFUqW3Eu', '127.0.0.1', 'Mozilla/5.0 (Windows NT 10.0; Win64; x64) AppleWebKit/537.36 (KHTML, like Gecko) Chrome/143.0.0.0 Safari/537.36', '2026-01-03 10:58:50', NULL, NULL, 'active', '2026-01-03 10:58:50', '2026-01-03 10:58:50'),
(258, 1, 'IRG0wLHy8ZwVUuy4yOjsDMRWVPnPB1JXN3xAJ41y', '127.0.0.1', 'Mozilla/5.0 (Windows NT 10.0; Win64; x64) AppleWebKit/537.36 (KHTML, like Gecko) Chrome/143.0.0.0 Safari/537.36', '2026-01-03 11:01:51', NULL, NULL, 'active', '2026-01-03 11:01:51', '2026-01-03 11:01:51'),
(259, 1, 'IRG0wLHy8ZwVUuy4yOjsDMRWVPnPB1JXN3xAJ41y', '127.0.0.1', 'Mozilla/5.0 (Windows NT 10.0; Win64; x64) AppleWebKit/537.36 (KHTML, like Gecko) Chrome/143.0.0.0 Safari/537.36', '2026-01-03 11:01:51', NULL, NULL, 'active', '2026-01-03 11:01:51', '2026-01-03 11:01:51'),
(260, 1, 'nbnNSLz7Ob5gwn4RLtFDE0eGCx2XALM6FZOvTHPN', '127.0.0.1', 'Mozilla/5.0 (Windows NT 10.0; Win64; x64) AppleWebKit/537.36 (KHTML, like Gecko) Chrome/143.0.0.0 Safari/537.36', '2026-01-03 11:02:00', NULL, NULL, 'active', '2026-01-03 11:02:00', '2026-01-03 11:02:00'),
(261, 1, 'nbnNSLz7Ob5gwn4RLtFDE0eGCx2XALM6FZOvTHPN', '127.0.0.1', 'Mozilla/5.0 (Windows NT 10.0; Win64; x64) AppleWebKit/537.36 (KHTML, like Gecko) Chrome/143.0.0.0 Safari/537.36', '2026-01-03 11:02:00', NULL, NULL, 'active', '2026-01-03 11:02:00', '2026-01-03 11:02:00'),
(262, 1, '2xYYKYGc82LBBOYsN9ImxusVt5IQ0dJX3mNdXhaz', '127.0.0.1', 'Mozilla/5.0 (Windows NT 10.0; Win64; x64) AppleWebKit/537.36 (KHTML, like Gecko) Chrome/143.0.0.0 Safari/537.36', '2026-01-03 11:03:22', NULL, NULL, 'active', '2026-01-03 11:03:22', '2026-01-03 11:03:22'),
(263, 1, '2xYYKYGc82LBBOYsN9ImxusVt5IQ0dJX3mNdXhaz', '127.0.0.1', 'Mozilla/5.0 (Windows NT 10.0; Win64; x64) AppleWebKit/537.36 (KHTML, like Gecko) Chrome/143.0.0.0 Safari/537.36', '2026-01-03 11:03:22', NULL, NULL, 'active', '2026-01-03 11:03:22', '2026-01-03 11:03:22'),
(264, 1, 'lxQ5bAz3YjSd7wKZxg8RA1TOnqnddxAQDvEEnRlh', '127.0.0.1', 'Mozilla/5.0 (Windows NT 10.0; Win64; x64) AppleWebKit/537.36 (KHTML, like Gecko) Chrome/143.0.0.0 Safari/537.36', '2026-01-03 11:05:30', NULL, NULL, 'active', '2026-01-03 11:05:30', '2026-01-03 11:05:30'),
(265, 1, 'lxQ5bAz3YjSd7wKZxg8RA1TOnqnddxAQDvEEnRlh', '127.0.0.1', 'Mozilla/5.0 (Windows NT 10.0; Win64; x64) AppleWebKit/537.36 (KHTML, like Gecko) Chrome/143.0.0.0 Safari/537.36', '2026-01-03 11:05:30', NULL, NULL, 'active', '2026-01-03 11:05:30', '2026-01-03 11:05:30'),
(266, 1, 'AlQ7u3Spn5E5aZF4PBOM1XSplXUOxuCV9mpf9Faa', '127.0.0.1', 'Mozilla/5.0 (Windows NT 10.0; Win64; x64) AppleWebKit/537.36 (KHTML, like Gecko) Chrome/143.0.0.0 Safari/537.36', '2026-01-03 11:05:45', NULL, NULL, 'active', '2026-01-03 11:05:45', '2026-01-03 11:05:45'),
(267, 1, 'AlQ7u3Spn5E5aZF4PBOM1XSplXUOxuCV9mpf9Faa', '127.0.0.1', 'Mozilla/5.0 (Windows NT 10.0; Win64; x64) AppleWebKit/537.36 (KHTML, like Gecko) Chrome/143.0.0.0 Safari/537.36', '2026-01-03 11:05:45', NULL, NULL, 'active', '2026-01-03 11:05:45', '2026-01-03 11:05:45'),
(268, 1, 'qUDQ3Jsrk6xVuaJ18wSz2pbdJqOQebebnIsHQfxs', '127.0.0.1', 'Mozilla/5.0 (Windows NT 10.0; Win64; x64) AppleWebKit/537.36 (KHTML, like Gecko) Chrome/143.0.0.0 Safari/537.36', '2026-01-03 11:06:38', NULL, NULL, 'active', '2026-01-03 11:06:38', '2026-01-03 11:06:38'),
(269, 1, 'qUDQ3Jsrk6xVuaJ18wSz2pbdJqOQebebnIsHQfxs', '127.0.0.1', 'Mozilla/5.0 (Windows NT 10.0; Win64; x64) AppleWebKit/537.36 (KHTML, like Gecko) Chrome/143.0.0.0 Safari/537.36', '2026-01-03 11:06:38', NULL, NULL, 'active', '2026-01-03 11:06:38', '2026-01-03 11:06:38'),
(270, 1, 're0IIR1oGcsJ0K30lQW7H1dV6UWPpmWjwmgZCttg', '127.0.0.1', 'Mozilla/5.0 (Windows NT 10.0; Win64; x64) AppleWebKit/537.36 (KHTML, like Gecko) Chrome/143.0.0.0 Safari/537.36', '2026-01-03 11:06:52', NULL, NULL, 'active', '2026-01-03 11:06:52', '2026-01-03 11:06:52'),
(271, 1, 're0IIR1oGcsJ0K30lQW7H1dV6UWPpmWjwmgZCttg', '127.0.0.1', 'Mozilla/5.0 (Windows NT 10.0; Win64; x64) AppleWebKit/537.36 (KHTML, like Gecko) Chrome/143.0.0.0 Safari/537.36', '2026-01-03 11:06:52', NULL, NULL, 'active', '2026-01-03 11:06:52', '2026-01-03 11:06:52'),
(272, 1, 'p4fWm2JevvZ54pg8i02zYPiJ9vLNZoK84IIymZwF', '127.0.0.1', 'Mozilla/5.0 (Windows NT 10.0; Win64; x64) AppleWebKit/537.36 (KHTML, like Gecko) Chrome/143.0.0.0 Safari/537.36', '2026-01-03 11:06:54', NULL, NULL, 'active', '2026-01-03 11:06:54', '2026-01-03 11:06:54'),
(273, 1, 'p4fWm2JevvZ54pg8i02zYPiJ9vLNZoK84IIymZwF', '127.0.0.1', 'Mozilla/5.0 (Windows NT 10.0; Win64; x64) AppleWebKit/537.36 (KHTML, like Gecko) Chrome/143.0.0.0 Safari/537.36', '2026-01-03 11:06:54', NULL, NULL, 'active', '2026-01-03 11:06:54', '2026-01-03 11:06:54'),
(274, 1, 'n7CNeqZsthk4WORZdWUt4FpG9UgQj11BOSGQHCY5', '127.0.0.1', 'Mozilla/5.0 (Windows NT 10.0; Win64; x64) AppleWebKit/537.36 (KHTML, like Gecko) Chrome/143.0.0.0 Safari/537.36', '2026-01-03 11:06:57', NULL, NULL, 'active', '2026-01-03 11:06:57', '2026-01-03 11:06:57'),
(275, 1, 'n7CNeqZsthk4WORZdWUt4FpG9UgQj11BOSGQHCY5', '127.0.0.1', 'Mozilla/5.0 (Windows NT 10.0; Win64; x64) AppleWebKit/537.36 (KHTML, like Gecko) Chrome/143.0.0.0 Safari/537.36', '2026-01-03 11:06:57', NULL, NULL, 'active', '2026-01-03 11:06:57', '2026-01-03 11:06:57'),
(276, 1, '5ppXz0hDmfALgCBegwuzi7LewUS6peptR72Pkjsf', '127.0.0.1', 'Mozilla/5.0 (Windows NT 10.0; Win64; x64) AppleWebKit/537.36 (KHTML, like Gecko) Chrome/143.0.0.0 Safari/537.36', '2026-01-03 11:06:59', NULL, NULL, 'active', '2026-01-03 11:06:59', '2026-01-03 11:06:59'),
(277, 1, '5ppXz0hDmfALgCBegwuzi7LewUS6peptR72Pkjsf', '127.0.0.1', 'Mozilla/5.0 (Windows NT 10.0; Win64; x64) AppleWebKit/537.36 (KHTML, like Gecko) Chrome/143.0.0.0 Safari/537.36', '2026-01-03 11:06:59', NULL, NULL, 'active', '2026-01-03 11:06:59', '2026-01-03 11:06:59'),
(278, 1, 'r1FxklYmbf4btzEAvqRP60jEjsapaUiXGQWZ9yKT', '127.0.0.1', 'Mozilla/5.0 (Windows NT 10.0; Win64; x64) AppleWebKit/537.36 (KHTML, like Gecko) Chrome/143.0.0.0 Safari/537.36', '2026-01-03 11:07:01', NULL, NULL, 'active', '2026-01-03 11:07:01', '2026-01-03 11:07:01'),
(279, 1, 'r1FxklYmbf4btzEAvqRP60jEjsapaUiXGQWZ9yKT', '127.0.0.1', 'Mozilla/5.0 (Windows NT 10.0; Win64; x64) AppleWebKit/537.36 (KHTML, like Gecko) Chrome/143.0.0.0 Safari/537.36', '2026-01-03 11:07:01', NULL, NULL, 'active', '2026-01-03 11:07:01', '2026-01-03 11:07:01'),
(280, 1, 'vFxUNEFrpZwaaNDL0GbfSUCt6m0cU25qJ4Cnfz5F', '127.0.0.1', 'Mozilla/5.0 (Windows NT 10.0; Win64; x64) AppleWebKit/537.36 (KHTML, like Gecko) Chrome/143.0.0.0 Safari/537.36', '2026-01-03 11:07:15', NULL, NULL, 'active', '2026-01-03 11:07:15', '2026-01-03 11:07:15'),
(281, 1, 'vFxUNEFrpZwaaNDL0GbfSUCt6m0cU25qJ4Cnfz5F', '127.0.0.1', 'Mozilla/5.0 (Windows NT 10.0; Win64; x64) AppleWebKit/537.36 (KHTML, like Gecko) Chrome/143.0.0.0 Safari/537.36', '2026-01-03 11:07:15', NULL, NULL, 'active', '2026-01-03 11:07:15', '2026-01-03 11:07:15'),
(282, 1, 'KcTO4Dm38wQH8UfXrfLGT35BaXqQwEwOuVQMTfTm', '127.0.0.1', 'Mozilla/5.0 (Windows NT 10.0; Win64; x64) AppleWebKit/537.36 (KHTML, like Gecko) Chrome/143.0.0.0 Safari/537.36', '2026-01-03 11:07:16', NULL, NULL, 'active', '2026-01-03 11:07:16', '2026-01-03 11:07:16'),
(283, 1, 'KcTO4Dm38wQH8UfXrfLGT35BaXqQwEwOuVQMTfTm', '127.0.0.1', 'Mozilla/5.0 (Windows NT 10.0; Win64; x64) AppleWebKit/537.36 (KHTML, like Gecko) Chrome/143.0.0.0 Safari/537.36', '2026-01-03 11:07:16', NULL, NULL, 'active', '2026-01-03 11:07:16', '2026-01-03 11:07:16'),
(284, 1, '9P29nOoqoKpefmP6r2jc7bfv0Lma4IAbLT4l3nCa', '127.0.0.1', 'Mozilla/5.0 (Windows NT 10.0; Win64; x64) AppleWebKit/537.36 (KHTML, like Gecko) Chrome/143.0.0.0 Safari/537.36', '2026-01-03 11:07:20', NULL, NULL, 'active', '2026-01-03 11:07:20', '2026-01-03 11:07:20'),
(285, 1, '9P29nOoqoKpefmP6r2jc7bfv0Lma4IAbLT4l3nCa', '127.0.0.1', 'Mozilla/5.0 (Windows NT 10.0; Win64; x64) AppleWebKit/537.36 (KHTML, like Gecko) Chrome/143.0.0.0 Safari/537.36', '2026-01-03 11:07:20', NULL, NULL, 'active', '2026-01-03 11:07:20', '2026-01-03 11:07:20'),
(286, 1, '9cXjGKWxirBRLGwLH2DNOcAZvvv4fnLuYw8RbI6S', '127.0.0.1', 'Mozilla/5.0 (Windows NT 10.0; Win64; x64) AppleWebKit/537.36 (KHTML, like Gecko) Chrome/143.0.0.0 Safari/537.36', '2026-01-03 11:09:13', NULL, NULL, 'active', '2026-01-03 11:09:13', '2026-01-03 11:09:13'),
(287, 1, '9cXjGKWxirBRLGwLH2DNOcAZvvv4fnLuYw8RbI6S', '127.0.0.1', 'Mozilla/5.0 (Windows NT 10.0; Win64; x64) AppleWebKit/537.36 (KHTML, like Gecko) Chrome/143.0.0.0 Safari/537.36', '2026-01-03 11:09:13', NULL, NULL, 'active', '2026-01-03 11:09:13', '2026-01-03 11:09:13'),
(288, 1, 'uikxhn3nGtypzprsRNNBHGxMniEoH1OmJeBuymMv', '127.0.0.1', 'Mozilla/5.0 (Windows NT 10.0; Win64; x64) AppleWebKit/537.36 (KHTML, like Gecko) Chrome/143.0.0.0 Safari/537.36', '2026-01-03 11:09:25', NULL, NULL, 'active', '2026-01-03 11:09:25', '2026-01-03 11:09:25'),
(289, 1, 'uikxhn3nGtypzprsRNNBHGxMniEoH1OmJeBuymMv', '127.0.0.1', 'Mozilla/5.0 (Windows NT 10.0; Win64; x64) AppleWebKit/537.36 (KHTML, like Gecko) Chrome/143.0.0.0 Safari/537.36', '2026-01-03 11:09:25', NULL, NULL, 'active', '2026-01-03 11:09:25', '2026-01-03 11:09:25'),
(290, 1, 'YkS6i7PncuIXJcnejrxaCLhaGy5uEvijk6kqloUp', '127.0.0.1', 'Mozilla/5.0 (Windows NT 10.0; Win64; x64) AppleWebKit/537.36 (KHTML, like Gecko) Chrome/143.0.0.0 Safari/537.36', '2026-01-03 11:10:23', NULL, NULL, 'active', '2026-01-03 11:10:23', '2026-01-03 11:10:23'),
(291, 1, 'YkS6i7PncuIXJcnejrxaCLhaGy5uEvijk6kqloUp', '127.0.0.1', 'Mozilla/5.0 (Windows NT 10.0; Win64; x64) AppleWebKit/537.36 (KHTML, like Gecko) Chrome/143.0.0.0 Safari/537.36', '2026-01-03 11:10:23', NULL, NULL, 'active', '2026-01-03 11:10:23', '2026-01-03 11:10:23'),
(292, 1, 'mb2uAvvIAi0VXd3AhSorMy7YlYwvF5HN6e0IC6pA', '127.0.0.1', 'Mozilla/5.0 (Windows NT 10.0; Win64; x64) AppleWebKit/537.36 (KHTML, like Gecko) Chrome/143.0.0.0 Safari/537.36', '2026-01-03 11:10:55', NULL, NULL, 'active', '2026-01-03 11:10:55', '2026-01-03 11:10:55'),
(293, 1, 'mb2uAvvIAi0VXd3AhSorMy7YlYwvF5HN6e0IC6pA', '127.0.0.1', 'Mozilla/5.0 (Windows NT 10.0; Win64; x64) AppleWebKit/537.36 (KHTML, like Gecko) Chrome/143.0.0.0 Safari/537.36', '2026-01-03 11:10:55', NULL, NULL, 'active', '2026-01-03 11:10:55', '2026-01-03 11:10:55'),
(294, 1, 'oqiyXF4sj9FN1ImKA5yuiichP83OIkNorCECQ1sO', '127.0.0.1', 'Mozilla/5.0 (Windows NT 10.0; Win64; x64) AppleWebKit/537.36 (KHTML, like Gecko) Chrome/143.0.0.0 Safari/537.36', '2026-01-03 11:12:30', NULL, NULL, 'active', '2026-01-03 11:12:30', '2026-01-03 11:12:30'),
(295, 1, 'oqiyXF4sj9FN1ImKA5yuiichP83OIkNorCECQ1sO', '127.0.0.1', 'Mozilla/5.0 (Windows NT 10.0; Win64; x64) AppleWebKit/537.36 (KHTML, like Gecko) Chrome/143.0.0.0 Safari/537.36', '2026-01-03 11:12:30', NULL, NULL, 'active', '2026-01-03 11:12:30', '2026-01-03 11:12:30'),
(296, 1, '0H5PNqHW0e3S5rLLXiaos88tnFA57fNH9BlSFKgd', '127.0.0.1', 'Mozilla/5.0 (Windows NT 10.0; Win64; x64) AppleWebKit/537.36 (KHTML, like Gecko) Chrome/143.0.0.0 Safari/537.36', '2026-01-03 11:12:52', NULL, NULL, 'active', '2026-01-03 11:12:52', '2026-01-03 11:12:52'),
(297, 1, '0H5PNqHW0e3S5rLLXiaos88tnFA57fNH9BlSFKgd', '127.0.0.1', 'Mozilla/5.0 (Windows NT 10.0; Win64; x64) AppleWebKit/537.36 (KHTML, like Gecko) Chrome/143.0.0.0 Safari/537.36', '2026-01-03 11:12:52', NULL, NULL, 'active', '2026-01-03 11:12:52', '2026-01-03 11:12:52'),
(298, 1, 'PbM7kXx6qP3HHccI5gc2tJ7lrozd8zqNoSkPmfb7', '127.0.0.1', 'Mozilla/5.0 (Windows NT 10.0; Win64; x64) AppleWebKit/537.36 (KHTML, like Gecko) Chrome/143.0.0.0 Safari/537.36', '2026-01-03 11:13:52', NULL, NULL, 'active', '2026-01-03 11:13:52', '2026-01-03 11:13:52'),
(299, 1, 'PbM7kXx6qP3HHccI5gc2tJ7lrozd8zqNoSkPmfb7', '127.0.0.1', 'Mozilla/5.0 (Windows NT 10.0; Win64; x64) AppleWebKit/537.36 (KHTML, like Gecko) Chrome/143.0.0.0 Safari/537.36', '2026-01-03 11:13:52', NULL, NULL, 'active', '2026-01-03 11:13:52', '2026-01-03 11:13:52'),
(300, 1, 'zPavqGfpQw3rR8DJlysN7if9y6D2967ZwALeOawC', '127.0.0.1', 'Mozilla/5.0 (Windows NT 10.0; Win64; x64) AppleWebKit/537.36 (KHTML, like Gecko) Chrome/143.0.0.0 Safari/537.36', '2026-01-03 11:15:36', NULL, NULL, 'active', '2026-01-03 11:15:36', '2026-01-03 11:15:36'),
(301, 1, 'zPavqGfpQw3rR8DJlysN7if9y6D2967ZwALeOawC', '127.0.0.1', 'Mozilla/5.0 (Windows NT 10.0; Win64; x64) AppleWebKit/537.36 (KHTML, like Gecko) Chrome/143.0.0.0 Safari/537.36', '2026-01-03 11:15:36', NULL, NULL, 'active', '2026-01-03 11:15:36', '2026-01-03 11:15:36'),
(302, 1, 'iFvHfr86dUWeU0xcqxXEIYnAEedUoPKpfe9ggAwX', '127.0.0.1', 'Mozilla/5.0 (iPhone; CPU iPhone OS 18_5 like Mac OS X) AppleWebKit/605.1.15 (KHTML, like Gecko) Version/18.5 Mobile/15E148 Safari/604.1', '2026-01-03 11:16:01', NULL, NULL, 'active', '2026-01-03 11:16:01', '2026-01-03 11:16:01'),
(303, 1, 'iFvHfr86dUWeU0xcqxXEIYnAEedUoPKpfe9ggAwX', '127.0.0.1', 'Mozilla/5.0 (iPhone; CPU iPhone OS 18_5 like Mac OS X) AppleWebKit/605.1.15 (KHTML, like Gecko) Version/18.5 Mobile/15E148 Safari/604.1', '2026-01-03 11:16:01', NULL, NULL, 'active', '2026-01-03 11:16:01', '2026-01-03 11:16:01'),
(304, 1, 'wfifjlLGi5ZCzgA6RRRszP2wTFG1GmAaW7sdpr0D', '127.0.0.1', 'Mozilla/5.0 (Windows NT 10.0; Win64; x64) AppleWebKit/537.36 (KHTML, like Gecko) Chrome/143.0.0.0 Safari/537.36', '2026-01-03 11:19:15', NULL, NULL, 'active', '2026-01-03 11:19:15', '2026-01-03 11:19:15'),
(305, 1, 'wfifjlLGi5ZCzgA6RRRszP2wTFG1GmAaW7sdpr0D', '127.0.0.1', 'Mozilla/5.0 (Windows NT 10.0; Win64; x64) AppleWebKit/537.36 (KHTML, like Gecko) Chrome/143.0.0.0 Safari/537.36', '2026-01-03 11:19:15', NULL, NULL, 'active', '2026-01-03 11:19:15', '2026-01-03 11:19:15'),
(306, 1, '4ZQCqlolu54tEsmqCTpmLGEsRmrCfPPy7fUWCYnV', '127.0.0.1', 'Mozilla/5.0 (Windows NT 10.0; Win64; x64) AppleWebKit/537.36 (KHTML, like Gecko) Chrome/143.0.0.0 Safari/537.36', '2026-01-03 11:22:41', NULL, NULL, 'active', '2026-01-03 11:22:41', '2026-01-03 11:22:41'),
(307, 1, '4ZQCqlolu54tEsmqCTpmLGEsRmrCfPPy7fUWCYnV', '127.0.0.1', 'Mozilla/5.0 (Windows NT 10.0; Win64; x64) AppleWebKit/537.36 (KHTML, like Gecko) Chrome/143.0.0.0 Safari/537.36', '2026-01-03 11:22:41', NULL, NULL, 'active', '2026-01-03 11:22:41', '2026-01-03 11:22:41'),
(308, 1, 'VBpekJJKP7pjaTZtxRNy3vEwAWSV5CSdFIKDIXPH', '127.0.0.1', 'Mozilla/5.0 (Windows NT 10.0; Win64; x64) AppleWebKit/537.36 (KHTML, like Gecko) Chrome/143.0.0.0 Safari/537.36', '2026-01-03 11:22:42', NULL, NULL, 'active', '2026-01-03 11:22:42', '2026-01-03 11:22:42'),
(309, 1, 'VBpekJJKP7pjaTZtxRNy3vEwAWSV5CSdFIKDIXPH', '127.0.0.1', 'Mozilla/5.0 (Windows NT 10.0; Win64; x64) AppleWebKit/537.36 (KHTML, like Gecko) Chrome/143.0.0.0 Safari/537.36', '2026-01-03 11:22:42', NULL, NULL, 'active', '2026-01-03 11:22:42', '2026-01-03 11:22:42'),
(310, 1, 'pkWfDzY8Ff5adTzF274bT9rcKUMum5DuDmr5jDGX', '127.0.0.1', 'Mozilla/5.0 (Windows NT 10.0; Win64; x64) AppleWebKit/537.36 (KHTML, like Gecko) Chrome/143.0.0.0 Safari/537.36', '2026-01-03 11:22:45', NULL, NULL, 'active', '2026-01-03 11:22:45', '2026-01-03 11:22:45'),
(311, 1, 'pkWfDzY8Ff5adTzF274bT9rcKUMum5DuDmr5jDGX', '127.0.0.1', 'Mozilla/5.0 (Windows NT 10.0; Win64; x64) AppleWebKit/537.36 (KHTML, like Gecko) Chrome/143.0.0.0 Safari/537.36', '2026-01-03 11:22:45', NULL, NULL, 'active', '2026-01-03 11:22:45', '2026-01-03 11:22:45'),
(312, 1, 'OsH8zjYPenOkAEjf9jLJuXev61vhhSUWvJ0fo9A5', '127.0.0.1', 'Mozilla/5.0 (Windows NT 10.0; Win64; x64) AppleWebKit/537.36 (KHTML, like Gecko) Chrome/143.0.0.0 Safari/537.36', '2026-01-03 11:22:47', NULL, NULL, 'active', '2026-01-03 11:22:47', '2026-01-03 11:22:47'),
(313, 1, 'OsH8zjYPenOkAEjf9jLJuXev61vhhSUWvJ0fo9A5', '127.0.0.1', 'Mozilla/5.0 (Windows NT 10.0; Win64; x64) AppleWebKit/537.36 (KHTML, like Gecko) Chrome/143.0.0.0 Safari/537.36', '2026-01-03 11:22:47', NULL, NULL, 'active', '2026-01-03 11:22:47', '2026-01-03 11:22:47'),
(314, 1, 'uRtbuKfZLdeVjxs0U57XfL28W6NM69EPD9pfTWLM', '127.0.0.1', 'Mozilla/5.0 (Windows NT 10.0; Win64; x64) AppleWebKit/537.36 (KHTML, like Gecko) Chrome/143.0.0.0 Safari/537.36', '2026-01-03 11:22:48', NULL, NULL, 'active', '2026-01-03 11:22:48', '2026-01-03 11:22:48'),
(315, 1, 'uRtbuKfZLdeVjxs0U57XfL28W6NM69EPD9pfTWLM', '127.0.0.1', 'Mozilla/5.0 (Windows NT 10.0; Win64; x64) AppleWebKit/537.36 (KHTML, like Gecko) Chrome/143.0.0.0 Safari/537.36', '2026-01-03 11:22:48', NULL, NULL, 'active', '2026-01-03 11:22:48', '2026-01-03 11:22:48'),
(316, 1, 'AQNXKz4rM0vp7bFizWyhdrB1hBK2dEc703wAtTjO', '127.0.0.1', 'Mozilla/5.0 (Windows NT 10.0; Win64; x64) AppleWebKit/537.36 (KHTML, like Gecko) Chrome/143.0.0.0 Safari/537.36', '2026-01-03 11:24:25', NULL, NULL, 'active', '2026-01-03 11:24:25', '2026-01-03 11:24:25'),
(317, 1, 'AQNXKz4rM0vp7bFizWyhdrB1hBK2dEc703wAtTjO', '127.0.0.1', 'Mozilla/5.0 (Windows NT 10.0; Win64; x64) AppleWebKit/537.36 (KHTML, like Gecko) Chrome/143.0.0.0 Safari/537.36', '2026-01-03 11:24:25', NULL, NULL, 'active', '2026-01-03 11:24:25', '2026-01-03 11:24:25'),
(318, 1, 'QncLZ9ZvaKQiW8XC4u9D149sbKo9FlGLzFs95AR4', '127.0.0.1', 'Mozilla/5.0 (Windows NT 10.0; Win64; x64) AppleWebKit/537.36 (KHTML, like Gecko) Chrome/143.0.0.0 Safari/537.36', '2026-01-03 11:25:10', NULL, NULL, 'active', '2026-01-03 11:25:10', '2026-01-03 11:25:10'),
(319, 1, 'QncLZ9ZvaKQiW8XC4u9D149sbKo9FlGLzFs95AR4', '127.0.0.1', 'Mozilla/5.0 (Windows NT 10.0; Win64; x64) AppleWebKit/537.36 (KHTML, like Gecko) Chrome/143.0.0.0 Safari/537.36', '2026-01-03 11:25:10', NULL, NULL, 'active', '2026-01-03 11:25:10', '2026-01-03 11:25:10'),
(320, 1, 'W4J7QDAtLCTUl7c3QqXRlISUysOGYJl5QwKH0bDN', '127.0.0.1', 'Mozilla/5.0 (Windows NT 10.0; Win64; x64) AppleWebKit/537.36 (KHTML, like Gecko) Chrome/143.0.0.0 Safari/537.36', '2026-01-03 11:25:10', NULL, NULL, 'active', '2026-01-03 11:25:10', '2026-01-03 11:25:10'),
(321, 1, 'W4J7QDAtLCTUl7c3QqXRlISUysOGYJl5QwKH0bDN', '127.0.0.1', 'Mozilla/5.0 (Windows NT 10.0; Win64; x64) AppleWebKit/537.36 (KHTML, like Gecko) Chrome/143.0.0.0 Safari/537.36', '2026-01-03 11:25:10', NULL, NULL, 'active', '2026-01-03 11:25:10', '2026-01-03 11:25:10'),
(322, 1, 'VZYTAB6x8lWkdzpEJFQHQHkkKDK9sZnD8luEZboy', '127.0.0.1', 'Mozilla/5.0 (Windows NT 10.0; Win64; x64) AppleWebKit/537.36 (KHTML, like Gecko) Chrome/143.0.0.0 Safari/537.36', '2026-01-03 11:25:14', NULL, NULL, 'active', '2026-01-03 11:25:14', '2026-01-03 11:25:14'),
(323, 1, 'VZYTAB6x8lWkdzpEJFQHQHkkKDK9sZnD8luEZboy', '127.0.0.1', 'Mozilla/5.0 (Windows NT 10.0; Win64; x64) AppleWebKit/537.36 (KHTML, like Gecko) Chrome/143.0.0.0 Safari/537.36', '2026-01-03 11:25:14', NULL, NULL, 'active', '2026-01-03 11:25:14', '2026-01-03 11:25:14'),
(324, 1, 'CqsYGSx7TGRhIxiQPrgKFUq0sYSOFZu3xyDZuUMh', '127.0.0.1', 'Mozilla/5.0 (Windows NT 10.0; Win64; x64) AppleWebKit/537.36 (KHTML, like Gecko) Chrome/143.0.0.0 Safari/537.36', '2026-01-03 11:26:11', NULL, NULL, 'active', '2026-01-03 11:26:11', '2026-01-03 11:26:11'),
(325, 1, 'CqsYGSx7TGRhIxiQPrgKFUq0sYSOFZu3xyDZuUMh', '127.0.0.1', 'Mozilla/5.0 (Windows NT 10.0; Win64; x64) AppleWebKit/537.36 (KHTML, like Gecko) Chrome/143.0.0.0 Safari/537.36', '2026-01-03 11:26:11', NULL, NULL, 'active', '2026-01-03 11:26:11', '2026-01-03 11:26:11'),
(326, 1, '8NSA63b4pH02ybrw6YPyLwAJC1rT5ymIoUowXJdP', '127.0.0.1', 'Mozilla/5.0 (Windows NT 10.0; Win64; x64) AppleWebKit/537.36 (KHTML, like Gecko) Chrome/143.0.0.0 Safari/537.36', '2026-01-03 11:26:11', NULL, NULL, 'active', '2026-01-03 11:26:11', '2026-01-03 11:26:11'),
(327, 1, '8NSA63b4pH02ybrw6YPyLwAJC1rT5ymIoUowXJdP', '127.0.0.1', 'Mozilla/5.0 (Windows NT 10.0; Win64; x64) AppleWebKit/537.36 (KHTML, like Gecko) Chrome/143.0.0.0 Safari/537.36', '2026-01-03 11:26:11', NULL, NULL, 'active', '2026-01-03 11:26:11', '2026-01-03 11:26:11'),
(328, 1, 'Ujs4pH78H0yhBPQva8LX4iL9fQ0W8zbFXJa4Y87s', '127.0.0.1', 'Mozilla/5.0 (Windows NT 10.0; Win64; x64) AppleWebKit/537.36 (KHTML, like Gecko) Chrome/143.0.0.0 Safari/537.36', '2026-01-03 11:43:59', NULL, NULL, 'active', '2026-01-03 11:43:59', '2026-01-03 11:43:59'),
(329, 1, 'Ujs4pH78H0yhBPQva8LX4iL9fQ0W8zbFXJa4Y87s', '127.0.0.1', 'Mozilla/5.0 (Windows NT 10.0; Win64; x64) AppleWebKit/537.36 (KHTML, like Gecko) Chrome/143.0.0.0 Safari/537.36', '2026-01-03 11:43:59', NULL, NULL, 'active', '2026-01-03 11:43:59', '2026-01-03 11:43:59'),
(330, 1, 'KBcttrANwu4nbJztaGHk8sbrcYCUVJxIAMEDXdiY', '127.0.0.1', 'Mozilla/5.0 (Windows NT 10.0; Win64; x64) AppleWebKit/537.36 (KHTML, like Gecko) Chrome/143.0.0.0 Safari/537.36', '2026-01-03 11:44:05', NULL, NULL, 'active', '2026-01-03 11:44:05', '2026-01-03 11:44:05'),
(331, 1, 'KBcttrANwu4nbJztaGHk8sbrcYCUVJxIAMEDXdiY', '127.0.0.1', 'Mozilla/5.0 (Windows NT 10.0; Win64; x64) AppleWebKit/537.36 (KHTML, like Gecko) Chrome/143.0.0.0 Safari/537.36', '2026-01-03 11:44:05', NULL, NULL, 'active', '2026-01-03 11:44:05', '2026-01-03 11:44:05'),
(332, 1, 'WgroH9yZUzMXgvGyGSflXUql21VvO3UWK2rZzIdZ', '127.0.0.1', 'Mozilla/5.0 (Windows NT 10.0; Win64; x64) AppleWebKit/537.36 (KHTML, like Gecko) Chrome/143.0.0.0 Safari/537.36', '2026-01-03 11:44:13', NULL, NULL, 'active', '2026-01-03 11:44:13', '2026-01-03 11:44:13'),
(333, 1, 'WgroH9yZUzMXgvGyGSflXUql21VvO3UWK2rZzIdZ', '127.0.0.1', 'Mozilla/5.0 (Windows NT 10.0; Win64; x64) AppleWebKit/537.36 (KHTML, like Gecko) Chrome/143.0.0.0 Safari/537.36', '2026-01-03 11:44:13', NULL, NULL, 'active', '2026-01-03 11:44:13', '2026-01-03 11:44:13'),
(334, 1, 'tnma3iOVzTRcvMWJdBtAJUzt8FShxmdzVXY4htng', '127.0.0.1', 'Mozilla/5.0 (Windows NT 10.0; Win64; x64) AppleWebKit/537.36 (KHTML, like Gecko) Chrome/143.0.0.0 Safari/537.36', '2026-01-03 11:44:17', NULL, NULL, 'active', '2026-01-03 11:44:17', '2026-01-03 11:44:17'),
(335, 1, 'tnma3iOVzTRcvMWJdBtAJUzt8FShxmdzVXY4htng', '127.0.0.1', 'Mozilla/5.0 (Windows NT 10.0; Win64; x64) AppleWebKit/537.36 (KHTML, like Gecko) Chrome/143.0.0.0 Safari/537.36', '2026-01-03 11:44:17', NULL, NULL, 'active', '2026-01-03 11:44:17', '2026-01-03 11:44:17'),
(336, 1, 'dnQifDNhjFnbIOpZOgifX5ppC5vOeCM26myZOeDt', '127.0.0.1', 'Mozilla/5.0 (Windows NT 10.0; Win64; x64) AppleWebKit/537.36 (KHTML, like Gecko) Chrome/143.0.0.0 Safari/537.36', '2026-01-03 11:44:19', NULL, NULL, 'active', '2026-01-03 11:44:19', '2026-01-03 11:44:19'),
(337, 1, 'dnQifDNhjFnbIOpZOgifX5ppC5vOeCM26myZOeDt', '127.0.0.1', 'Mozilla/5.0 (Windows NT 10.0; Win64; x64) AppleWebKit/537.36 (KHTML, like Gecko) Chrome/143.0.0.0 Safari/537.36', '2026-01-03 11:44:19', NULL, NULL, 'active', '2026-01-03 11:44:19', '2026-01-03 11:44:19'),
(338, 1, 'H356t1dv97WBvqQgvqKBnvNhr9dSiCyDlvP1EBft', '127.0.0.1', 'Mozilla/5.0 (Windows NT 10.0; Win64; x64) AppleWebKit/537.36 (KHTML, like Gecko) Chrome/143.0.0.0 Safari/537.36', '2026-01-03 11:44:46', NULL, NULL, 'active', '2026-01-03 11:44:46', '2026-01-03 11:44:46'),
(339, 1, 'H356t1dv97WBvqQgvqKBnvNhr9dSiCyDlvP1EBft', '127.0.0.1', 'Mozilla/5.0 (Windows NT 10.0; Win64; x64) AppleWebKit/537.36 (KHTML, like Gecko) Chrome/143.0.0.0 Safari/537.36', '2026-01-03 11:44:46', NULL, NULL, 'active', '2026-01-03 11:44:46', '2026-01-03 11:44:46'),
(340, 1, 'JG1YIWJy5UlKOPU0SHRpUdlT6GoGJG0eobjUdoi1', '127.0.0.1', 'Mozilla/5.0 (Windows NT 10.0; Win64; x64) AppleWebKit/537.36 (KHTML, like Gecko) Chrome/143.0.0.0 Safari/537.36', '2026-01-03 11:44:47', NULL, NULL, 'active', '2026-01-03 11:44:47', '2026-01-03 11:44:47'),
(341, 1, 'JG1YIWJy5UlKOPU0SHRpUdlT6GoGJG0eobjUdoi1', '127.0.0.1', 'Mozilla/5.0 (Windows NT 10.0; Win64; x64) AppleWebKit/537.36 (KHTML, like Gecko) Chrome/143.0.0.0 Safari/537.36', '2026-01-03 11:44:47', NULL, NULL, 'active', '2026-01-03 11:44:47', '2026-01-03 11:44:47'),
(342, 1, 'TAIWwB9hDnPK7cCCaEnNL7AsSlqrE6ItIRhw51yf', '127.0.0.1', 'Mozilla/5.0 (Windows NT 10.0; Win64; x64) AppleWebKit/537.36 (KHTML, like Gecko) Chrome/143.0.0.0 Safari/537.36', '2026-01-03 11:44:59', NULL, NULL, 'active', '2026-01-03 11:44:59', '2026-01-03 11:44:59'),
(343, 1, 'TAIWwB9hDnPK7cCCaEnNL7AsSlqrE6ItIRhw51yf', '127.0.0.1', 'Mozilla/5.0 (Windows NT 10.0; Win64; x64) AppleWebKit/537.36 (KHTML, like Gecko) Chrome/143.0.0.0 Safari/537.36', '2026-01-03 11:44:59', NULL, NULL, 'active', '2026-01-03 11:44:59', '2026-01-03 11:44:59'),
(344, 1, '4LDO314k8f7TkgK0c8nZngbfWUlaWYn12HK7QvgW', '127.0.0.1', 'Mozilla/5.0 (Windows NT 10.0; Win64; x64) AppleWebKit/537.36 (KHTML, like Gecko) Chrome/143.0.0.0 Safari/537.36', '2026-01-03 11:45:01', NULL, NULL, 'active', '2026-01-03 11:45:01', '2026-01-03 11:45:01'),
(345, 1, '4LDO314k8f7TkgK0c8nZngbfWUlaWYn12HK7QvgW', '127.0.0.1', 'Mozilla/5.0 (Windows NT 10.0; Win64; x64) AppleWebKit/537.36 (KHTML, like Gecko) Chrome/143.0.0.0 Safari/537.36', '2026-01-03 11:45:01', NULL, NULL, 'active', '2026-01-03 11:45:01', '2026-01-03 11:45:01'),
(346, 1, 'ewHsOSehEV4aAmleMXzzM2h9GSUgUiD6JAK7PlRA', '127.0.0.1', 'Mozilla/5.0 (Windows NT 10.0; Win64; x64) AppleWebKit/537.36 (KHTML, like Gecko) Chrome/143.0.0.0 Safari/537.36', '2026-01-03 11:46:19', NULL, NULL, 'active', '2026-01-03 11:46:19', '2026-01-03 11:46:19'),
(347, 1, 'ewHsOSehEV4aAmleMXzzM2h9GSUgUiD6JAK7PlRA', '127.0.0.1', 'Mozilla/5.0 (Windows NT 10.0; Win64; x64) AppleWebKit/537.36 (KHTML, like Gecko) Chrome/143.0.0.0 Safari/537.36', '2026-01-03 11:46:19', NULL, NULL, 'active', '2026-01-03 11:46:19', '2026-01-03 11:46:19'),
(348, 1, 'yjPAOjtKPixprice4sym6hz4xNZOJcCJmZDUvyD0', '127.0.0.1', 'Mozilla/5.0 (Windows NT 10.0; Win64; x64) AppleWebKit/537.36 (KHTML, like Gecko) Chrome/143.0.0.0 Safari/537.36', '2026-01-03 11:46:49', NULL, NULL, 'active', '2026-01-03 11:46:49', '2026-01-03 11:46:49'),
(349, 1, 'yjPAOjtKPixprice4sym6hz4xNZOJcCJmZDUvyD0', '127.0.0.1', 'Mozilla/5.0 (Windows NT 10.0; Win64; x64) AppleWebKit/537.36 (KHTML, like Gecko) Chrome/143.0.0.0 Safari/537.36', '2026-01-03 11:46:49', NULL, NULL, 'active', '2026-01-03 11:46:49', '2026-01-03 11:46:49'),
(350, 1, 'RGB4lPOQA001dzliw3abVZajuctUPoDxIAv2vMJW', '127.0.0.1', 'Mozilla/5.0 (Windows NT 10.0; Win64; x64) AppleWebKit/537.36 (KHTML, like Gecko) Chrome/143.0.0.0 Safari/537.36', '2026-01-03 11:47:15', NULL, NULL, 'active', '2026-01-03 11:47:15', '2026-01-03 11:47:15'),
(351, 1, 'RGB4lPOQA001dzliw3abVZajuctUPoDxIAv2vMJW', '127.0.0.1', 'Mozilla/5.0 (Windows NT 10.0; Win64; x64) AppleWebKit/537.36 (KHTML, like Gecko) Chrome/143.0.0.0 Safari/537.36', '2026-01-03 11:47:15', NULL, NULL, 'active', '2026-01-03 11:47:15', '2026-01-03 11:47:15'),
(352, 1, '4hBhpgstUnCfVlIZ0NzjcwFsw6Jnbjgyc035URMu', '127.0.0.1', 'Mozilla/5.0 (Windows NT 10.0; Win64; x64) AppleWebKit/537.36 (KHTML, like Gecko) Chrome/143.0.0.0 Safari/537.36', '2026-01-03 11:47:20', NULL, NULL, 'active', '2026-01-03 11:47:20', '2026-01-03 11:47:20'),
(353, 1, '4hBhpgstUnCfVlIZ0NzjcwFsw6Jnbjgyc035URMu', '127.0.0.1', 'Mozilla/5.0 (Windows NT 10.0; Win64; x64) AppleWebKit/537.36 (KHTML, like Gecko) Chrome/143.0.0.0 Safari/537.36', '2026-01-03 11:47:20', NULL, NULL, 'active', '2026-01-03 11:47:20', '2026-01-03 11:47:20'),
(354, 1, 'XgY7CyDwB7iVFmzCKLw5YkzxdwXnbKc3GojJSJtZ', '127.0.0.1', 'Mozilla/5.0 (Windows NT 10.0; Win64; x64) AppleWebKit/537.36 (KHTML, like Gecko) Chrome/143.0.0.0 Safari/537.36', '2026-01-03 11:50:33', NULL, NULL, 'active', '2026-01-03 11:50:33', '2026-01-03 11:50:33'),
(355, 1, 'XgY7CyDwB7iVFmzCKLw5YkzxdwXnbKc3GojJSJtZ', '127.0.0.1', 'Mozilla/5.0 (Windows NT 10.0; Win64; x64) AppleWebKit/537.36 (KHTML, like Gecko) Chrome/143.0.0.0 Safari/537.36', '2026-01-03 11:50:33', NULL, NULL, 'active', '2026-01-03 11:50:33', '2026-01-03 11:50:33'),
(356, 1, 'k6N8zxj1Aql8A6yTCRwrK1oVKCdo7hzQAP5TMz4V', '127.0.0.1', 'Mozilla/5.0 (Windows NT 10.0; Win64; x64) AppleWebKit/537.36 (KHTML, like Gecko) Chrome/143.0.0.0 Safari/537.36', '2026-01-03 11:50:37', NULL, NULL, 'active', '2026-01-03 11:50:37', '2026-01-03 11:50:37'),
(357, 1, 'k6N8zxj1Aql8A6yTCRwrK1oVKCdo7hzQAP5TMz4V', '127.0.0.1', 'Mozilla/5.0 (Windows NT 10.0; Win64; x64) AppleWebKit/537.36 (KHTML, like Gecko) Chrome/143.0.0.0 Safari/537.36', '2026-01-03 11:50:37', NULL, NULL, 'active', '2026-01-03 11:50:37', '2026-01-03 11:50:37'),
(358, 1, 'gMdNvXvprwwJU3jnHzIWQ8t2OgggGwf2eNA9JyNq', '127.0.0.1', 'Mozilla/5.0 (Windows NT 10.0; Win64; x64) AppleWebKit/537.36 (KHTML, like Gecko) Chrome/143.0.0.0 Safari/537.36', '2026-01-03 11:50:42', NULL, NULL, 'active', '2026-01-03 11:50:42', '2026-01-03 11:50:42'),
(359, 1, 'gMdNvXvprwwJU3jnHzIWQ8t2OgggGwf2eNA9JyNq', '127.0.0.1', 'Mozilla/5.0 (Windows NT 10.0; Win64; x64) AppleWebKit/537.36 (KHTML, like Gecko) Chrome/143.0.0.0 Safari/537.36', '2026-01-03 11:50:42', NULL, NULL, 'active', '2026-01-03 11:50:42', '2026-01-03 11:50:42'),
(360, 1, '0lCPe1JJRDOAFV6ml4jrUbSUFUAtMDjdAbeEjmwL', '127.0.0.1', 'Mozilla/5.0 (Windows NT 10.0; Win64; x64) AppleWebKit/537.36 (KHTML, like Gecko) Chrome/143.0.0.0 Safari/537.36', '2026-01-03 11:51:30', NULL, NULL, 'active', '2026-01-03 11:51:30', '2026-01-03 11:51:30'),
(361, 1, '0lCPe1JJRDOAFV6ml4jrUbSUFUAtMDjdAbeEjmwL', '127.0.0.1', 'Mozilla/5.0 (Windows NT 10.0; Win64; x64) AppleWebKit/537.36 (KHTML, like Gecko) Chrome/143.0.0.0 Safari/537.36', '2026-01-03 11:51:30', NULL, NULL, 'active', '2026-01-03 11:51:30', '2026-01-03 11:51:30'),
(362, 1, 'Lj1mxcrN6fWuadzBYGBQBf8B7CLVZJLrh1n2FGDV', '127.0.0.1', 'Mozilla/5.0 (Windows NT 10.0; Win64; x64) AppleWebKit/537.36 (KHTML, like Gecko) Chrome/143.0.0.0 Safari/537.36', '2026-01-03 11:52:56', NULL, NULL, 'active', '2026-01-03 11:52:56', '2026-01-03 11:52:56'),
(363, 1, 'Lj1mxcrN6fWuadzBYGBQBf8B7CLVZJLrh1n2FGDV', '127.0.0.1', 'Mozilla/5.0 (Windows NT 10.0; Win64; x64) AppleWebKit/537.36 (KHTML, like Gecko) Chrome/143.0.0.0 Safari/537.36', '2026-01-03 11:52:56', NULL, NULL, 'active', '2026-01-03 11:52:56', '2026-01-03 11:52:56'),
(364, 1, 'x15m80eCkkJnBIafGA2Q2RvJzmtdODCiLbySvTBm', '127.0.0.1', 'Mozilla/5.0 (Windows NT 10.0; Win64; x64) AppleWebKit/537.36 (KHTML, like Gecko) Chrome/143.0.0.0 Safari/537.36', '2026-01-03 11:52:58', NULL, NULL, 'active', '2026-01-03 11:52:58', '2026-01-03 11:52:58'),
(365, 1, 'x15m80eCkkJnBIafGA2Q2RvJzmtdODCiLbySvTBm', '127.0.0.1', 'Mozilla/5.0 (Windows NT 10.0; Win64; x64) AppleWebKit/537.36 (KHTML, like Gecko) Chrome/143.0.0.0 Safari/537.36', '2026-01-03 11:52:58', NULL, NULL, 'active', '2026-01-03 11:52:58', '2026-01-03 11:52:58');
INSERT INTO `user_sessions` (`id`, `user_id`, `session_id`, `ip_address`, `user_agent`, `logged_in_at`, `last_seen_at`, `logged_out_at`, `status`, `created_at`, `updated_at`) VALUES
(366, 1, 'jIcBs3IG8kDibcrxRq257pLCwy8rRSvBL8MvRpNH', '127.0.0.1', 'Mozilla/5.0 (Windows NT 10.0; Win64; x64) AppleWebKit/537.36 (KHTML, like Gecko) Chrome/143.0.0.0 Safari/537.36', '2026-01-03 11:55:11', NULL, NULL, 'active', '2026-01-03 11:55:11', '2026-01-03 11:55:11'),
(367, 1, 'jIcBs3IG8kDibcrxRq257pLCwy8rRSvBL8MvRpNH', '127.0.0.1', 'Mozilla/5.0 (Windows NT 10.0; Win64; x64) AppleWebKit/537.36 (KHTML, like Gecko) Chrome/143.0.0.0 Safari/537.36', '2026-01-03 11:55:11', NULL, NULL, 'active', '2026-01-03 11:55:11', '2026-01-03 11:55:11'),
(368, 1, 'lkJ8iNQT4WLUlzFzHwGLPqpzQEfiiSvVCBKFUBr6', '127.0.0.1', 'Mozilla/5.0 (Windows NT 10.0; Win64; x64) AppleWebKit/537.36 (KHTML, like Gecko) Chrome/143.0.0.0 Safari/537.36', '2026-01-03 11:55:30', NULL, NULL, 'active', '2026-01-03 11:55:30', '2026-01-03 11:55:30'),
(369, 1, 'lkJ8iNQT4WLUlzFzHwGLPqpzQEfiiSvVCBKFUBr6', '127.0.0.1', 'Mozilla/5.0 (Windows NT 10.0; Win64; x64) AppleWebKit/537.36 (KHTML, like Gecko) Chrome/143.0.0.0 Safari/537.36', '2026-01-03 11:55:30', NULL, NULL, 'active', '2026-01-03 11:55:30', '2026-01-03 11:55:30'),
(370, 1, 'CWVeOIO7k30OLGPfZtTHOV61ENf0MgAkM0Q3s1CY', '127.0.0.1', 'Mozilla/5.0 (Windows NT 10.0; Win64; x64) AppleWebKit/537.36 (KHTML, like Gecko) Chrome/143.0.0.0 Safari/537.36', '2026-01-03 11:55:45', NULL, NULL, 'active', '2026-01-03 11:55:45', '2026-01-03 11:55:45'),
(371, 1, 'CWVeOIO7k30OLGPfZtTHOV61ENf0MgAkM0Q3s1CY', '127.0.0.1', 'Mozilla/5.0 (Windows NT 10.0; Win64; x64) AppleWebKit/537.36 (KHTML, like Gecko) Chrome/143.0.0.0 Safari/537.36', '2026-01-03 11:55:45', NULL, NULL, 'active', '2026-01-03 11:55:45', '2026-01-03 11:55:45'),
(372, 1, 'YUI0XujY6Wq1ZpUcgBTItXsMQWPMT78MJLhPJ2lD', '127.0.0.1', 'Mozilla/5.0 (Windows NT 10.0; Win64; x64) AppleWebKit/537.36 (KHTML, like Gecko) Chrome/143.0.0.0 Safari/537.36', '2026-01-03 11:55:47', NULL, NULL, 'active', '2026-01-03 11:55:47', '2026-01-03 11:55:47'),
(373, 1, 'YUI0XujY6Wq1ZpUcgBTItXsMQWPMT78MJLhPJ2lD', '127.0.0.1', 'Mozilla/5.0 (Windows NT 10.0; Win64; x64) AppleWebKit/537.36 (KHTML, like Gecko) Chrome/143.0.0.0 Safari/537.36', '2026-01-03 11:55:47', NULL, NULL, 'active', '2026-01-03 11:55:47', '2026-01-03 11:55:47'),
(374, 1, 'CIbosLsTPrSGB2CppMDiaKi0uq84S9tqOl5GW7J2', '127.0.0.1', 'Mozilla/5.0 (Windows NT 10.0; Win64; x64) AppleWebKit/537.36 (KHTML, like Gecko) Chrome/143.0.0.0 Safari/537.36', '2026-01-03 11:55:49', NULL, NULL, 'active', '2026-01-03 11:55:49', '2026-01-03 11:55:49'),
(375, 1, 'CIbosLsTPrSGB2CppMDiaKi0uq84S9tqOl5GW7J2', '127.0.0.1', 'Mozilla/5.0 (Windows NT 10.0; Win64; x64) AppleWebKit/537.36 (KHTML, like Gecko) Chrome/143.0.0.0 Safari/537.36', '2026-01-03 11:55:49', NULL, NULL, 'active', '2026-01-03 11:55:49', '2026-01-03 11:55:49'),
(376, 1, 'DwIJqjf6cKtVwSmIPSePbdUVx3MVmbiDNckWIp6P', '127.0.0.1', 'Mozilla/5.0 (Windows NT 10.0; Win64; x64) AppleWebKit/537.36 (KHTML, like Gecko) Chrome/143.0.0.0 Safari/537.36', '2026-01-03 11:57:36', NULL, NULL, 'active', '2026-01-03 11:57:36', '2026-01-03 11:57:36'),
(377, 1, 'DwIJqjf6cKtVwSmIPSePbdUVx3MVmbiDNckWIp6P', '127.0.0.1', 'Mozilla/5.0 (Windows NT 10.0; Win64; x64) AppleWebKit/537.36 (KHTML, like Gecko) Chrome/143.0.0.0 Safari/537.36', '2026-01-03 11:57:36', NULL, NULL, 'active', '2026-01-03 11:57:36', '2026-01-03 11:57:36'),
(378, 1, 'b6hNcg4Qnq7mvddBKx1iv4ZS5KPeggGgPXtedPtv', '127.0.0.1', 'Mozilla/5.0 (Windows NT 10.0; Win64; x64) AppleWebKit/537.36 (KHTML, like Gecko) Chrome/143.0.0.0 Safari/537.36', '2026-01-03 11:57:38', NULL, NULL, 'active', '2026-01-03 11:57:38', '2026-01-03 11:57:38'),
(379, 1, 'b6hNcg4Qnq7mvddBKx1iv4ZS5KPeggGgPXtedPtv', '127.0.0.1', 'Mozilla/5.0 (Windows NT 10.0; Win64; x64) AppleWebKit/537.36 (KHTML, like Gecko) Chrome/143.0.0.0 Safari/537.36', '2026-01-03 11:57:38', NULL, NULL, 'active', '2026-01-03 11:57:38', '2026-01-03 11:57:38'),
(380, 1, 'CewNEBXO2TmQX64hqfl8DBZtR8bCvlp0FXCCLrcN', '127.0.0.1', 'Mozilla/5.0 (Windows NT 10.0; Win64; x64) AppleWebKit/537.36 (KHTML, like Gecko) Chrome/143.0.0.0 Safari/537.36', '2026-01-03 11:59:20', NULL, NULL, 'active', '2026-01-03 11:59:20', '2026-01-03 11:59:20'),
(381, 1, 'CewNEBXO2TmQX64hqfl8DBZtR8bCvlp0FXCCLrcN', '127.0.0.1', 'Mozilla/5.0 (Windows NT 10.0; Win64; x64) AppleWebKit/537.36 (KHTML, like Gecko) Chrome/143.0.0.0 Safari/537.36', '2026-01-03 11:59:20', NULL, NULL, 'active', '2026-01-03 11:59:20', '2026-01-03 11:59:20'),
(382, 1, 'tXtQrUi2StzBDDPaSMQRktU1LPKjig4eYnCMRncv', '127.0.0.1', 'Mozilla/5.0 (Windows NT 10.0; Win64; x64) AppleWebKit/537.36 (KHTML, like Gecko) Chrome/143.0.0.0 Safari/537.36', '2026-01-03 11:59:24', NULL, NULL, 'active', '2026-01-03 11:59:24', '2026-01-03 11:59:24'),
(383, 1, 'tXtQrUi2StzBDDPaSMQRktU1LPKjig4eYnCMRncv', '127.0.0.1', 'Mozilla/5.0 (Windows NT 10.0; Win64; x64) AppleWebKit/537.36 (KHTML, like Gecko) Chrome/143.0.0.0 Safari/537.36', '2026-01-03 11:59:24', NULL, NULL, 'active', '2026-01-03 11:59:24', '2026-01-03 11:59:24'),
(384, 1, 'j4DcB1tWGNmWssvMdR66EEzfB52EzHcLeeg2L4Db', '127.0.0.1', 'Mozilla/5.0 (Windows NT 10.0; Win64; x64) AppleWebKit/537.36 (KHTML, like Gecko) Chrome/143.0.0.0 Safari/537.36', '2026-01-03 11:59:30', NULL, NULL, 'active', '2026-01-03 11:59:30', '2026-01-03 11:59:30'),
(385, 1, 'j4DcB1tWGNmWssvMdR66EEzfB52EzHcLeeg2L4Db', '127.0.0.1', 'Mozilla/5.0 (Windows NT 10.0; Win64; x64) AppleWebKit/537.36 (KHTML, like Gecko) Chrome/143.0.0.0 Safari/537.36', '2026-01-03 11:59:30', NULL, NULL, 'active', '2026-01-03 11:59:30', '2026-01-03 11:59:30'),
(386, 1, 'M6KcznwPwGekd7u5XEFZNFzNGKhPLgrkhu887Ctl', '127.0.0.1', 'Mozilla/5.0 (Windows NT 10.0; Win64; x64) AppleWebKit/537.36 (KHTML, like Gecko) Chrome/143.0.0.0 Safari/537.36', '2026-01-03 11:59:39', NULL, NULL, 'active', '2026-01-03 11:59:39', '2026-01-03 11:59:39'),
(387, 1, 'M6KcznwPwGekd7u5XEFZNFzNGKhPLgrkhu887Ctl', '127.0.0.1', 'Mozilla/5.0 (Windows NT 10.0; Win64; x64) AppleWebKit/537.36 (KHTML, like Gecko) Chrome/143.0.0.0 Safari/537.36', '2026-01-03 11:59:39', NULL, NULL, 'active', '2026-01-03 11:59:39', '2026-01-03 11:59:39'),
(388, 1, 'gqSdy0J3K3GkPF49itO6cpicayAUYGAxmjvNvNch', '127.0.0.1', 'Mozilla/5.0 (Windows NT 10.0; Win64; x64) AppleWebKit/537.36 (KHTML, like Gecko) Chrome/143.0.0.0 Safari/537.36', '2026-01-03 12:00:26', NULL, NULL, 'active', '2026-01-03 12:00:26', '2026-01-03 12:00:26'),
(389, 1, 'gqSdy0J3K3GkPF49itO6cpicayAUYGAxmjvNvNch', '127.0.0.1', 'Mozilla/5.0 (Windows NT 10.0; Win64; x64) AppleWebKit/537.36 (KHTML, like Gecko) Chrome/143.0.0.0 Safari/537.36', '2026-01-03 12:00:26', NULL, NULL, 'active', '2026-01-03 12:00:26', '2026-01-03 12:00:26'),
(390, 1, 'wZtdd52DErOgvFL2rQlSliPpmuyYqSwD4EkXxnab', '127.0.0.1', 'Mozilla/5.0 (Windows NT 10.0; Win64; x64) AppleWebKit/537.36 (KHTML, like Gecko) Chrome/143.0.0.0 Safari/537.36', '2026-01-03 12:00:30', NULL, NULL, 'active', '2026-01-03 12:00:30', '2026-01-03 12:00:30'),
(391, 1, 'wZtdd52DErOgvFL2rQlSliPpmuyYqSwD4EkXxnab', '127.0.0.1', 'Mozilla/5.0 (Windows NT 10.0; Win64; x64) AppleWebKit/537.36 (KHTML, like Gecko) Chrome/143.0.0.0 Safari/537.36', '2026-01-03 12:00:30', NULL, NULL, 'active', '2026-01-03 12:00:30', '2026-01-03 12:00:30'),
(392, 1, 'wPS4hSmnjrIVOFuOmM0a4GuK9vaA6xW3b2FjluXT', '127.0.0.1', 'Mozilla/5.0 (Windows NT 10.0; Win64; x64) AppleWebKit/537.36 (KHTML, like Gecko) Chrome/143.0.0.0 Safari/537.36', '2026-01-03 12:02:46', NULL, NULL, 'active', '2026-01-03 12:02:46', '2026-01-03 12:02:46'),
(393, 1, 'wPS4hSmnjrIVOFuOmM0a4GuK9vaA6xW3b2FjluXT', '127.0.0.1', 'Mozilla/5.0 (Windows NT 10.0; Win64; x64) AppleWebKit/537.36 (KHTML, like Gecko) Chrome/143.0.0.0 Safari/537.36', '2026-01-03 12:02:46', NULL, NULL, 'active', '2026-01-03 12:02:46', '2026-01-03 12:02:46'),
(394, 1, 'rkcBohplqO9uXh03TFeYUmOvatD2O5ceQNUVP6vC', '127.0.0.1', 'Mozilla/5.0 (Windows NT 10.0; Win64; x64) AppleWebKit/537.36 (KHTML, like Gecko) Chrome/143.0.0.0 Safari/537.36', '2026-01-03 12:02:52', NULL, NULL, 'active', '2026-01-03 12:02:52', '2026-01-03 12:02:52'),
(395, 1, 'rkcBohplqO9uXh03TFeYUmOvatD2O5ceQNUVP6vC', '127.0.0.1', 'Mozilla/5.0 (Windows NT 10.0; Win64; x64) AppleWebKit/537.36 (KHTML, like Gecko) Chrome/143.0.0.0 Safari/537.36', '2026-01-03 12:02:52', NULL, NULL, 'active', '2026-01-03 12:02:52', '2026-01-03 12:02:52'),
(396, 1, 'MuUA3h376slJs5PzEdWJFkIZZEB0a1ql9QA4yamr', '127.0.0.1', 'Mozilla/5.0 (Windows NT 10.0; Win64; x64) AppleWebKit/537.36 (KHTML, like Gecko) Chrome/143.0.0.0 Safari/537.36', '2026-01-03 12:03:03', NULL, NULL, 'active', '2026-01-03 12:03:03', '2026-01-03 12:03:03'),
(397, 1, 'MuUA3h376slJs5PzEdWJFkIZZEB0a1ql9QA4yamr', '127.0.0.1', 'Mozilla/5.0 (Windows NT 10.0; Win64; x64) AppleWebKit/537.36 (KHTML, like Gecko) Chrome/143.0.0.0 Safari/537.36', '2026-01-03 12:03:03', NULL, NULL, 'active', '2026-01-03 12:03:03', '2026-01-03 12:03:03'),
(398, 1, 'leNY0pFalOlwFtONg013N9KUiXPcrUBLZ9lxkncO', '127.0.0.1', 'Mozilla/5.0 (Windows NT 10.0; Win64; x64) AppleWebKit/537.36 (KHTML, like Gecko) Chrome/143.0.0.0 Safari/537.36', '2026-01-03 12:03:10', NULL, NULL, 'active', '2026-01-03 12:03:10', '2026-01-03 12:03:10'),
(399, 1, 'leNY0pFalOlwFtONg013N9KUiXPcrUBLZ9lxkncO', '127.0.0.1', 'Mozilla/5.0 (Windows NT 10.0; Win64; x64) AppleWebKit/537.36 (KHTML, like Gecko) Chrome/143.0.0.0 Safari/537.36', '2026-01-03 12:03:10', NULL, NULL, 'active', '2026-01-03 12:03:10', '2026-01-03 12:03:10'),
(400, 1, 'tWW9tYCE3SXtZdunSjOAVCjron9hhoxp0JRKzkDA', '127.0.0.1', 'Mozilla/5.0 (Windows NT 10.0; Win64; x64) AppleWebKit/537.36 (KHTML, like Gecko) Chrome/143.0.0.0 Safari/537.36', '2026-01-03 12:03:15', NULL, NULL, 'active', '2026-01-03 12:03:15', '2026-01-03 12:03:15'),
(401, 1, 'tWW9tYCE3SXtZdunSjOAVCjron9hhoxp0JRKzkDA', '127.0.0.1', 'Mozilla/5.0 (Windows NT 10.0; Win64; x64) AppleWebKit/537.36 (KHTML, like Gecko) Chrome/143.0.0.0 Safari/537.36', '2026-01-03 12:03:15', NULL, NULL, 'active', '2026-01-03 12:03:15', '2026-01-03 12:03:15'),
(402, 1, 'Qk6icIKdSGf39FR7gq3Q8Z6ykkvxSwIrT8j4G50n', '127.0.0.1', 'Mozilla/5.0 (Windows NT 10.0; Win64; x64) AppleWebKit/537.36 (KHTML, like Gecko) Chrome/143.0.0.0 Safari/537.36', '2026-01-03 12:03:23', NULL, NULL, 'active', '2026-01-03 12:03:23', '2026-01-03 12:03:23'),
(403, 1, 'Qk6icIKdSGf39FR7gq3Q8Z6ykkvxSwIrT8j4G50n', '127.0.0.1', 'Mozilla/5.0 (Windows NT 10.0; Win64; x64) AppleWebKit/537.36 (KHTML, like Gecko) Chrome/143.0.0.0 Safari/537.36', '2026-01-03 12:03:23', NULL, NULL, 'active', '2026-01-03 12:03:23', '2026-01-03 12:03:23'),
(404, 1, 'u1TbGxL7qPpWUlJtWaY06qod2OVfgGsW24WGnMuh', '127.0.0.1', 'Mozilla/5.0 (Windows NT 10.0; Win64; x64) AppleWebKit/537.36 (KHTML, like Gecko) Chrome/143.0.0.0 Safari/537.36', '2026-01-03 12:16:49', NULL, NULL, 'active', '2026-01-03 12:16:49', '2026-01-03 12:16:49'),
(405, 1, 'u1TbGxL7qPpWUlJtWaY06qod2OVfgGsW24WGnMuh', '127.0.0.1', 'Mozilla/5.0 (Windows NT 10.0; Win64; x64) AppleWebKit/537.36 (KHTML, like Gecko) Chrome/143.0.0.0 Safari/537.36', '2026-01-03 12:16:49', NULL, NULL, 'active', '2026-01-03 12:16:49', '2026-01-03 12:16:49'),
(406, 1, 'UPlIkseKIFxIzKtWdEKeQtb7Suelk7inA0sNGw1t', '127.0.0.1', 'Mozilla/5.0 (Windows NT 10.0; Win64; x64) AppleWebKit/537.36 (KHTML, like Gecko) Chrome/143.0.0.0 Safari/537.36', '2026-01-05 07:56:21', NULL, NULL, 'active', '2026-01-05 07:56:21', '2026-01-05 07:56:21'),
(407, 1, 'UPlIkseKIFxIzKtWdEKeQtb7Suelk7inA0sNGw1t', '127.0.0.1', 'Mozilla/5.0 (Windows NT 10.0; Win64; x64) AppleWebKit/537.36 (KHTML, like Gecko) Chrome/143.0.0.0 Safari/537.36', '2026-01-05 07:56:21', NULL, NULL, 'active', '2026-01-05 07:56:21', '2026-01-05 07:56:21'),
(408, 1, 'KLsocR0MRT856MNufuQzrFgAzmRYQ5IC7ffJMAzF', '127.0.0.1', 'Mozilla/5.0 (Windows NT 10.0; Win64; x64) AppleWebKit/537.36 (KHTML, like Gecko) Chrome/143.0.0.0 Safari/537.36', '2026-01-05 07:56:23', NULL, NULL, 'active', '2026-01-05 07:56:23', '2026-01-05 07:56:23'),
(409, 1, 'KLsocR0MRT856MNufuQzrFgAzmRYQ5IC7ffJMAzF', '127.0.0.1', 'Mozilla/5.0 (Windows NT 10.0; Win64; x64) AppleWebKit/537.36 (KHTML, like Gecko) Chrome/143.0.0.0 Safari/537.36', '2026-01-05 07:56:23', NULL, NULL, 'active', '2026-01-05 07:56:23', '2026-01-05 07:56:23'),
(410, 1, '34hFSiLnmWTGPcTye7SOtkH4BSaxN6SPW66iDUCm', '127.0.0.1', 'Mozilla/5.0 (Windows NT 10.0; Win64; x64) AppleWebKit/537.36 (KHTML, like Gecko) Chrome/143.0.0.0 Safari/537.36', '2026-01-05 07:56:42', NULL, NULL, 'active', '2026-01-05 07:56:42', '2026-01-05 07:56:42'),
(411, 1, '34hFSiLnmWTGPcTye7SOtkH4BSaxN6SPW66iDUCm', '127.0.0.1', 'Mozilla/5.0 (Windows NT 10.0; Win64; x64) AppleWebKit/537.36 (KHTML, like Gecko) Chrome/143.0.0.0 Safari/537.36', '2026-01-05 07:56:42', NULL, NULL, 'active', '2026-01-05 07:56:42', '2026-01-05 07:56:42'),
(412, 1, 'lVNG1TOm3rw1tXwxR75ltKi6tIH7IAFp4QQiJCmt', '127.0.0.1', 'Mozilla/5.0 (Windows NT 10.0; Win64; x64) AppleWebKit/537.36 (KHTML, like Gecko) Chrome/143.0.0.0 Safari/537.36', '2026-01-05 07:56:45', NULL, NULL, 'active', '2026-01-05 07:56:45', '2026-01-05 07:56:45'),
(413, 1, 'lVNG1TOm3rw1tXwxR75ltKi6tIH7IAFp4QQiJCmt', '127.0.0.1', 'Mozilla/5.0 (Windows NT 10.0; Win64; x64) AppleWebKit/537.36 (KHTML, like Gecko) Chrome/143.0.0.0 Safari/537.36', '2026-01-05 07:56:45', NULL, NULL, 'active', '2026-01-05 07:56:45', '2026-01-05 07:56:45'),
(414, 1, 'eftUa3jy2mf8YR3kR5O1WzEZK01dDHJvwDj7RcZ5', '127.0.0.1', 'Mozilla/5.0 (Windows NT 10.0; Win64; x64) AppleWebKit/537.36 (KHTML, like Gecko) Chrome/143.0.0.0 Safari/537.36', '2026-01-05 07:56:58', NULL, NULL, 'active', '2026-01-05 07:56:58', '2026-01-05 07:56:58'),
(415, 1, 'eftUa3jy2mf8YR3kR5O1WzEZK01dDHJvwDj7RcZ5', '127.0.0.1', 'Mozilla/5.0 (Windows NT 10.0; Win64; x64) AppleWebKit/537.36 (KHTML, like Gecko) Chrome/143.0.0.0 Safari/537.36', '2026-01-05 07:56:58', NULL, NULL, 'active', '2026-01-05 07:56:58', '2026-01-05 07:56:58'),
(416, 1, 'LUevN5kjQ7vRwbcFjglVsNk7VlwZOGFiWXeFnvFq', '127.0.0.1', 'Mozilla/5.0 (Windows NT 10.0; Win64; x64) AppleWebKit/537.36 (KHTML, like Gecko) Chrome/143.0.0.0 Safari/537.36', '2026-01-05 08:03:11', NULL, NULL, 'active', '2026-01-05 08:03:11', '2026-01-05 08:03:11'),
(417, 1, 'LUevN5kjQ7vRwbcFjglVsNk7VlwZOGFiWXeFnvFq', '127.0.0.1', 'Mozilla/5.0 (Windows NT 10.0; Win64; x64) AppleWebKit/537.36 (KHTML, like Gecko) Chrome/143.0.0.0 Safari/537.36', '2026-01-05 08:03:11', NULL, NULL, 'active', '2026-01-05 08:03:11', '2026-01-05 08:03:11'),
(418, 1, 'Utown7YGRWjdiRgKoX3lfldYvUNZx8k7P3ZhrJAx', '127.0.0.1', 'Mozilla/5.0 (Windows NT 10.0; Win64; x64) AppleWebKit/537.36 (KHTML, like Gecko) Chrome/143.0.0.0 Safari/537.36', '2026-01-05 08:04:24', NULL, NULL, 'active', '2026-01-05 08:04:24', '2026-01-05 08:04:24'),
(419, 1, 'Utown7YGRWjdiRgKoX3lfldYvUNZx8k7P3ZhrJAx', '127.0.0.1', 'Mozilla/5.0 (Windows NT 10.0; Win64; x64) AppleWebKit/537.36 (KHTML, like Gecko) Chrome/143.0.0.0 Safari/537.36', '2026-01-05 08:04:24', NULL, NULL, 'active', '2026-01-05 08:04:24', '2026-01-05 08:04:24'),
(420, 1, 'uiGpmVlzt0tDisjoENXrHviTIbZeqZFiKxJdB5i1', '127.0.0.1', 'Mozilla/5.0 (Windows NT 10.0; Win64; x64) AppleWebKit/537.36 (KHTML, like Gecko) Chrome/143.0.0.0 Safari/537.36', '2026-01-05 08:04:36', NULL, NULL, 'active', '2026-01-05 08:04:36', '2026-01-05 08:04:36'),
(421, 1, 'uiGpmVlzt0tDisjoENXrHviTIbZeqZFiKxJdB5i1', '127.0.0.1', 'Mozilla/5.0 (Windows NT 10.0; Win64; x64) AppleWebKit/537.36 (KHTML, like Gecko) Chrome/143.0.0.0 Safari/537.36', '2026-01-05 08:04:36', NULL, NULL, 'active', '2026-01-05 08:04:36', '2026-01-05 08:04:36'),
(422, 1, 'k8a0ratPdrWdL1xyg8iqunAwzO7AB8cXpdc5LoCV', '127.0.0.1', 'Mozilla/5.0 (Windows NT 10.0; Win64; x64) AppleWebKit/537.36 (KHTML, like Gecko) Chrome/143.0.0.0 Safari/537.36', '2026-01-05 08:12:24', NULL, NULL, 'active', '2026-01-05 08:12:24', '2026-01-05 08:12:24'),
(423, 1, 'k8a0ratPdrWdL1xyg8iqunAwzO7AB8cXpdc5LoCV', '127.0.0.1', 'Mozilla/5.0 (Windows NT 10.0; Win64; x64) AppleWebKit/537.36 (KHTML, like Gecko) Chrome/143.0.0.0 Safari/537.36', '2026-01-05 08:12:25', NULL, NULL, 'active', '2026-01-05 08:12:25', '2026-01-05 08:12:25'),
(424, 1, '5h7dsLjn61RYafMdCwkOJ2JU2cx7adLmhhks35t9', '127.0.0.1', 'Mozilla/5.0 (Windows NT 10.0; Win64; x64) AppleWebKit/537.36 (KHTML, like Gecko) Chrome/143.0.0.0 Safari/537.36', '2026-01-05 08:12:30', NULL, NULL, 'active', '2026-01-05 08:12:30', '2026-01-05 08:12:30'),
(425, 1, '5h7dsLjn61RYafMdCwkOJ2JU2cx7adLmhhks35t9', '127.0.0.1', 'Mozilla/5.0 (Windows NT 10.0; Win64; x64) AppleWebKit/537.36 (KHTML, like Gecko) Chrome/143.0.0.0 Safari/537.36', '2026-01-05 08:12:30', NULL, NULL, 'active', '2026-01-05 08:12:30', '2026-01-05 08:12:30'),
(426, 1, 'gGN32WfxPMlRWYHnv0BjBvIyZADkQArnBWCtp8eQ', '127.0.0.1', 'Mozilla/5.0 (Windows NT 10.0; Win64; x64) AppleWebKit/537.36 (KHTML, like Gecko) Chrome/143.0.0.0 Safari/537.36', '2026-01-05 08:12:33', NULL, NULL, 'active', '2026-01-05 08:12:33', '2026-01-05 08:12:33'),
(427, 1, 'gGN32WfxPMlRWYHnv0BjBvIyZADkQArnBWCtp8eQ', '127.0.0.1', 'Mozilla/5.0 (Windows NT 10.0; Win64; x64) AppleWebKit/537.36 (KHTML, like Gecko) Chrome/143.0.0.0 Safari/537.36', '2026-01-05 08:12:34', NULL, NULL, 'active', '2026-01-05 08:12:34', '2026-01-05 08:12:34'),
(428, 1, 'fC9zIlUAVZ07BJvFXvcf3rx2k51j5H6HblXOUMTf', '127.0.0.1', 'Mozilla/5.0 (Windows NT 10.0; Win64; x64) AppleWebKit/537.36 (KHTML, like Gecko) Chrome/143.0.0.0 Safari/537.36', '2026-01-05 08:14:40', NULL, NULL, 'active', '2026-01-05 08:14:40', '2026-01-05 08:14:40'),
(429, 1, 'fC9zIlUAVZ07BJvFXvcf3rx2k51j5H6HblXOUMTf', '127.0.0.1', 'Mozilla/5.0 (Windows NT 10.0; Win64; x64) AppleWebKit/537.36 (KHTML, like Gecko) Chrome/143.0.0.0 Safari/537.36', '2026-01-05 08:14:40', NULL, NULL, 'active', '2026-01-05 08:14:40', '2026-01-05 08:14:40'),
(430, 1, 'XhioWA5Sufyzya71zm9Fmw4OQNy7rg6UDrmeoObw', '127.0.0.1', 'Mozilla/5.0 (Windows NT 10.0; Win64; x64) AppleWebKit/537.36 (KHTML, like Gecko) Chrome/143.0.0.0 Safari/537.36', '2026-01-05 08:18:16', NULL, NULL, 'active', '2026-01-05 08:18:16', '2026-01-05 08:18:16'),
(431, 1, 'XhioWA5Sufyzya71zm9Fmw4OQNy7rg6UDrmeoObw', '127.0.0.1', 'Mozilla/5.0 (Windows NT 10.0; Win64; x64) AppleWebKit/537.36 (KHTML, like Gecko) Chrome/143.0.0.0 Safari/537.36', '2026-01-05 08:18:16', NULL, NULL, 'active', '2026-01-05 08:18:16', '2026-01-05 08:18:16'),
(432, 1, 'zQtO9IftDl6Yd8HYzlpZN4waXyEh28y71rUYBLcr', '127.0.0.1', 'Mozilla/5.0 (Windows NT 10.0; Win64; x64) AppleWebKit/537.36 (KHTML, like Gecko) Chrome/143.0.0.0 Safari/537.36', '2026-01-05 08:22:00', NULL, NULL, 'active', '2026-01-05 08:22:00', '2026-01-05 08:22:00'),
(433, 1, 'zQtO9IftDl6Yd8HYzlpZN4waXyEh28y71rUYBLcr', '127.0.0.1', 'Mozilla/5.0 (Windows NT 10.0; Win64; x64) AppleWebKit/537.36 (KHTML, like Gecko) Chrome/143.0.0.0 Safari/537.36', '2026-01-05 08:22:00', NULL, NULL, 'active', '2026-01-05 08:22:00', '2026-01-05 08:22:00'),
(434, 1, 'r9OXatvf2khL3ukJAOM2lerAjPkyK8p11Qmk7hHw', '127.0.0.1', 'Mozilla/5.0 (Windows NT 10.0; Win64; x64) AppleWebKit/537.36 (KHTML, like Gecko) Chrome/143.0.0.0 Safari/537.36', '2026-01-05 08:22:02', NULL, NULL, 'active', '2026-01-05 08:22:02', '2026-01-05 08:22:02'),
(435, 1, 'r9OXatvf2khL3ukJAOM2lerAjPkyK8p11Qmk7hHw', '127.0.0.1', 'Mozilla/5.0 (Windows NT 10.0; Win64; x64) AppleWebKit/537.36 (KHTML, like Gecko) Chrome/143.0.0.0 Safari/537.36', '2026-01-05 08:22:02', NULL, NULL, 'active', '2026-01-05 08:22:02', '2026-01-05 08:22:02'),
(436, 1, '00pp5KnN5xjT3D1PtAUQwPCud35GPsTZqnobTwFv', '127.0.0.1', 'Mozilla/5.0 (Windows NT 10.0; Win64; x64) AppleWebKit/537.36 (KHTML, like Gecko) Chrome/143.0.0.0 Safari/537.36', '2026-01-05 08:24:26', NULL, NULL, 'active', '2026-01-05 08:24:26', '2026-01-05 08:24:26'),
(437, 1, '00pp5KnN5xjT3D1PtAUQwPCud35GPsTZqnobTwFv', '127.0.0.1', 'Mozilla/5.0 (Windows NT 10.0; Win64; x64) AppleWebKit/537.36 (KHTML, like Gecko) Chrome/143.0.0.0 Safari/537.36', '2026-01-05 08:24:26', NULL, NULL, 'active', '2026-01-05 08:24:26', '2026-01-05 08:24:26'),
(438, 1, 'UFm0QsN9DeXESvSR8qBPkunPnC8pic55xiqyYEjY', '127.0.0.1', 'Mozilla/5.0 (Windows NT 10.0; Win64; x64) AppleWebKit/537.36 (KHTML, like Gecko) Chrome/143.0.0.0 Safari/537.36', '2026-01-05 08:29:57', NULL, NULL, 'active', '2026-01-05 08:29:57', '2026-01-05 08:29:57'),
(439, 1, 'UFm0QsN9DeXESvSR8qBPkunPnC8pic55xiqyYEjY', '127.0.0.1', 'Mozilla/5.0 (Windows NT 10.0; Win64; x64) AppleWebKit/537.36 (KHTML, like Gecko) Chrome/143.0.0.0 Safari/537.36', '2026-01-05 08:29:57', NULL, NULL, 'active', '2026-01-05 08:29:57', '2026-01-05 08:29:57'),
(440, 1, 'aBbXYnr7XI3H8MYDslmPmShxap1z91VNHM9YHGEb', '127.0.0.1', 'Mozilla/5.0 (Windows NT 10.0; Win64; x64) AppleWebKit/537.36 (KHTML, like Gecko) Chrome/143.0.0.0 Safari/537.36', '2026-01-05 08:31:56', NULL, NULL, 'active', '2026-01-05 08:31:56', '2026-01-05 08:31:56'),
(441, 1, 'aBbXYnr7XI3H8MYDslmPmShxap1z91VNHM9YHGEb', '127.0.0.1', 'Mozilla/5.0 (Windows NT 10.0; Win64; x64) AppleWebKit/537.36 (KHTML, like Gecko) Chrome/143.0.0.0 Safari/537.36', '2026-01-05 08:31:56', NULL, NULL, 'active', '2026-01-05 08:31:56', '2026-01-05 08:31:56'),
(442, 1, 'd0gmJgt34xX0t0kLrCD6gSvqHrHplXGEH3pX3Ntu', '127.0.0.1', 'Mozilla/5.0 (Windows NT 10.0; Win64; x64) AppleWebKit/537.36 (KHTML, like Gecko) Chrome/143.0.0.0 Safari/537.36', '2026-01-05 08:32:11', NULL, NULL, 'active', '2026-01-05 08:32:11', '2026-01-05 08:32:11'),
(443, 1, 'd0gmJgt34xX0t0kLrCD6gSvqHrHplXGEH3pX3Ntu', '127.0.0.1', 'Mozilla/5.0 (Windows NT 10.0; Win64; x64) AppleWebKit/537.36 (KHTML, like Gecko) Chrome/143.0.0.0 Safari/537.36', '2026-01-05 08:32:11', NULL, NULL, 'active', '2026-01-05 08:32:11', '2026-01-05 08:32:11'),
(444, 1, 'EqzeqM01PAqFZuz6fiAqpYrmkZt40I4Nh5cMJV4l', '127.0.0.1', 'Mozilla/5.0 (Windows NT 10.0; Win64; x64) AppleWebKit/537.36 (KHTML, like Gecko) Chrome/143.0.0.0 Safari/537.36', '2026-01-05 08:36:17', NULL, NULL, 'active', '2026-01-05 08:36:17', '2026-01-05 08:36:17'),
(445, 1, 'EqzeqM01PAqFZuz6fiAqpYrmkZt40I4Nh5cMJV4l', '127.0.0.1', 'Mozilla/5.0 (Windows NT 10.0; Win64; x64) AppleWebKit/537.36 (KHTML, like Gecko) Chrome/143.0.0.0 Safari/537.36', '2026-01-05 08:36:17', NULL, NULL, 'active', '2026-01-05 08:36:17', '2026-01-05 08:36:17'),
(446, 1, 'DKNhdaVuANTvuezTQJgD1SQpmGknYL4dUdroIVMZ', '127.0.0.1', 'Mozilla/5.0 (Windows NT 10.0; Win64; x64) AppleWebKit/537.36 (KHTML, like Gecko) Chrome/143.0.0.0 Safari/537.36', '2026-01-05 08:41:50', NULL, NULL, 'active', '2026-01-05 08:41:50', '2026-01-05 08:41:50'),
(447, 1, 'DKNhdaVuANTvuezTQJgD1SQpmGknYL4dUdroIVMZ', '127.0.0.1', 'Mozilla/5.0 (Windows NT 10.0; Win64; x64) AppleWebKit/537.36 (KHTML, like Gecko) Chrome/143.0.0.0 Safari/537.36', '2026-01-05 08:41:50', NULL, NULL, 'active', '2026-01-05 08:41:50', '2026-01-05 08:41:50'),
(448, 1, 'gW7RKC3tI3xYzi783wyAiROyavjcG3gksHO4sL7D', '127.0.0.1', 'Mozilla/5.0 (Windows NT 10.0; Win64; x64) AppleWebKit/537.36 (KHTML, like Gecko) Chrome/143.0.0.0 Safari/537.36', '2026-01-05 08:43:06', NULL, NULL, 'active', '2026-01-05 08:43:06', '2026-01-05 08:43:06'),
(449, 1, 'gW7RKC3tI3xYzi783wyAiROyavjcG3gksHO4sL7D', '127.0.0.1', 'Mozilla/5.0 (Windows NT 10.0; Win64; x64) AppleWebKit/537.36 (KHTML, like Gecko) Chrome/143.0.0.0 Safari/537.36', '2026-01-05 08:43:06', NULL, NULL, 'active', '2026-01-05 08:43:06', '2026-01-05 08:43:06'),
(450, 1, 'pCfe2Fe7jq3369eTtTPyN2dJbM5CDXYN2Ll10bKm', '127.0.0.1', 'Mozilla/5.0 (Windows NT 10.0; Win64; x64) AppleWebKit/537.36 (KHTML, like Gecko) Chrome/143.0.0.0 Safari/537.36', '2026-01-05 08:43:09', NULL, NULL, 'active', '2026-01-05 08:43:09', '2026-01-05 08:43:09'),
(451, 1, 'pCfe2Fe7jq3369eTtTPyN2dJbM5CDXYN2Ll10bKm', '127.0.0.1', 'Mozilla/5.0 (Windows NT 10.0; Win64; x64) AppleWebKit/537.36 (KHTML, like Gecko) Chrome/143.0.0.0 Safari/537.36', '2026-01-05 08:43:09', NULL, NULL, 'active', '2026-01-05 08:43:09', '2026-01-05 08:43:09'),
(452, 1, '0q0LiwnleZ9aR5bW9ZOrlgq6gvrMHoj1EaDPgate', '127.0.0.1', 'Mozilla/5.0 (Windows NT 10.0; Win64; x64) AppleWebKit/537.36 (KHTML, like Gecko) Chrome/143.0.0.0 Safari/537.36', '2026-01-05 08:43:12', NULL, NULL, 'active', '2026-01-05 08:43:12', '2026-01-05 08:43:12'),
(453, 1, '0q0LiwnleZ9aR5bW9ZOrlgq6gvrMHoj1EaDPgate', '127.0.0.1', 'Mozilla/5.0 (Windows NT 10.0; Win64; x64) AppleWebKit/537.36 (KHTML, like Gecko) Chrome/143.0.0.0 Safari/537.36', '2026-01-05 08:43:12', NULL, NULL, 'active', '2026-01-05 08:43:12', '2026-01-05 08:43:12'),
(454, 1, 'nfkTZ03ouZlpGvJXhNGjLvtXM1JZPpgOL8mIhRrl', '127.0.0.1', 'Mozilla/5.0 (Windows NT 10.0; Win64; x64) AppleWebKit/537.36 (KHTML, like Gecko) Chrome/143.0.0.0 Safari/537.36', '2026-01-05 08:43:15', NULL, NULL, 'active', '2026-01-05 08:43:15', '2026-01-05 08:43:15'),
(455, 1, 'nfkTZ03ouZlpGvJXhNGjLvtXM1JZPpgOL8mIhRrl', '127.0.0.1', 'Mozilla/5.0 (Windows NT 10.0; Win64; x64) AppleWebKit/537.36 (KHTML, like Gecko) Chrome/143.0.0.0 Safari/537.36', '2026-01-05 08:43:15', NULL, NULL, 'active', '2026-01-05 08:43:15', '2026-01-05 08:43:15'),
(456, 1, 'frpPCznzIlz2sbjZYJkhyfc1gHY7fTRxgIELdokv', '127.0.0.1', 'Mozilla/5.0 (Windows NT 10.0; Win64; x64) AppleWebKit/537.36 (KHTML, like Gecko) Chrome/143.0.0.0 Safari/537.36', '2026-01-05 08:43:21', NULL, NULL, 'active', '2026-01-05 08:43:21', '2026-01-05 08:43:21'),
(457, 1, 'frpPCznzIlz2sbjZYJkhyfc1gHY7fTRxgIELdokv', '127.0.0.1', 'Mozilla/5.0 (Windows NT 10.0; Win64; x64) AppleWebKit/537.36 (KHTML, like Gecko) Chrome/143.0.0.0 Safari/537.36', '2026-01-05 08:43:21', NULL, NULL, 'active', '2026-01-05 08:43:21', '2026-01-05 08:43:21'),
(458, 1, 'cq4R4GsuMiUCImU7lett54qfOwPMmDVwbGW4J0oc', '127.0.0.1', 'Mozilla/5.0 (Windows NT 10.0; Win64; x64) AppleWebKit/537.36 (KHTML, like Gecko) Chrome/143.0.0.0 Safari/537.36', '2026-01-05 08:43:37', NULL, NULL, 'active', '2026-01-05 08:43:37', '2026-01-05 08:43:37'),
(459, 1, 'cq4R4GsuMiUCImU7lett54qfOwPMmDVwbGW4J0oc', '127.0.0.1', 'Mozilla/5.0 (Windows NT 10.0; Win64; x64) AppleWebKit/537.36 (KHTML, like Gecko) Chrome/143.0.0.0 Safari/537.36', '2026-01-05 08:43:37', NULL, NULL, 'active', '2026-01-05 08:43:37', '2026-01-05 08:43:37'),
(460, 1, 'lYkvRETAcfL9dZRNffU4iqXIwye9qlkmku9vxiS4', '127.0.0.1', 'Mozilla/5.0 (Windows NT 10.0; Win64; x64) AppleWebKit/537.36 (KHTML, like Gecko) Chrome/143.0.0.0 Safari/537.36', '2026-01-05 08:43:45', NULL, NULL, 'active', '2026-01-05 08:43:45', '2026-01-05 08:43:45'),
(461, 1, 'lYkvRETAcfL9dZRNffU4iqXIwye9qlkmku9vxiS4', '127.0.0.1', 'Mozilla/5.0 (Windows NT 10.0; Win64; x64) AppleWebKit/537.36 (KHTML, like Gecko) Chrome/143.0.0.0 Safari/537.36', '2026-01-05 08:43:45', NULL, NULL, 'active', '2026-01-05 08:43:45', '2026-01-05 08:43:45'),
(462, 1, 'S7IN8W3QBC0n6zmhfD69EAn343Y9yUNcJJaEXeU0', '127.0.0.1', 'Mozilla/5.0 (Windows NT 10.0; Win64; x64) AppleWebKit/537.36 (KHTML, like Gecko) Chrome/143.0.0.0 Safari/537.36', '2026-01-05 08:46:38', NULL, NULL, 'active', '2026-01-05 08:46:38', '2026-01-05 08:46:38'),
(463, 1, 'S7IN8W3QBC0n6zmhfD69EAn343Y9yUNcJJaEXeU0', '127.0.0.1', 'Mozilla/5.0 (Windows NT 10.0; Win64; x64) AppleWebKit/537.36 (KHTML, like Gecko) Chrome/143.0.0.0 Safari/537.36', '2026-01-05 08:46:38', NULL, NULL, 'active', '2026-01-05 08:46:38', '2026-01-05 08:46:38'),
(464, 1, 'lJyQYHKy6mmvblApOd7BSMoOOLLf3qwJ3CUtnWhh', '127.0.0.1', 'Mozilla/5.0 (Windows NT 10.0; Win64; x64) AppleWebKit/537.36 (KHTML, like Gecko) Chrome/143.0.0.0 Safari/537.36', '2026-01-05 08:46:57', NULL, NULL, 'active', '2026-01-05 08:46:57', '2026-01-05 08:46:57'),
(465, 1, 'lJyQYHKy6mmvblApOd7BSMoOOLLf3qwJ3CUtnWhh', '127.0.0.1', 'Mozilla/5.0 (Windows NT 10.0; Win64; x64) AppleWebKit/537.36 (KHTML, like Gecko) Chrome/143.0.0.0 Safari/537.36', '2026-01-05 08:46:57', NULL, NULL, 'active', '2026-01-05 08:46:57', '2026-01-05 08:46:57'),
(466, 1, '9x2bStRiqa3EQsQkn7rniKcezFFfbyzVGMQQwhsc', '127.0.0.1', 'Mozilla/5.0 (Windows NT 10.0; Win64; x64) AppleWebKit/537.36 (KHTML, like Gecko) Chrome/143.0.0.0 Safari/537.36', '2026-01-05 08:47:21', NULL, NULL, 'active', '2026-01-05 08:47:21', '2026-01-05 08:47:21'),
(467, 1, '9x2bStRiqa3EQsQkn7rniKcezFFfbyzVGMQQwhsc', '127.0.0.1', 'Mozilla/5.0 (Windows NT 10.0; Win64; x64) AppleWebKit/537.36 (KHTML, like Gecko) Chrome/143.0.0.0 Safari/537.36', '2026-01-05 08:47:21', NULL, NULL, 'active', '2026-01-05 08:47:21', '2026-01-05 08:47:21'),
(468, 1, 'LvGacojlBKLZhZ2hdl2Z3gYJy8ilpLrQ7s1roIrU', '127.0.0.1', 'Mozilla/5.0 (Windows NT 10.0; Win64; x64) AppleWebKit/537.36 (KHTML, like Gecko) Chrome/143.0.0.0 Safari/537.36', '2026-01-05 08:54:21', NULL, NULL, 'active', '2026-01-05 08:54:21', '2026-01-05 08:54:21'),
(469, 1, 'LvGacojlBKLZhZ2hdl2Z3gYJy8ilpLrQ7s1roIrU', '127.0.0.1', 'Mozilla/5.0 (Windows NT 10.0; Win64; x64) AppleWebKit/537.36 (KHTML, like Gecko) Chrome/143.0.0.0 Safari/537.36', '2026-01-05 08:54:21', NULL, NULL, 'active', '2026-01-05 08:54:21', '2026-01-05 08:54:21'),
(470, 1, 'MG7se30Fvp1vRWaASOLOcAWUWcAcjEwIy1g3pLlT', '127.0.0.1', 'Mozilla/5.0 (Windows NT 10.0; Win64; x64) AppleWebKit/537.36 (KHTML, like Gecko) Chrome/143.0.0.0 Safari/537.36', '2026-01-05 08:54:28', NULL, NULL, 'active', '2026-01-05 08:54:28', '2026-01-05 08:54:28'),
(471, 1, 'MG7se30Fvp1vRWaASOLOcAWUWcAcjEwIy1g3pLlT', '127.0.0.1', 'Mozilla/5.0 (Windows NT 10.0; Win64; x64) AppleWebKit/537.36 (KHTML, like Gecko) Chrome/143.0.0.0 Safari/537.36', '2026-01-05 08:54:28', NULL, NULL, 'active', '2026-01-05 08:54:28', '2026-01-05 08:54:28'),
(472, 1, 'blRIURZoyZVAvFc5irN1L7ZHpJMzk6eRjDrv78QQ', '127.0.0.1', 'Mozilla/5.0 (Windows NT 10.0; Win64; x64) AppleWebKit/537.36 (KHTML, like Gecko) Chrome/143.0.0.0 Safari/537.36', '2026-01-05 08:54:29', NULL, NULL, 'active', '2026-01-05 08:54:29', '2026-01-05 08:54:29'),
(473, 1, 'blRIURZoyZVAvFc5irN1L7ZHpJMzk6eRjDrv78QQ', '127.0.0.1', 'Mozilla/5.0 (Windows NT 10.0; Win64; x64) AppleWebKit/537.36 (KHTML, like Gecko) Chrome/143.0.0.0 Safari/537.36', '2026-01-05 08:54:29', NULL, NULL, 'active', '2026-01-05 08:54:29', '2026-01-05 08:54:29'),
(474, 1, 'NP5AtYh7S6ZZQ40FaAbF3dDAVtamLinJ487wdKpq', '127.0.0.1', 'Mozilla/5.0 (Windows NT 10.0; Win64; x64) AppleWebKit/537.36 (KHTML, like Gecko) Chrome/143.0.0.0 Safari/537.36', '2026-01-05 08:54:33', NULL, NULL, 'active', '2026-01-05 08:54:33', '2026-01-05 08:54:33'),
(475, 1, 'NP5AtYh7S6ZZQ40FaAbF3dDAVtamLinJ487wdKpq', '127.0.0.1', 'Mozilla/5.0 (Windows NT 10.0; Win64; x64) AppleWebKit/537.36 (KHTML, like Gecko) Chrome/143.0.0.0 Safari/537.36', '2026-01-05 08:54:33', NULL, NULL, 'active', '2026-01-05 08:54:33', '2026-01-05 08:54:33'),
(476, 1, 'pGveWAH4GqItwvsDaj5eUfSlNe65dfPRvAhisL95', '127.0.0.1', 'Mozilla/5.0 (Windows NT 10.0; Win64; x64) AppleWebKit/537.36 (KHTML, like Gecko) Chrome/143.0.0.0 Safari/537.36', '2026-01-05 08:54:36', NULL, NULL, 'active', '2026-01-05 08:54:36', '2026-01-05 08:54:36'),
(477, 1, 'pGveWAH4GqItwvsDaj5eUfSlNe65dfPRvAhisL95', '127.0.0.1', 'Mozilla/5.0 (Windows NT 10.0; Win64; x64) AppleWebKit/537.36 (KHTML, like Gecko) Chrome/143.0.0.0 Safari/537.36', '2026-01-05 08:54:36', NULL, NULL, 'active', '2026-01-05 08:54:36', '2026-01-05 08:54:36'),
(478, 1, '3kp2WTe4NKtDewwR1N9YE0ets4gP8mCZ95zpVAY4', '127.0.0.1', 'Mozilla/5.0 (Windows NT 10.0; Win64; x64) AppleWebKit/537.36 (KHTML, like Gecko) Chrome/143.0.0.0 Safari/537.36', '2026-01-05 08:55:40', NULL, NULL, 'active', '2026-01-05 08:55:40', '2026-01-05 08:55:40'),
(479, 1, '3kp2WTe4NKtDewwR1N9YE0ets4gP8mCZ95zpVAY4', '127.0.0.1', 'Mozilla/5.0 (Windows NT 10.0; Win64; x64) AppleWebKit/537.36 (KHTML, like Gecko) Chrome/143.0.0.0 Safari/537.36', '2026-01-05 08:55:40', NULL, NULL, 'active', '2026-01-05 08:55:40', '2026-01-05 08:55:40'),
(480, 1, 'qy7PBf6iDv8Otcx9meS4u5mkMppsu56mCLlaj9Dh', '127.0.0.1', 'Mozilla/5.0 (Windows NT 10.0; Win64; x64) AppleWebKit/537.36 (KHTML, like Gecko) Chrome/143.0.0.0 Safari/537.36', '2026-01-05 08:55:41', NULL, NULL, 'active', '2026-01-05 08:55:41', '2026-01-05 08:55:41'),
(481, 1, 'qy7PBf6iDv8Otcx9meS4u5mkMppsu56mCLlaj9Dh', '127.0.0.1', 'Mozilla/5.0 (Windows NT 10.0; Win64; x64) AppleWebKit/537.36 (KHTML, like Gecko) Chrome/143.0.0.0 Safari/537.36', '2026-01-05 08:55:41', NULL, NULL, 'active', '2026-01-05 08:55:41', '2026-01-05 08:55:41'),
(482, 1, 'EFE4IK26eLDwIAsMwdeQZTVPwFoK7TBBL07KBNhV', '127.0.0.1', 'Mozilla/5.0 (Windows NT 10.0; Win64; x64) AppleWebKit/537.36 (KHTML, like Gecko) Chrome/143.0.0.0 Safari/537.36', '2026-01-05 08:55:48', NULL, NULL, 'active', '2026-01-05 08:55:48', '2026-01-05 08:55:48'),
(483, 1, 'EFE4IK26eLDwIAsMwdeQZTVPwFoK7TBBL07KBNhV', '127.0.0.1', 'Mozilla/5.0 (Windows NT 10.0; Win64; x64) AppleWebKit/537.36 (KHTML, like Gecko) Chrome/143.0.0.0 Safari/537.36', '2026-01-05 08:55:48', NULL, NULL, 'active', '2026-01-05 08:55:48', '2026-01-05 08:55:48'),
(484, 1, 'GajQO6G2MJapO7Eg2Kh08Ao6O2yOdhUfeVT6EVTp', '127.0.0.1', 'Mozilla/5.0 (Windows NT 10.0; Win64; x64) AppleWebKit/537.36 (KHTML, like Gecko) Chrome/143.0.0.0 Safari/537.36', '2026-01-05 08:55:49', NULL, NULL, 'active', '2026-01-05 08:55:49', '2026-01-05 08:55:49'),
(485, 1, 'GajQO6G2MJapO7Eg2Kh08Ao6O2yOdhUfeVT6EVTp', '127.0.0.1', 'Mozilla/5.0 (Windows NT 10.0; Win64; x64) AppleWebKit/537.36 (KHTML, like Gecko) Chrome/143.0.0.0 Safari/537.36', '2026-01-05 08:55:50', NULL, NULL, 'active', '2026-01-05 08:55:50', '2026-01-05 08:55:50'),
(486, 1, 'LeWV8EYRtSsZh1vXMKANIOYkA3U5ZCg2dOe64XlN', '127.0.0.1', 'Mozilla/5.0 (Windows NT 10.0; Win64; x64) AppleWebKit/537.36 (KHTML, like Gecko) Chrome/143.0.0.0 Safari/537.36', '2026-01-05 08:55:53', NULL, NULL, 'active', '2026-01-05 08:55:53', '2026-01-05 08:55:53'),
(487, 1, 'LeWV8EYRtSsZh1vXMKANIOYkA3U5ZCg2dOe64XlN', '127.0.0.1', 'Mozilla/5.0 (Windows NT 10.0; Win64; x64) AppleWebKit/537.36 (KHTML, like Gecko) Chrome/143.0.0.0 Safari/537.36', '2026-01-05 08:55:53', NULL, NULL, 'active', '2026-01-05 08:55:53', '2026-01-05 08:55:53'),
(488, 1, 'dO7aUvC5wah0xL7d0I4N8LLwZAxf7bnj7ATB0khO', '127.0.0.1', 'Mozilla/5.0 (Windows NT 10.0; Win64; x64) AppleWebKit/537.36 (KHTML, like Gecko) Chrome/143.0.0.0 Safari/537.36', '2026-01-05 08:56:03', NULL, NULL, 'active', '2026-01-05 08:56:03', '2026-01-05 08:56:03'),
(489, 1, 'dO7aUvC5wah0xL7d0I4N8LLwZAxf7bnj7ATB0khO', '127.0.0.1', 'Mozilla/5.0 (Windows NT 10.0; Win64; x64) AppleWebKit/537.36 (KHTML, like Gecko) Chrome/143.0.0.0 Safari/537.36', '2026-01-05 08:56:03', NULL, NULL, 'active', '2026-01-05 08:56:03', '2026-01-05 08:56:03'),
(490, 1, '8rODah7vPKTLtfmpInLbSQTinF8Pi9gHKqo5oGFn', '127.0.0.1', 'Mozilla/5.0 (Windows NT 10.0; Win64; x64) AppleWebKit/537.36 (KHTML, like Gecko) Chrome/143.0.0.0 Safari/537.36', '2026-01-05 08:59:48', NULL, NULL, 'active', '2026-01-05 08:59:48', '2026-01-05 08:59:48'),
(491, 1, '8rODah7vPKTLtfmpInLbSQTinF8Pi9gHKqo5oGFn', '127.0.0.1', 'Mozilla/5.0 (Windows NT 10.0; Win64; x64) AppleWebKit/537.36 (KHTML, like Gecko) Chrome/143.0.0.0 Safari/537.36', '2026-01-05 08:59:48', NULL, NULL, 'active', '2026-01-05 08:59:48', '2026-01-05 08:59:48'),
(492, 1, 'tv5jaEecMkUCCEQoyMUpSrte1o2U7TqOWY22RCat', '127.0.0.1', 'Mozilla/5.0 (Windows NT 10.0; Win64; x64) AppleWebKit/537.36 (KHTML, like Gecko) Chrome/143.0.0.0 Safari/537.36', '2026-01-05 08:59:52', NULL, NULL, 'active', '2026-01-05 08:59:52', '2026-01-05 08:59:52'),
(493, 1, 'tv5jaEecMkUCCEQoyMUpSrte1o2U7TqOWY22RCat', '127.0.0.1', 'Mozilla/5.0 (Windows NT 10.0; Win64; x64) AppleWebKit/537.36 (KHTML, like Gecko) Chrome/143.0.0.0 Safari/537.36', '2026-01-05 08:59:52', NULL, NULL, 'active', '2026-01-05 08:59:52', '2026-01-05 08:59:52'),
(494, 1, 'NYkGVOBiERTja1K6pE5JDO5DJPFwiyPstsCo8Vnl', '127.0.0.1', 'Mozilla/5.0 (Windows NT 10.0; Win64; x64) AppleWebKit/537.36 (KHTML, like Gecko) Chrome/143.0.0.0 Safari/537.36', '2026-01-05 09:02:03', NULL, NULL, 'active', '2026-01-05 09:02:03', '2026-01-05 09:02:03'),
(495, 1, 'NYkGVOBiERTja1K6pE5JDO5DJPFwiyPstsCo8Vnl', '127.0.0.1', 'Mozilla/5.0 (Windows NT 10.0; Win64; x64) AppleWebKit/537.36 (KHTML, like Gecko) Chrome/143.0.0.0 Safari/537.36', '2026-01-05 09:02:03', NULL, NULL, 'active', '2026-01-05 09:02:03', '2026-01-05 09:02:03'),
(496, 1, 'GOIR330Hw39u8j6m6zCvaGXyFQCwBQioOqwOXxiO', '127.0.0.1', 'Mozilla/5.0 (Windows NT 10.0; Win64; x64) AppleWebKit/537.36 (KHTML, like Gecko) Chrome/143.0.0.0 Safari/537.36', '2026-01-05 09:03:06', NULL, NULL, 'active', '2026-01-05 09:03:06', '2026-01-05 09:03:06'),
(497, 1, 'GOIR330Hw39u8j6m6zCvaGXyFQCwBQioOqwOXxiO', '127.0.0.1', 'Mozilla/5.0 (Windows NT 10.0; Win64; x64) AppleWebKit/537.36 (KHTML, like Gecko) Chrome/143.0.0.0 Safari/537.36', '2026-01-05 09:03:06', NULL, NULL, 'active', '2026-01-05 09:03:06', '2026-01-05 09:03:06'),
(498, 1, 'tjVoBWebMWfUCQJbZv3S4Kce4KhSBtUJdO5H799J', '127.0.0.1', 'Mozilla/5.0 (Windows NT 10.0; Win64; x64) AppleWebKit/537.36 (KHTML, like Gecko) Chrome/143.0.0.0 Safari/537.36', '2026-01-05 09:03:06', NULL, NULL, 'active', '2026-01-05 09:03:06', '2026-01-05 09:03:06'),
(499, 1, 'tjVoBWebMWfUCQJbZv3S4Kce4KhSBtUJdO5H799J', '127.0.0.1', 'Mozilla/5.0 (Windows NT 10.0; Win64; x64) AppleWebKit/537.36 (KHTML, like Gecko) Chrome/143.0.0.0 Safari/537.36', '2026-01-05 09:03:06', NULL, NULL, 'active', '2026-01-05 09:03:06', '2026-01-05 09:03:06'),
(500, 1, 'EZGJbgOKkQFBd22MBAJT6uUvJXQLncDJBVgzQS9L', '127.0.0.1', 'Mozilla/5.0 (Windows NT 10.0; Win64; x64) AppleWebKit/537.36 (KHTML, like Gecko) Chrome/143.0.0.0 Safari/537.36', '2026-01-05 09:03:39', NULL, NULL, 'active', '2026-01-05 09:03:39', '2026-01-05 09:03:39'),
(501, 1, 'EZGJbgOKkQFBd22MBAJT6uUvJXQLncDJBVgzQS9L', '127.0.0.1', 'Mozilla/5.0 (Windows NT 10.0; Win64; x64) AppleWebKit/537.36 (KHTML, like Gecko) Chrome/143.0.0.0 Safari/537.36', '2026-01-05 09:03:39', NULL, NULL, 'active', '2026-01-05 09:03:39', '2026-01-05 09:03:39'),
(502, 1, '9tKW6yeSBKKtza4X0oVcDSQ8QBluTSYz2rK6Cw68', '127.0.0.1', 'Mozilla/5.0 (Windows NT 10.0; Win64; x64) AppleWebKit/537.36 (KHTML, like Gecko) Chrome/143.0.0.0 Safari/537.36', '2026-01-05 09:03:39', NULL, NULL, 'active', '2026-01-05 09:03:39', '2026-01-05 09:03:39'),
(503, 1, '9tKW6yeSBKKtza4X0oVcDSQ8QBluTSYz2rK6Cw68', '127.0.0.1', 'Mozilla/5.0 (Windows NT 10.0; Win64; x64) AppleWebKit/537.36 (KHTML, like Gecko) Chrome/143.0.0.0 Safari/537.36', '2026-01-05 09:03:39', NULL, NULL, 'active', '2026-01-05 09:03:39', '2026-01-05 09:03:39'),
(504, 1, 'AjJcYxfkomvbGh7nn0fMB0TEBYySlviwy3LTmLir', '127.0.0.1', 'Mozilla/5.0 (Windows NT 10.0; Win64; x64) AppleWebKit/537.36 (KHTML, like Gecko) Chrome/143.0.0.0 Safari/537.36', '2026-01-05 09:04:19', NULL, NULL, 'active', '2026-01-05 09:04:19', '2026-01-05 09:04:19'),
(505, 1, 'AjJcYxfkomvbGh7nn0fMB0TEBYySlviwy3LTmLir', '127.0.0.1', 'Mozilla/5.0 (Windows NT 10.0; Win64; x64) AppleWebKit/537.36 (KHTML, like Gecko) Chrome/143.0.0.0 Safari/537.36', '2026-01-05 09:04:19', NULL, NULL, 'active', '2026-01-05 09:04:19', '2026-01-05 09:04:19'),
(506, 1, '6XhgSRH38vJZoNGRkxzXwhAcLyo9LAuOqymmZgXw', '127.0.0.1', 'Mozilla/5.0 (Windows NT 10.0; Win64; x64) AppleWebKit/537.36 (KHTML, like Gecko) Chrome/143.0.0.0 Safari/537.36', '2026-01-05 09:04:20', NULL, NULL, 'active', '2026-01-05 09:04:20', '2026-01-05 09:04:20'),
(507, 1, '6XhgSRH38vJZoNGRkxzXwhAcLyo9LAuOqymmZgXw', '127.0.0.1', 'Mozilla/5.0 (Windows NT 10.0; Win64; x64) AppleWebKit/537.36 (KHTML, like Gecko) Chrome/143.0.0.0 Safari/537.36', '2026-01-05 09:04:20', NULL, NULL, 'active', '2026-01-05 09:04:20', '2026-01-05 09:04:20'),
(508, 1, 'xo2hjbDQTlpf4p201mNIWnctvS9WCgoHKQVLEcDw', '127.0.0.1', 'Mozilla/5.0 (Windows NT 10.0; Win64; x64) AppleWebKit/537.36 (KHTML, like Gecko) Chrome/143.0.0.0 Safari/537.36', '2026-01-05 09:04:25', NULL, NULL, 'active', '2026-01-05 09:04:25', '2026-01-05 09:04:25'),
(509, 1, 'xo2hjbDQTlpf4p201mNIWnctvS9WCgoHKQVLEcDw', '127.0.0.1', 'Mozilla/5.0 (Windows NT 10.0; Win64; x64) AppleWebKit/537.36 (KHTML, like Gecko) Chrome/143.0.0.0 Safari/537.36', '2026-01-05 09:04:25', NULL, NULL, 'active', '2026-01-05 09:04:25', '2026-01-05 09:04:25'),
(510, 1, 'vUoFFgE6AJD2eJ3UE8zOQO5s6vK9KrBDzWLk3ZIE', '127.0.0.1', 'Mozilla/5.0 (Windows NT 10.0; Win64; x64) AppleWebKit/537.36 (KHTML, like Gecko) Chrome/143.0.0.0 Safari/537.36', '2026-01-05 09:04:25', NULL, NULL, 'active', '2026-01-05 09:04:25', '2026-01-05 09:04:25'),
(511, 1, 'vUoFFgE6AJD2eJ3UE8zOQO5s6vK9KrBDzWLk3ZIE', '127.0.0.1', 'Mozilla/5.0 (Windows NT 10.0; Win64; x64) AppleWebKit/537.36 (KHTML, like Gecko) Chrome/143.0.0.0 Safari/537.36', '2026-01-05 09:04:25', NULL, NULL, 'active', '2026-01-05 09:04:25', '2026-01-05 09:04:25'),
(512, 1, 'V7vkCHoZXwW9K2Bv6M9SJJLzoz7FUSAhnxwYD0fE', '127.0.0.1', 'Mozilla/5.0 (Windows NT 10.0; Win64; x64) AppleWebKit/537.36 (KHTML, like Gecko) Chrome/143.0.0.0 Safari/537.36', '2026-01-05 09:04:50', NULL, NULL, 'active', '2026-01-05 09:04:50', '2026-01-05 09:04:50'),
(513, 1, 'V7vkCHoZXwW9K2Bv6M9SJJLzoz7FUSAhnxwYD0fE', '127.0.0.1', 'Mozilla/5.0 (Windows NT 10.0; Win64; x64) AppleWebKit/537.36 (KHTML, like Gecko) Chrome/143.0.0.0 Safari/537.36', '2026-01-05 09:04:50', NULL, NULL, 'active', '2026-01-05 09:04:50', '2026-01-05 09:04:50'),
(514, 1, 'dCkhqnI3ORIlqWzgyIqpPpeK5AEdv2vb3ZkEOtdF', '127.0.0.1', 'Mozilla/5.0 (Windows NT 10.0; Win64; x64) AppleWebKit/537.36 (KHTML, like Gecko) Chrome/143.0.0.0 Safari/537.36', '2026-01-05 09:04:50', NULL, NULL, 'active', '2026-01-05 09:04:50', '2026-01-05 09:04:50'),
(515, 1, 'dCkhqnI3ORIlqWzgyIqpPpeK5AEdv2vb3ZkEOtdF', '127.0.0.1', 'Mozilla/5.0 (Windows NT 10.0; Win64; x64) AppleWebKit/537.36 (KHTML, like Gecko) Chrome/143.0.0.0 Safari/537.36', '2026-01-05 09:04:50', NULL, NULL, 'active', '2026-01-05 09:04:50', '2026-01-05 09:04:50'),
(516, 1, '9flwGipbpDONa4RyKpgcUvmcyvTyxGTct3ZOhBwy', '127.0.0.1', 'Mozilla/5.0 (Windows NT 10.0; Win64; x64) AppleWebKit/537.36 (KHTML, like Gecko) Chrome/143.0.0.0 Safari/537.36', '2026-01-05 09:17:43', NULL, NULL, 'active', '2026-01-05 09:17:43', '2026-01-05 09:17:43'),
(517, 1, '9flwGipbpDONa4RyKpgcUvmcyvTyxGTct3ZOhBwy', '127.0.0.1', 'Mozilla/5.0 (Windows NT 10.0; Win64; x64) AppleWebKit/537.36 (KHTML, like Gecko) Chrome/143.0.0.0 Safari/537.36', '2026-01-05 09:17:43', NULL, NULL, 'active', '2026-01-05 09:17:43', '2026-01-05 09:17:43'),
(518, 1, 'tOZFKGDcyqzckYlm0REEDEsgJfdRGqhOFXeGqXBt', '127.0.0.1', 'Mozilla/5.0 (Windows NT 10.0; Win64; x64) AppleWebKit/537.36 (KHTML, like Gecko) Chrome/143.0.0.0 Safari/537.36', '2026-01-05 09:17:57', NULL, NULL, 'active', '2026-01-05 09:17:57', '2026-01-05 09:17:57'),
(519, 1, 'tOZFKGDcyqzckYlm0REEDEsgJfdRGqhOFXeGqXBt', '127.0.0.1', 'Mozilla/5.0 (Windows NT 10.0; Win64; x64) AppleWebKit/537.36 (KHTML, like Gecko) Chrome/143.0.0.0 Safari/537.36', '2026-01-05 09:17:57', NULL, NULL, 'active', '2026-01-05 09:17:57', '2026-01-05 09:17:57'),
(520, 1, 'BqfhcF3XcgboNWHQPx1F7bVLCu5btVSG1McsCRCR', '127.0.0.1', 'Mozilla/5.0 (Windows NT 10.0; Win64; x64) AppleWebKit/537.36 (KHTML, like Gecko) Chrome/143.0.0.0 Safari/537.36', '2026-01-05 09:18:08', NULL, NULL, 'active', '2026-01-05 09:18:08', '2026-01-05 09:18:08'),
(521, 1, 'BqfhcF3XcgboNWHQPx1F7bVLCu5btVSG1McsCRCR', '127.0.0.1', 'Mozilla/5.0 (Windows NT 10.0; Win64; x64) AppleWebKit/537.36 (KHTML, like Gecko) Chrome/143.0.0.0 Safari/537.36', '2026-01-05 09:18:08', NULL, NULL, 'active', '2026-01-05 09:18:08', '2026-01-05 09:18:08'),
(522, 1, 's5sI6acX0R2VGNQWKKqftvJoa1wGB68G9WuuNANg', '127.0.0.1', 'Mozilla/5.0 (Windows NT 10.0; Win64; x64) AppleWebKit/537.36 (KHTML, like Gecko) Chrome/143.0.0.0 Safari/537.36', '2026-01-05 09:18:10', NULL, NULL, 'active', '2026-01-05 09:18:10', '2026-01-05 09:18:10'),
(523, 1, 's5sI6acX0R2VGNQWKKqftvJoa1wGB68G9WuuNANg', '127.0.0.1', 'Mozilla/5.0 (Windows NT 10.0; Win64; x64) AppleWebKit/537.36 (KHTML, like Gecko) Chrome/143.0.0.0 Safari/537.36', '2026-01-05 09:18:10', NULL, NULL, 'active', '2026-01-05 09:18:10', '2026-01-05 09:18:10'),
(524, 1, 'AlFYgzOOqCgYlUmQxLsUuPfsswTWbLiFoE4cDYr8', '127.0.0.1', 'Mozilla/5.0 (Windows NT 10.0; Win64; x64) AppleWebKit/537.36 (KHTML, like Gecko) Chrome/143.0.0.0 Safari/537.36', '2026-01-05 09:18:12', NULL, NULL, 'active', '2026-01-05 09:18:12', '2026-01-05 09:18:12'),
(525, 1, 'AlFYgzOOqCgYlUmQxLsUuPfsswTWbLiFoE4cDYr8', '127.0.0.1', 'Mozilla/5.0 (Windows NT 10.0; Win64; x64) AppleWebKit/537.36 (KHTML, like Gecko) Chrome/143.0.0.0 Safari/537.36', '2026-01-05 09:18:12', NULL, NULL, 'active', '2026-01-05 09:18:12', '2026-01-05 09:18:12'),
(526, 1, '7t90wglgPUoPzXxetlC8CfvkLlU6JkCGUat5aX5b', '127.0.0.1', 'Mozilla/5.0 (Windows NT 10.0; Win64; x64) AppleWebKit/537.36 (KHTML, like Gecko) Chrome/143.0.0.0 Safari/537.36', '2026-01-05 09:18:28', NULL, NULL, 'active', '2026-01-05 09:18:28', '2026-01-05 09:18:28'),
(527, 1, '7t90wglgPUoPzXxetlC8CfvkLlU6JkCGUat5aX5b', '127.0.0.1', 'Mozilla/5.0 (Windows NT 10.0; Win64; x64) AppleWebKit/537.36 (KHTML, like Gecko) Chrome/143.0.0.0 Safari/537.36', '2026-01-05 09:18:28', NULL, NULL, 'active', '2026-01-05 09:18:28', '2026-01-05 09:18:28'),
(528, 1, '6ND4iyk1J6TnnsfTdwUUL03Tybm3LHvohcDzu7wt', '127.0.0.1', 'Mozilla/5.0 (Windows NT 10.0; Win64; x64) AppleWebKit/537.36 (KHTML, like Gecko) Chrome/143.0.0.0 Safari/537.36', '2026-01-05 09:18:32', NULL, NULL, 'active', '2026-01-05 09:18:32', '2026-01-05 09:18:32'),
(529, 1, '6ND4iyk1J6TnnsfTdwUUL03Tybm3LHvohcDzu7wt', '127.0.0.1', 'Mozilla/5.0 (Windows NT 10.0; Win64; x64) AppleWebKit/537.36 (KHTML, like Gecko) Chrome/143.0.0.0 Safari/537.36', '2026-01-05 09:18:32', NULL, NULL, 'active', '2026-01-05 09:18:32', '2026-01-05 09:18:32'),
(530, 1, 'N8HrH4pAPaoPzxIGkOhguwVtTrEuIboEeVn3nJkp', '127.0.0.1', 'Mozilla/5.0 (Windows NT 10.0; Win64; x64) AppleWebKit/537.36 (KHTML, like Gecko) Chrome/143.0.0.0 Safari/537.36', '2026-01-05 09:20:55', NULL, NULL, 'active', '2026-01-05 09:20:55', '2026-01-05 09:20:55'),
(531, 1, 'N8HrH4pAPaoPzxIGkOhguwVtTrEuIboEeVn3nJkp', '127.0.0.1', 'Mozilla/5.0 (Windows NT 10.0; Win64; x64) AppleWebKit/537.36 (KHTML, like Gecko) Chrome/143.0.0.0 Safari/537.36', '2026-01-05 09:20:55', NULL, NULL, 'active', '2026-01-05 09:20:55', '2026-01-05 09:20:55'),
(532, 1, 'WxximuZYRn6lSSrn6pKj57TM7oDUBvHJuO0i1IZk', '127.0.0.1', 'Mozilla/5.0 (Windows NT 10.0; Win64; x64) AppleWebKit/537.36 (KHTML, like Gecko) Chrome/143.0.0.0 Safari/537.36', '2026-01-05 09:22:04', NULL, NULL, 'active', '2026-01-05 09:22:04', '2026-01-05 09:22:04'),
(533, 1, 'WxximuZYRn6lSSrn6pKj57TM7oDUBvHJuO0i1IZk', '127.0.0.1', 'Mozilla/5.0 (Windows NT 10.0; Win64; x64) AppleWebKit/537.36 (KHTML, like Gecko) Chrome/143.0.0.0 Safari/537.36', '2026-01-05 09:22:04', NULL, NULL, 'active', '2026-01-05 09:22:04', '2026-01-05 09:22:04'),
(534, 1, 'kWP4Ckh5zZyFKslf1PHEFmI8DDFZA1JeH1ReBWuh', '127.0.0.1', 'Mozilla/5.0 (Windows NT 10.0; Win64; x64) AppleWebKit/537.36 (KHTML, like Gecko) Chrome/143.0.0.0 Safari/537.36', '2026-01-05 09:22:21', NULL, NULL, 'active', '2026-01-05 09:22:21', '2026-01-05 09:22:21'),
(535, 1, 'kWP4Ckh5zZyFKslf1PHEFmI8DDFZA1JeH1ReBWuh', '127.0.0.1', 'Mozilla/5.0 (Windows NT 10.0; Win64; x64) AppleWebKit/537.36 (KHTML, like Gecko) Chrome/143.0.0.0 Safari/537.36', '2026-01-05 09:22:21', NULL, NULL, 'active', '2026-01-05 09:22:21', '2026-01-05 09:22:21'),
(536, 1, 'Km5M8zZvFdC5L7lKpOz9RxVJ62US8rSIQmK3I7w0', '127.0.0.1', 'Mozilla/5.0 (Windows NT 10.0; Win64; x64) AppleWebKit/537.36 (KHTML, like Gecko) Chrome/143.0.0.0 Safari/537.36', '2026-01-05 09:22:22', NULL, NULL, 'active', '2026-01-05 09:22:22', '2026-01-05 09:22:22'),
(537, 1, 'Km5M8zZvFdC5L7lKpOz9RxVJ62US8rSIQmK3I7w0', '127.0.0.1', 'Mozilla/5.0 (Windows NT 10.0; Win64; x64) AppleWebKit/537.36 (KHTML, like Gecko) Chrome/143.0.0.0 Safari/537.36', '2026-01-05 09:22:22', NULL, NULL, 'active', '2026-01-05 09:22:22', '2026-01-05 09:22:22'),
(538, 1, 'NWGP98BDpPZChWWoARZrQzKgtYjz0ocyOmr0v00X', '127.0.0.1', 'Mozilla/5.0 (Windows NT 10.0; Win64; x64) AppleWebKit/537.36 (KHTML, like Gecko) Chrome/143.0.0.0 Safari/537.36', '2026-01-05 09:22:29', NULL, NULL, 'active', '2026-01-05 09:22:29', '2026-01-05 09:22:29'),
(539, 1, 'NWGP98BDpPZChWWoARZrQzKgtYjz0ocyOmr0v00X', '127.0.0.1', 'Mozilla/5.0 (Windows NT 10.0; Win64; x64) AppleWebKit/537.36 (KHTML, like Gecko) Chrome/143.0.0.0 Safari/537.36', '2026-01-05 09:22:29', NULL, NULL, 'active', '2026-01-05 09:22:29', '2026-01-05 09:22:29'),
(540, 1, '6ra5mqxduu7YPn3Uk0ejCSpq2K0KCLFywsi3UwDf', '127.0.0.1', 'Mozilla/5.0 (Windows NT 10.0; Win64; x64) AppleWebKit/537.36 (KHTML, like Gecko) Chrome/143.0.0.0 Safari/537.36', '2026-01-05 09:22:30', NULL, NULL, 'active', '2026-01-05 09:22:30', '2026-01-05 09:22:30'),
(541, 1, '6ra5mqxduu7YPn3Uk0ejCSpq2K0KCLFywsi3UwDf', '127.0.0.1', 'Mozilla/5.0 (Windows NT 10.0; Win64; x64) AppleWebKit/537.36 (KHTML, like Gecko) Chrome/143.0.0.0 Safari/537.36', '2026-01-05 09:22:30', NULL, NULL, 'active', '2026-01-05 09:22:30', '2026-01-05 09:22:30'),
(542, 1, 'm0xYK0xLClsEjGuLSLla3l3WWIXxMRkCZkp8JpUn', '127.0.0.1', 'Mozilla/5.0 (Windows NT 10.0; Win64; x64) AppleWebKit/537.36 (KHTML, like Gecko) Chrome/143.0.0.0 Safari/537.36', '2026-01-05 09:22:35', NULL, NULL, 'active', '2026-01-05 09:22:35', '2026-01-05 09:22:35'),
(543, 1, 'm0xYK0xLClsEjGuLSLla3l3WWIXxMRkCZkp8JpUn', '127.0.0.1', 'Mozilla/5.0 (Windows NT 10.0; Win64; x64) AppleWebKit/537.36 (KHTML, like Gecko) Chrome/143.0.0.0 Safari/537.36', '2026-01-05 09:22:35', NULL, NULL, 'active', '2026-01-05 09:22:35', '2026-01-05 09:22:35'),
(544, 1, 'JtvvYA7X9dtRUmcSowjFHtTMzivj5h08CflUK8U6', '127.0.0.1', 'Mozilla/5.0 (Windows NT 10.0; Win64; x64) AppleWebKit/537.36 (KHTML, like Gecko) Chrome/143.0.0.0 Safari/537.36', '2026-01-05 09:22:36', NULL, NULL, 'active', '2026-01-05 09:22:36', '2026-01-05 09:22:36'),
(545, 1, 'JtvvYA7X9dtRUmcSowjFHtTMzivj5h08CflUK8U6', '127.0.0.1', 'Mozilla/5.0 (Windows NT 10.0; Win64; x64) AppleWebKit/537.36 (KHTML, like Gecko) Chrome/143.0.0.0 Safari/537.36', '2026-01-05 09:22:36', NULL, NULL, 'active', '2026-01-05 09:22:36', '2026-01-05 09:22:36'),
(546, 1, 'jJw9tNMXAwwWl7djqbV5sVfBHYGEKqkfsAXYOX0x', '127.0.0.1', 'Mozilla/5.0 (Windows NT 10.0; Win64; x64) AppleWebKit/537.36 (KHTML, like Gecko) Chrome/143.0.0.0 Safari/537.36', '2026-01-05 09:23:44', NULL, NULL, 'active', '2026-01-05 09:23:44', '2026-01-05 09:23:44'),
(547, 1, 'jJw9tNMXAwwWl7djqbV5sVfBHYGEKqkfsAXYOX0x', '127.0.0.1', 'Mozilla/5.0 (Windows NT 10.0; Win64; x64) AppleWebKit/537.36 (KHTML, like Gecko) Chrome/143.0.0.0 Safari/537.36', '2026-01-05 09:23:44', NULL, NULL, 'active', '2026-01-05 09:23:44', '2026-01-05 09:23:44'),
(548, 1, 'QlxPkgjooh1YjImvkj7gAmbippCLFjXZGw7D6iG7', '127.0.0.1', 'Mozilla/5.0 (Windows NT 10.0; Win64; x64) AppleWebKit/537.36 (KHTML, like Gecko) Chrome/143.0.0.0 Safari/537.36', '2026-01-05 09:23:47', NULL, NULL, 'active', '2026-01-05 09:23:47', '2026-01-05 09:23:47');
INSERT INTO `user_sessions` (`id`, `user_id`, `session_id`, `ip_address`, `user_agent`, `logged_in_at`, `last_seen_at`, `logged_out_at`, `status`, `created_at`, `updated_at`) VALUES
(549, 1, 'QlxPkgjooh1YjImvkj7gAmbippCLFjXZGw7D6iG7', '127.0.0.1', 'Mozilla/5.0 (Windows NT 10.0; Win64; x64) AppleWebKit/537.36 (KHTML, like Gecko) Chrome/143.0.0.0 Safari/537.36', '2026-01-05 09:23:47', NULL, NULL, 'active', '2026-01-05 09:23:47', '2026-01-05 09:23:47'),
(550, 1, 'nQonbO97HxHHxxjFhIk4NRdlNoroz533ZXnki8Wq', '127.0.0.1', 'Mozilla/5.0 (Windows NT 10.0; Win64; x64) AppleWebKit/537.36 (KHTML, like Gecko) Chrome/143.0.0.0 Safari/537.36', '2026-01-05 09:24:16', NULL, NULL, 'active', '2026-01-05 09:24:16', '2026-01-05 09:24:16'),
(551, 1, 'nQonbO97HxHHxxjFhIk4NRdlNoroz533ZXnki8Wq', '127.0.0.1', 'Mozilla/5.0 (Windows NT 10.0; Win64; x64) AppleWebKit/537.36 (KHTML, like Gecko) Chrome/143.0.0.0 Safari/537.36', '2026-01-05 09:24:16', NULL, NULL, 'active', '2026-01-05 09:24:16', '2026-01-05 09:24:16'),
(552, 1, 'gk2yGX55agh0p6rVWpfj8Qh2qJKtYazfOqBDKGAn', '127.0.0.1', 'Mozilla/5.0 (Windows NT 10.0; Win64; x64) AppleWebKit/537.36 (KHTML, like Gecko) Chrome/143.0.0.0 Safari/537.36', '2026-01-05 09:24:25', NULL, NULL, 'active', '2026-01-05 09:24:25', '2026-01-05 09:24:25'),
(553, 1, 'gk2yGX55agh0p6rVWpfj8Qh2qJKtYazfOqBDKGAn', '127.0.0.1', 'Mozilla/5.0 (Windows NT 10.0; Win64; x64) AppleWebKit/537.36 (KHTML, like Gecko) Chrome/143.0.0.0 Safari/537.36', '2026-01-05 09:24:25', NULL, NULL, 'active', '2026-01-05 09:24:25', '2026-01-05 09:24:25'),
(554, 1, 'wijeQ6hzNDfYQn32BqNaPHLinsz5lb45iwvIfvBS', '127.0.0.1', 'Mozilla/5.0 (Windows NT 10.0; Win64; x64) AppleWebKit/537.36 (KHTML, like Gecko) Chrome/143.0.0.0 Safari/537.36', '2026-01-05 09:24:51', NULL, NULL, 'active', '2026-01-05 09:24:51', '2026-01-05 09:24:51'),
(555, 1, 'wijeQ6hzNDfYQn32BqNaPHLinsz5lb45iwvIfvBS', '127.0.0.1', 'Mozilla/5.0 (Windows NT 10.0; Win64; x64) AppleWebKit/537.36 (KHTML, like Gecko) Chrome/143.0.0.0 Safari/537.36', '2026-01-05 09:24:51', NULL, NULL, 'active', '2026-01-05 09:24:51', '2026-01-05 09:24:51'),
(556, 1, '7nLueoZGqSOkYl8oLxNiltd9BL2HhFebwbnCRwmq', '127.0.0.1', 'Mozilla/5.0 (Windows NT 10.0; Win64; x64) AppleWebKit/537.36 (KHTML, like Gecko) Chrome/143.0.0.0 Safari/537.36', '2026-01-05 09:32:40', NULL, NULL, 'active', '2026-01-05 09:32:40', '2026-01-05 09:32:40'),
(557, 1, '7nLueoZGqSOkYl8oLxNiltd9BL2HhFebwbnCRwmq', '127.0.0.1', 'Mozilla/5.0 (Windows NT 10.0; Win64; x64) AppleWebKit/537.36 (KHTML, like Gecko) Chrome/143.0.0.0 Safari/537.36', '2026-01-05 09:32:40', NULL, NULL, 'active', '2026-01-05 09:32:40', '2026-01-05 09:32:40'),
(558, 1, 'SKxNC0ZSviP5d4lFoLNBBqEOLA8Mie0WQ8mt7t5e', '127.0.0.1', 'Mozilla/5.0 (Windows NT 10.0; Win64; x64) AppleWebKit/537.36 (KHTML, like Gecko) Chrome/143.0.0.0 Safari/537.36', '2026-01-05 09:32:42', NULL, NULL, 'active', '2026-01-05 09:32:42', '2026-01-05 09:32:42'),
(559, 1, 'SKxNC0ZSviP5d4lFoLNBBqEOLA8Mie0WQ8mt7t5e', '127.0.0.1', 'Mozilla/5.0 (Windows NT 10.0; Win64; x64) AppleWebKit/537.36 (KHTML, like Gecko) Chrome/143.0.0.0 Safari/537.36', '2026-01-05 09:32:42', NULL, NULL, 'active', '2026-01-05 09:32:42', '2026-01-05 09:32:42'),
(560, 1, 'woIZL2dkHmmAApaZSHiVnHWENJGIGDEZykPPRnep', '127.0.0.1', 'Mozilla/5.0 (Windows NT 10.0; Win64; x64) AppleWebKit/537.36 (KHTML, like Gecko) Chrome/143.0.0.0 Safari/537.36', '2026-01-05 09:34:39', NULL, NULL, 'active', '2026-01-05 09:34:39', '2026-01-05 09:34:39'),
(561, 1, 'woIZL2dkHmmAApaZSHiVnHWENJGIGDEZykPPRnep', '127.0.0.1', 'Mozilla/5.0 (Windows NT 10.0; Win64; x64) AppleWebKit/537.36 (KHTML, like Gecko) Chrome/143.0.0.0 Safari/537.36', '2026-01-05 09:34:39', NULL, NULL, 'active', '2026-01-05 09:34:39', '2026-01-05 09:34:39'),
(562, 1, '7isMyt69B3rUZwm2OCAdgiE046JxMKFxiyaTBZNT', '127.0.0.1', 'Mozilla/5.0 (Windows NT 10.0; Win64; x64) AppleWebKit/537.36 (KHTML, like Gecko) Chrome/143.0.0.0 Safari/537.36', '2026-01-05 09:37:07', NULL, NULL, 'active', '2026-01-05 09:37:07', '2026-01-05 09:37:07'),
(563, 1, '7isMyt69B3rUZwm2OCAdgiE046JxMKFxiyaTBZNT', '127.0.0.1', 'Mozilla/5.0 (Windows NT 10.0; Win64; x64) AppleWebKit/537.36 (KHTML, like Gecko) Chrome/143.0.0.0 Safari/537.36', '2026-01-05 09:37:07', NULL, NULL, 'active', '2026-01-05 09:37:07', '2026-01-05 09:37:07'),
(564, 1, 'nkvrI8d6s5R5eO0ZeGO4TLXz4YehmAcISUxTyNVu', '127.0.0.1', 'Mozilla/5.0 (Windows NT 10.0; Win64; x64) AppleWebKit/537.36 (KHTML, like Gecko) Chrome/143.0.0.0 Safari/537.36', '2026-01-05 09:37:17', NULL, NULL, 'active', '2026-01-05 09:37:17', '2026-01-05 09:37:17'),
(565, 1, 'nkvrI8d6s5R5eO0ZeGO4TLXz4YehmAcISUxTyNVu', '127.0.0.1', 'Mozilla/5.0 (Windows NT 10.0; Win64; x64) AppleWebKit/537.36 (KHTML, like Gecko) Chrome/143.0.0.0 Safari/537.36', '2026-01-05 09:37:17', NULL, NULL, 'active', '2026-01-05 09:37:17', '2026-01-05 09:37:17'),
(566, 1, 'oJSvQ6mc09I8E5utp15F5htrrqfJzxpeebnJw8kN', '127.0.0.1', 'Mozilla/5.0 (Windows NT 10.0; Win64; x64) AppleWebKit/537.36 (KHTML, like Gecko) Chrome/143.0.0.0 Safari/537.36', '2026-01-05 09:37:22', NULL, NULL, 'active', '2026-01-05 09:37:22', '2026-01-05 09:37:22'),
(567, 1, 'oJSvQ6mc09I8E5utp15F5htrrqfJzxpeebnJw8kN', '127.0.0.1', 'Mozilla/5.0 (Windows NT 10.0; Win64; x64) AppleWebKit/537.36 (KHTML, like Gecko) Chrome/143.0.0.0 Safari/537.36', '2026-01-05 09:37:22', NULL, NULL, 'active', '2026-01-05 09:37:22', '2026-01-05 09:37:22'),
(568, 1, 'ysXG2V478mHqQAdcshveaY99MYHgfbUnuAeXtRad', '127.0.0.1', 'Mozilla/5.0 (Windows NT 10.0; Win64; x64) AppleWebKit/537.36 (KHTML, like Gecko) Chrome/143.0.0.0 Safari/537.36', '2026-01-05 09:48:20', NULL, NULL, 'active', '2026-01-05 09:48:20', '2026-01-05 09:48:20'),
(569, 1, 'ysXG2V478mHqQAdcshveaY99MYHgfbUnuAeXtRad', '127.0.0.1', 'Mozilla/5.0 (Windows NT 10.0; Win64; x64) AppleWebKit/537.36 (KHTML, like Gecko) Chrome/143.0.0.0 Safari/537.36', '2026-01-05 09:48:20', NULL, NULL, 'active', '2026-01-05 09:48:20', '2026-01-05 09:48:20'),
(570, 1, 'oDlnrdPErP4qSJx0W4A8UqwQSxq1LrvQdSWaxMtK', '127.0.0.1', 'Mozilla/5.0 (Windows NT 10.0; Win64; x64) AppleWebKit/537.36 (KHTML, like Gecko) Chrome/143.0.0.0 Safari/537.36', '2026-01-05 09:48:22', NULL, NULL, 'active', '2026-01-05 09:48:22', '2026-01-05 09:48:22'),
(571, 1, 'oDlnrdPErP4qSJx0W4A8UqwQSxq1LrvQdSWaxMtK', '127.0.0.1', 'Mozilla/5.0 (Windows NT 10.0; Win64; x64) AppleWebKit/537.36 (KHTML, like Gecko) Chrome/143.0.0.0 Safari/537.36', '2026-01-05 09:48:22', NULL, NULL, 'active', '2026-01-05 09:48:22', '2026-01-05 09:48:22'),
(572, 1, 'ByB7zPyh3GBdQfmdSQzSv66WwSL6dXgCrPI3ElRO', '127.0.0.1', 'Mozilla/5.0 (Windows NT 10.0; Win64; x64) AppleWebKit/537.36 (KHTML, like Gecko) Chrome/143.0.0.0 Safari/537.36', '2026-01-05 09:53:38', NULL, NULL, 'active', '2026-01-05 09:53:38', '2026-01-05 09:53:38'),
(573, 1, 'ByB7zPyh3GBdQfmdSQzSv66WwSL6dXgCrPI3ElRO', '127.0.0.1', 'Mozilla/5.0 (Windows NT 10.0; Win64; x64) AppleWebKit/537.36 (KHTML, like Gecko) Chrome/143.0.0.0 Safari/537.36', '2026-01-05 09:53:38', NULL, NULL, 'active', '2026-01-05 09:53:38', '2026-01-05 09:53:38'),
(574, 1, '6YurKXTO4s0urnFlfy8aOwkwQIOWdFPRwGsjc5wc', '127.0.0.1', 'Mozilla/5.0 (Windows NT 10.0; Win64; x64) AppleWebKit/537.36 (KHTML, like Gecko) Chrome/143.0.0.0 Safari/537.36', '2026-01-05 09:54:10', NULL, NULL, 'active', '2026-01-05 09:54:10', '2026-01-05 09:54:10'),
(575, 1, '6YurKXTO4s0urnFlfy8aOwkwQIOWdFPRwGsjc5wc', '127.0.0.1', 'Mozilla/5.0 (Windows NT 10.0; Win64; x64) AppleWebKit/537.36 (KHTML, like Gecko) Chrome/143.0.0.0 Safari/537.36', '2026-01-05 09:54:10', NULL, NULL, 'active', '2026-01-05 09:54:10', '2026-01-05 09:54:10'),
(576, 1, '5eMGuLqHIL6h9kITjmYX2CiY2ptmFnHwBXSn3QI9', '127.0.0.1', 'Mozilla/5.0 (Windows NT 10.0; Win64; x64) AppleWebKit/537.36 (KHTML, like Gecko) Chrome/143.0.0.0 Safari/537.36', '2026-01-05 09:54:11', NULL, NULL, 'active', '2026-01-05 09:54:11', '2026-01-05 09:54:11'),
(577, 1, '5eMGuLqHIL6h9kITjmYX2CiY2ptmFnHwBXSn3QI9', '127.0.0.1', 'Mozilla/5.0 (Windows NT 10.0; Win64; x64) AppleWebKit/537.36 (KHTML, like Gecko) Chrome/143.0.0.0 Safari/537.36', '2026-01-05 09:54:11', NULL, NULL, 'active', '2026-01-05 09:54:11', '2026-01-05 09:54:11'),
(578, 1, 'ncDxfjf0gssLPo8x7ueVuYqH4YkCDr4kV58TYcO5', '127.0.0.1', 'Mozilla/5.0 (Windows NT 10.0; Win64; x64) AppleWebKit/537.36 (KHTML, like Gecko) Chrome/143.0.0.0 Safari/537.36', '2026-01-05 09:54:17', NULL, NULL, 'active', '2026-01-05 09:54:17', '2026-01-05 09:54:17'),
(579, 1, 'ncDxfjf0gssLPo8x7ueVuYqH4YkCDr4kV58TYcO5', '127.0.0.1', 'Mozilla/5.0 (Windows NT 10.0; Win64; x64) AppleWebKit/537.36 (KHTML, like Gecko) Chrome/143.0.0.0 Safari/537.36', '2026-01-05 09:54:17', NULL, NULL, 'active', '2026-01-05 09:54:17', '2026-01-05 09:54:17'),
(580, 1, 'S0sqanppcKSNVqkglTJzxX7T6F3BsNRSYF7PVvXT', '127.0.0.1', 'Mozilla/5.0 (Windows NT 10.0; Win64; x64) AppleWebKit/537.36 (KHTML, like Gecko) Chrome/143.0.0.0 Safari/537.36', '2026-01-05 09:55:10', NULL, NULL, 'active', '2026-01-05 09:55:10', '2026-01-05 09:55:10'),
(581, 1, 'S0sqanppcKSNVqkglTJzxX7T6F3BsNRSYF7PVvXT', '127.0.0.1', 'Mozilla/5.0 (Windows NT 10.0; Win64; x64) AppleWebKit/537.36 (KHTML, like Gecko) Chrome/143.0.0.0 Safari/537.36', '2026-01-05 09:55:10', NULL, NULL, 'active', '2026-01-05 09:55:10', '2026-01-05 09:55:10'),
(582, 1, 'gRFiL4uhMgdgix1KPSULdkKmPMrPUkOCdsJJmLlc', '127.0.0.1', 'Mozilla/5.0 (Windows NT 10.0; Win64; x64) AppleWebKit/537.36 (KHTML, like Gecko) Chrome/143.0.0.0 Safari/537.36', '2026-01-05 09:58:45', NULL, NULL, 'active', '2026-01-05 09:58:45', '2026-01-05 09:58:45'),
(583, 1, 'gRFiL4uhMgdgix1KPSULdkKmPMrPUkOCdsJJmLlc', '127.0.0.1', 'Mozilla/5.0 (Windows NT 10.0; Win64; x64) AppleWebKit/537.36 (KHTML, like Gecko) Chrome/143.0.0.0 Safari/537.36', '2026-01-05 09:58:45', NULL, NULL, 'active', '2026-01-05 09:58:45', '2026-01-05 09:58:45'),
(584, 1, 'Xonr5R1gbUc7YWuwfDb7MpYZwdPYMtNowtVGEeMO', '127.0.0.1', 'Mozilla/5.0 (Windows NT 10.0; Win64; x64) AppleWebKit/537.36 (KHTML, like Gecko) Chrome/143.0.0.0 Safari/537.36', '2026-01-05 09:58:46', NULL, NULL, 'active', '2026-01-05 09:58:46', '2026-01-05 09:58:46'),
(585, 1, 'Xonr5R1gbUc7YWuwfDb7MpYZwdPYMtNowtVGEeMO', '127.0.0.1', 'Mozilla/5.0 (Windows NT 10.0; Win64; x64) AppleWebKit/537.36 (KHTML, like Gecko) Chrome/143.0.0.0 Safari/537.36', '2026-01-05 09:58:46', NULL, NULL, 'active', '2026-01-05 09:58:46', '2026-01-05 09:58:46'),
(586, 1, 'GAyIfQOnMAUDPdOeSt50AnfzY31oWVFZhgGsn66B', '127.0.0.1', 'Mozilla/5.0 (Windows NT 10.0; Win64; x64) AppleWebKit/537.36 (KHTML, like Gecko) Chrome/143.0.0.0 Safari/537.36', '2026-01-05 09:58:54', NULL, NULL, 'active', '2026-01-05 09:58:54', '2026-01-05 09:58:54'),
(587, 1, 'GAyIfQOnMAUDPdOeSt50AnfzY31oWVFZhgGsn66B', '127.0.0.1', 'Mozilla/5.0 (Windows NT 10.0; Win64; x64) AppleWebKit/537.36 (KHTML, like Gecko) Chrome/143.0.0.0 Safari/537.36', '2026-01-05 09:58:54', NULL, NULL, 'active', '2026-01-05 09:58:54', '2026-01-05 09:58:54'),
(588, 1, 'DXMLpwGxCrFbOLu0swD5cLA5OuFXtGn9RmS52tmM', '127.0.0.1', 'Mozilla/5.0 (Windows NT 10.0; Win64; x64) AppleWebKit/537.36 (KHTML, like Gecko) Chrome/143.0.0.0 Safari/537.36', '2026-01-05 09:58:56', NULL, NULL, 'active', '2026-01-05 09:58:56', '2026-01-05 09:58:56'),
(589, 1, 'DXMLpwGxCrFbOLu0swD5cLA5OuFXtGn9RmS52tmM', '127.0.0.1', 'Mozilla/5.0 (Windows NT 10.0; Win64; x64) AppleWebKit/537.36 (KHTML, like Gecko) Chrome/143.0.0.0 Safari/537.36', '2026-01-05 09:58:56', NULL, NULL, 'active', '2026-01-05 09:58:56', '2026-01-05 09:58:56'),
(590, 1, 'nA59waalB3XHeMRRT1NB2E3wLTkj45MbJAKWH2fT', '127.0.0.1', 'Mozilla/5.0 (Windows NT 10.0; Win64; x64) AppleWebKit/537.36 (KHTML, like Gecko) Chrome/143.0.0.0 Safari/537.36', '2026-01-05 09:58:59', NULL, NULL, 'active', '2026-01-05 09:58:59', '2026-01-05 09:58:59'),
(591, 1, 'nA59waalB3XHeMRRT1NB2E3wLTkj45MbJAKWH2fT', '127.0.0.1', 'Mozilla/5.0 (Windows NT 10.0; Win64; x64) AppleWebKit/537.36 (KHTML, like Gecko) Chrome/143.0.0.0 Safari/537.36', '2026-01-05 09:58:59', NULL, NULL, 'active', '2026-01-05 09:58:59', '2026-01-05 09:58:59'),
(592, 1, '5MXFCNUojUAQaMSqIEV3ZEeRVr605h4bBPVg1bgk', '127.0.0.1', 'Mozilla/5.0 (Windows NT 10.0; Win64; x64) AppleWebKit/537.36 (KHTML, like Gecko) Chrome/143.0.0.0 Safari/537.36', '2026-01-05 09:59:01', NULL, NULL, 'active', '2026-01-05 09:59:01', '2026-01-05 09:59:01'),
(593, 1, '5MXFCNUojUAQaMSqIEV3ZEeRVr605h4bBPVg1bgk', '127.0.0.1', 'Mozilla/5.0 (Windows NT 10.0; Win64; x64) AppleWebKit/537.36 (KHTML, like Gecko) Chrome/143.0.0.0 Safari/537.36', '2026-01-05 09:59:01', NULL, NULL, 'active', '2026-01-05 09:59:01', '2026-01-05 09:59:01'),
(594, 1, 'EMBYVypurAmJe62DK2bz9hPPXF8bKPUykHkAsedL', '127.0.0.1', 'Mozilla/5.0 (Windows NT 10.0; Win64; x64) AppleWebKit/537.36 (KHTML, like Gecko) Chrome/143.0.0.0 Safari/537.36', '2026-01-05 09:59:03', NULL, NULL, 'active', '2026-01-05 09:59:03', '2026-01-05 09:59:03'),
(595, 1, 'EMBYVypurAmJe62DK2bz9hPPXF8bKPUykHkAsedL', '127.0.0.1', 'Mozilla/5.0 (Windows NT 10.0; Win64; x64) AppleWebKit/537.36 (KHTML, like Gecko) Chrome/143.0.0.0 Safari/537.36', '2026-01-05 09:59:03', NULL, NULL, 'active', '2026-01-05 09:59:03', '2026-01-05 09:59:03'),
(596, 1, 'mBkZKdFofsaO8JRDcqgcpruBu33iQIAtxQn0YLVV', '127.0.0.1', 'Mozilla/5.0 (Windows NT 10.0; Win64; x64) AppleWebKit/537.36 (KHTML, like Gecko) Chrome/143.0.0.0 Safari/537.36', '2026-01-05 09:59:07', NULL, NULL, 'active', '2026-01-05 09:59:07', '2026-01-05 09:59:07'),
(597, 1, 'mBkZKdFofsaO8JRDcqgcpruBu33iQIAtxQn0YLVV', '127.0.0.1', 'Mozilla/5.0 (Windows NT 10.0; Win64; x64) AppleWebKit/537.36 (KHTML, like Gecko) Chrome/143.0.0.0 Safari/537.36', '2026-01-05 09:59:07', NULL, NULL, 'active', '2026-01-05 09:59:07', '2026-01-05 09:59:07'),
(598, 1, 'bSStWqEgWwX1Ciw8sQNlEO9FZdLTcvBIXyQz09o3', '127.0.0.1', 'Mozilla/5.0 (Windows NT 10.0; Win64; x64) AppleWebKit/537.36 (KHTML, like Gecko) Chrome/143.0.0.0 Safari/537.36', '2026-01-05 09:59:22', NULL, NULL, 'active', '2026-01-05 09:59:22', '2026-01-05 09:59:22'),
(599, 1, 'bSStWqEgWwX1Ciw8sQNlEO9FZdLTcvBIXyQz09o3', '127.0.0.1', 'Mozilla/5.0 (Windows NT 10.0; Win64; x64) AppleWebKit/537.36 (KHTML, like Gecko) Chrome/143.0.0.0 Safari/537.36', '2026-01-05 09:59:22', NULL, NULL, 'active', '2026-01-05 09:59:22', '2026-01-05 09:59:22'),
(600, 1, '57nS3pSonNF58NplnObty83SpZ8jU4ZEdkNJeaxn', '127.0.0.1', 'Mozilla/5.0 (Windows NT 10.0; Win64; x64) AppleWebKit/537.36 (KHTML, like Gecko) Chrome/143.0.0.0 Safari/537.36', '2026-01-05 10:01:56', NULL, NULL, 'active', '2026-01-05 10:01:56', '2026-01-05 10:01:56'),
(601, 1, '57nS3pSonNF58NplnObty83SpZ8jU4ZEdkNJeaxn', '127.0.0.1', 'Mozilla/5.0 (Windows NT 10.0; Win64; x64) AppleWebKit/537.36 (KHTML, like Gecko) Chrome/143.0.0.0 Safari/537.36', '2026-01-05 10:01:56', NULL, NULL, 'active', '2026-01-05 10:01:56', '2026-01-05 10:01:56'),
(602, 1, 'WWOtxQzfEEBXRxDz7fcHRu4zpSsSGGXRFartuhVP', '127.0.0.1', 'Mozilla/5.0 (Windows NT 10.0; Win64; x64) AppleWebKit/537.36 (KHTML, like Gecko) Chrome/143.0.0.0 Safari/537.36', '2026-01-05 10:06:05', NULL, NULL, 'active', '2026-01-05 10:06:05', '2026-01-05 10:06:05'),
(603, 1, 'WWOtxQzfEEBXRxDz7fcHRu4zpSsSGGXRFartuhVP', '127.0.0.1', 'Mozilla/5.0 (Windows NT 10.0; Win64; x64) AppleWebKit/537.36 (KHTML, like Gecko) Chrome/143.0.0.0 Safari/537.36', '2026-01-05 10:06:05', NULL, NULL, 'active', '2026-01-05 10:06:05', '2026-01-05 10:06:05'),
(604, 1, '43Pptlv8vYwdKncBic6BH02HDd8iEBpIlRqus9sx', '127.0.0.1', 'Mozilla/5.0 (Windows NT 10.0; Win64; x64) AppleWebKit/537.36 (KHTML, like Gecko) Chrome/143.0.0.0 Safari/537.36', '2026-01-05 10:06:46', NULL, NULL, 'active', '2026-01-05 10:06:46', '2026-01-05 10:06:46'),
(605, 1, '43Pptlv8vYwdKncBic6BH02HDd8iEBpIlRqus9sx', '127.0.0.1', 'Mozilla/5.0 (Windows NT 10.0; Win64; x64) AppleWebKit/537.36 (KHTML, like Gecko) Chrome/143.0.0.0 Safari/537.36', '2026-01-05 10:06:46', NULL, NULL, 'active', '2026-01-05 10:06:46', '2026-01-05 10:06:46'),
(606, 1, 'dIDVp8BQzT0EtVrJoBLBNsnsjVRurEea3BRrS1RF', '127.0.0.1', 'Mozilla/5.0 (Windows NT 10.0; Win64; x64) AppleWebKit/537.36 (KHTML, like Gecko) Chrome/143.0.0.0 Safari/537.36', '2026-01-05 10:06:50', NULL, NULL, 'active', '2026-01-05 10:06:50', '2026-01-05 10:06:50'),
(607, 1, 'dIDVp8BQzT0EtVrJoBLBNsnsjVRurEea3BRrS1RF', '127.0.0.1', 'Mozilla/5.0 (Windows NT 10.0; Win64; x64) AppleWebKit/537.36 (KHTML, like Gecko) Chrome/143.0.0.0 Safari/537.36', '2026-01-05 10:06:50', NULL, NULL, 'active', '2026-01-05 10:06:50', '2026-01-05 10:06:50'),
(608, 1, 'iN5PGKLEIjtLA6BQlA65Et5JtyeBpgShZEXRg0eP', '127.0.0.1', 'Mozilla/5.0 (Windows NT 10.0; Win64; x64) AppleWebKit/537.36 (KHTML, like Gecko) Chrome/143.0.0.0 Safari/537.36', '2026-01-05 10:06:52', NULL, NULL, 'active', '2026-01-05 10:06:52', '2026-01-05 10:06:52'),
(609, 1, 'iN5PGKLEIjtLA6BQlA65Et5JtyeBpgShZEXRg0eP', '127.0.0.1', 'Mozilla/5.0 (Windows NT 10.0; Win64; x64) AppleWebKit/537.36 (KHTML, like Gecko) Chrome/143.0.0.0 Safari/537.36', '2026-01-05 10:06:52', NULL, NULL, 'active', '2026-01-05 10:06:52', '2026-01-05 10:06:52'),
(610, 1, 'hV0T04DrwPNhMWTomlMD0jGPx1NTzRFSgwgutxoR', '127.0.0.1', 'Mozilla/5.0 (Windows NT 10.0; Win64; x64) AppleWebKit/537.36 (KHTML, like Gecko) Chrome/143.0.0.0 Safari/537.36', '2026-01-05 10:06:57', NULL, NULL, 'active', '2026-01-05 10:06:57', '2026-01-05 10:06:57'),
(611, 1, 'hV0T04DrwPNhMWTomlMD0jGPx1NTzRFSgwgutxoR', '127.0.0.1', 'Mozilla/5.0 (Windows NT 10.0; Win64; x64) AppleWebKit/537.36 (KHTML, like Gecko) Chrome/143.0.0.0 Safari/537.36', '2026-01-05 10:06:57', NULL, NULL, 'active', '2026-01-05 10:06:57', '2026-01-05 10:06:57'),
(612, 1, 'qGpHGOulYJdssrDg1XaPEMrwH6KVl7Bw6rZ5AmxU', '127.0.0.1', 'Mozilla/5.0 (Windows NT 10.0; Win64; x64) AppleWebKit/537.36 (KHTML, like Gecko) Chrome/143.0.0.0 Safari/537.36', '2026-01-05 10:06:58', NULL, NULL, 'active', '2026-01-05 10:06:58', '2026-01-05 10:06:58'),
(613, 1, 'qGpHGOulYJdssrDg1XaPEMrwH6KVl7Bw6rZ5AmxU', '127.0.0.1', 'Mozilla/5.0 (Windows NT 10.0; Win64; x64) AppleWebKit/537.36 (KHTML, like Gecko) Chrome/143.0.0.0 Safari/537.36', '2026-01-05 10:06:58', NULL, NULL, 'active', '2026-01-05 10:06:58', '2026-01-05 10:06:58'),
(614, 1, 'zdVshuwtOcilAZLifxsuULoOFnwdflWoMikk5qGP', '127.0.0.1', 'Mozilla/5.0 (Windows NT 10.0; Win64; x64) AppleWebKit/537.36 (KHTML, like Gecko) Chrome/143.0.0.0 Safari/537.36', '2026-01-05 10:07:02', NULL, NULL, 'active', '2026-01-05 10:07:02', '2026-01-05 10:07:02'),
(615, 1, 'zdVshuwtOcilAZLifxsuULoOFnwdflWoMikk5qGP', '127.0.0.1', 'Mozilla/5.0 (Windows NT 10.0; Win64; x64) AppleWebKit/537.36 (KHTML, like Gecko) Chrome/143.0.0.0 Safari/537.36', '2026-01-05 10:07:02', NULL, NULL, 'active', '2026-01-05 10:07:02', '2026-01-05 10:07:02'),
(616, 1, '1PslDnN3hzHkfK3skoHGN7gD08eZs5LKCeYBQEv0', '127.0.0.1', 'Mozilla/5.0 (Windows NT 10.0; Win64; x64) AppleWebKit/537.36 (KHTML, like Gecko) Chrome/143.0.0.0 Safari/537.36', '2026-01-05 10:07:10', NULL, NULL, 'active', '2026-01-05 10:07:10', '2026-01-05 10:07:10'),
(617, 1, '1PslDnN3hzHkfK3skoHGN7gD08eZs5LKCeYBQEv0', '127.0.0.1', 'Mozilla/5.0 (Windows NT 10.0; Win64; x64) AppleWebKit/537.36 (KHTML, like Gecko) Chrome/143.0.0.0 Safari/537.36', '2026-01-05 10:07:10', NULL, NULL, 'active', '2026-01-05 10:07:10', '2026-01-05 10:07:10'),
(618, 1, 'gkX7xJq8GoueUpa8t2rpAID4NooCPOJcf9XdWU1v', '127.0.0.1', 'Mozilla/5.0 (Windows NT 10.0; Win64; x64) AppleWebKit/537.36 (KHTML, like Gecko) Chrome/143.0.0.0 Safari/537.36', '2026-01-05 10:07:10', NULL, NULL, 'active', '2026-01-05 10:07:10', '2026-01-05 10:07:10'),
(619, 1, 'gkX7xJq8GoueUpa8t2rpAID4NooCPOJcf9XdWU1v', '127.0.0.1', 'Mozilla/5.0 (Windows NT 10.0; Win64; x64) AppleWebKit/537.36 (KHTML, like Gecko) Chrome/143.0.0.0 Safari/537.36', '2026-01-05 10:07:10', NULL, NULL, 'active', '2026-01-05 10:07:10', '2026-01-05 10:07:10'),
(620, 1, 'ayYb5wGQN8MxDf54y2yWIhioeKOZo9jeX1dveMOu', '127.0.0.1', 'Mozilla/5.0 (Windows NT 10.0; Win64; x64) AppleWebKit/537.36 (KHTML, like Gecko) Chrome/143.0.0.0 Safari/537.36', '2026-01-05 10:07:32', NULL, NULL, 'active', '2026-01-05 10:07:32', '2026-01-05 10:07:32'),
(621, 1, 'ayYb5wGQN8MxDf54y2yWIhioeKOZo9jeX1dveMOu', '127.0.0.1', 'Mozilla/5.0 (Windows NT 10.0; Win64; x64) AppleWebKit/537.36 (KHTML, like Gecko) Chrome/143.0.0.0 Safari/537.36', '2026-01-05 10:07:32', NULL, NULL, 'active', '2026-01-05 10:07:32', '2026-01-05 10:07:32'),
(622, 1, 'bPK16DlmijcB0BHoHXQdVfWTPrhnqnUrRsuGFRzz', '127.0.0.1', 'Mozilla/5.0 (Windows NT 10.0; Win64; x64) AppleWebKit/537.36 (KHTML, like Gecko) Chrome/143.0.0.0 Safari/537.36', '2026-01-05 10:07:33', NULL, NULL, 'active', '2026-01-05 10:07:33', '2026-01-05 10:07:33'),
(623, 1, 'bPK16DlmijcB0BHoHXQdVfWTPrhnqnUrRsuGFRzz', '127.0.0.1', 'Mozilla/5.0 (Windows NT 10.0; Win64; x64) AppleWebKit/537.36 (KHTML, like Gecko) Chrome/143.0.0.0 Safari/537.36', '2026-01-05 10:07:33', NULL, NULL, 'active', '2026-01-05 10:07:33', '2026-01-05 10:07:33'),
(624, 1, 'ShXLgTXcWgQbNb63FEyiH88IyXGbyf8OYDywjhGy', '127.0.0.1', 'Mozilla/5.0 (Windows NT 10.0; Win64; x64) AppleWebKit/537.36 (KHTML, like Gecko) Chrome/143.0.0.0 Safari/537.36', '2026-01-05 10:07:36', NULL, NULL, 'active', '2026-01-05 10:07:36', '2026-01-05 10:07:36'),
(625, 1, 'ShXLgTXcWgQbNb63FEyiH88IyXGbyf8OYDywjhGy', '127.0.0.1', 'Mozilla/5.0 (Windows NT 10.0; Win64; x64) AppleWebKit/537.36 (KHTML, like Gecko) Chrome/143.0.0.0 Safari/537.36', '2026-01-05 10:07:36', NULL, NULL, 'active', '2026-01-05 10:07:36', '2026-01-05 10:07:36'),
(626, 1, 'LNslhIhRYWv7kx5iRXvidCmkNVijyEuuSbHSmlen', '127.0.0.1', 'Mozilla/5.0 (Windows NT 10.0; Win64; x64) AppleWebKit/537.36 (KHTML, like Gecko) Chrome/143.0.0.0 Safari/537.36', '2026-01-05 10:07:36', NULL, NULL, 'active', '2026-01-05 10:07:36', '2026-01-05 10:07:36'),
(627, 1, 'LNslhIhRYWv7kx5iRXvidCmkNVijyEuuSbHSmlen', '127.0.0.1', 'Mozilla/5.0 (Windows NT 10.0; Win64; x64) AppleWebKit/537.36 (KHTML, like Gecko) Chrome/143.0.0.0 Safari/537.36', '2026-01-05 10:07:36', NULL, NULL, 'active', '2026-01-05 10:07:36', '2026-01-05 10:07:36'),
(628, 1, 'dJKTyv9A3UeHNkMxECt0MgXG6s9zmiHLAuiHuLNd', '127.0.0.1', 'Mozilla/5.0 (Windows NT 10.0; Win64; x64) AppleWebKit/537.36 (KHTML, like Gecko) Chrome/143.0.0.0 Safari/537.36', '2026-01-05 10:07:45', NULL, NULL, 'active', '2026-01-05 10:07:45', '2026-01-05 10:07:45'),
(629, 1, 'dJKTyv9A3UeHNkMxECt0MgXG6s9zmiHLAuiHuLNd', '127.0.0.1', 'Mozilla/5.0 (Windows NT 10.0; Win64; x64) AppleWebKit/537.36 (KHTML, like Gecko) Chrome/143.0.0.0 Safari/537.36', '2026-01-05 10:07:45', NULL, NULL, 'active', '2026-01-05 10:07:45', '2026-01-05 10:07:45'),
(630, 1, 'ltcZBTsxqrvrg6pyl4KRwqVoVH1KfsASMHX4eHwi', '127.0.0.1', 'Mozilla/5.0 (Windows NT 10.0; Win64; x64) AppleWebKit/537.36 (KHTML, like Gecko) Chrome/143.0.0.0 Safari/537.36', '2026-01-05 10:07:47', NULL, NULL, 'active', '2026-01-05 10:07:47', '2026-01-05 10:07:47'),
(631, 1, 'ltcZBTsxqrvrg6pyl4KRwqVoVH1KfsASMHX4eHwi', '127.0.0.1', 'Mozilla/5.0 (Windows NT 10.0; Win64; x64) AppleWebKit/537.36 (KHTML, like Gecko) Chrome/143.0.0.0 Safari/537.36', '2026-01-05 10:07:47', NULL, NULL, 'active', '2026-01-05 10:07:47', '2026-01-05 10:07:47'),
(632, 1, 'BKiHTYbNIlyZUfKNi4LkhbYSW6zlABYvJr4LUCtv', '127.0.0.1', 'Mozilla/5.0 (Windows NT 10.0; Win64; x64) AppleWebKit/537.36 (KHTML, like Gecko) Chrome/143.0.0.0 Safari/537.36', '2026-01-05 10:07:48', NULL, NULL, 'active', '2026-01-05 10:07:48', '2026-01-05 10:07:48'),
(633, 1, 'BKiHTYbNIlyZUfKNi4LkhbYSW6zlABYvJr4LUCtv', '127.0.0.1', 'Mozilla/5.0 (Windows NT 10.0; Win64; x64) AppleWebKit/537.36 (KHTML, like Gecko) Chrome/143.0.0.0 Safari/537.36', '2026-01-05 10:07:48', NULL, NULL, 'active', '2026-01-05 10:07:48', '2026-01-05 10:07:48'),
(634, 1, '1RCqDLGnVtyAZ0p4NPhjSIKe6nuRcJfZCidFAhyq', '127.0.0.1', 'Mozilla/5.0 (Windows NT 10.0; Win64; x64) AppleWebKit/537.36 (KHTML, like Gecko) Chrome/143.0.0.0 Safari/537.36', '2026-01-05 10:07:52', NULL, NULL, 'active', '2026-01-05 10:07:52', '2026-01-05 10:07:52'),
(635, 1, '1RCqDLGnVtyAZ0p4NPhjSIKe6nuRcJfZCidFAhyq', '127.0.0.1', 'Mozilla/5.0 (Windows NT 10.0; Win64; x64) AppleWebKit/537.36 (KHTML, like Gecko) Chrome/143.0.0.0 Safari/537.36', '2026-01-05 10:07:52', NULL, NULL, 'active', '2026-01-05 10:07:52', '2026-01-05 10:07:52'),
(636, 1, 'yUK0hixsrDx1c3gJ16eIDCCZEQQWH09zj6EPUMfS', '127.0.0.1', 'Mozilla/5.0 (Windows NT 10.0; Win64; x64) AppleWebKit/537.36 (KHTML, like Gecko) Chrome/143.0.0.0 Safari/537.36', '2026-01-05 10:08:29', NULL, NULL, 'active', '2026-01-05 10:08:29', '2026-01-05 10:08:29'),
(637, 1, 'yUK0hixsrDx1c3gJ16eIDCCZEQQWH09zj6EPUMfS', '127.0.0.1', 'Mozilla/5.0 (Windows NT 10.0; Win64; x64) AppleWebKit/537.36 (KHTML, like Gecko) Chrome/143.0.0.0 Safari/537.36', '2026-01-05 10:08:29', NULL, NULL, 'active', '2026-01-05 10:08:29', '2026-01-05 10:08:29'),
(638, 1, 'pJZDRpUVvsdS9CFKTyAC2Tmxs5QMXTkyFNzd5iEL', '127.0.0.1', 'Mozilla/5.0 (Windows NT 10.0; Win64; x64) AppleWebKit/537.36 (KHTML, like Gecko) Chrome/143.0.0.0 Safari/537.36', '2026-01-05 10:08:29', NULL, NULL, 'active', '2026-01-05 10:08:29', '2026-01-05 10:08:29'),
(639, 1, 'pJZDRpUVvsdS9CFKTyAC2Tmxs5QMXTkyFNzd5iEL', '127.0.0.1', 'Mozilla/5.0 (Windows NT 10.0; Win64; x64) AppleWebKit/537.36 (KHTML, like Gecko) Chrome/143.0.0.0 Safari/537.36', '2026-01-05 10:08:29', NULL, NULL, 'active', '2026-01-05 10:08:29', '2026-01-05 10:08:29'),
(640, 1, 'FkEcaNvr3IiaPnqneysHucgsFcxJkNTtz7b6Vfhk', '127.0.0.1', 'Mozilla/5.0 (Windows NT 10.0; Win64; x64) AppleWebKit/537.36 (KHTML, like Gecko) Chrome/143.0.0.0 Safari/537.36', '2026-01-05 10:08:32', NULL, NULL, 'active', '2026-01-05 10:08:32', '2026-01-05 10:08:32'),
(641, 1, 'FkEcaNvr3IiaPnqneysHucgsFcxJkNTtz7b6Vfhk', '127.0.0.1', 'Mozilla/5.0 (Windows NT 10.0; Win64; x64) AppleWebKit/537.36 (KHTML, like Gecko) Chrome/143.0.0.0 Safari/537.36', '2026-01-05 10:08:32', NULL, NULL, 'active', '2026-01-05 10:08:32', '2026-01-05 10:08:32'),
(642, 1, 'mt9J5vGgPTXiLQL21O2BFc5sYOYfO5sPhHAFD3s2', '127.0.0.1', 'Mozilla/5.0 (Windows NT 10.0; Win64; x64) AppleWebKit/537.36 (KHTML, like Gecko) Chrome/143.0.0.0 Safari/537.36', '2026-01-05 10:08:43', NULL, NULL, 'active', '2026-01-05 10:08:43', '2026-01-05 10:08:43'),
(643, 1, 'mt9J5vGgPTXiLQL21O2BFc5sYOYfO5sPhHAFD3s2', '127.0.0.1', 'Mozilla/5.0 (Windows NT 10.0; Win64; x64) AppleWebKit/537.36 (KHTML, like Gecko) Chrome/143.0.0.0 Safari/537.36', '2026-01-05 10:08:43', NULL, NULL, 'active', '2026-01-05 10:08:43', '2026-01-05 10:08:43'),
(644, 1, 'h59ucTXiuknqBrTnnEJkEUXpvsQ1ONHomLKeNpTa', '127.0.0.1', 'Mozilla/5.0 (Windows NT 10.0; Win64; x64) AppleWebKit/537.36 (KHTML, like Gecko) Chrome/143.0.0.0 Safari/537.36', '2026-01-05 10:08:52', NULL, NULL, 'active', '2026-01-05 10:08:52', '2026-01-05 10:08:52'),
(645, 1, 'h59ucTXiuknqBrTnnEJkEUXpvsQ1ONHomLKeNpTa', '127.0.0.1', 'Mozilla/5.0 (Windows NT 10.0; Win64; x64) AppleWebKit/537.36 (KHTML, like Gecko) Chrome/143.0.0.0 Safari/537.36', '2026-01-05 10:08:52', NULL, NULL, 'active', '2026-01-05 10:08:52', '2026-01-05 10:08:52'),
(646, 1, 'KgYDvYfKsPahhFSQ4ZhwmbBdg5UtBFwrwfwgBLHa', '127.0.0.1', 'Mozilla/5.0 (Windows NT 10.0; Win64; x64) AppleWebKit/537.36 (KHTML, like Gecko) Chrome/143.0.0.0 Safari/537.36', '2026-01-05 10:09:07', NULL, NULL, 'active', '2026-01-05 10:09:07', '2026-01-05 10:09:07'),
(647, 1, 'KgYDvYfKsPahhFSQ4ZhwmbBdg5UtBFwrwfwgBLHa', '127.0.0.1', 'Mozilla/5.0 (Windows NT 10.0; Win64; x64) AppleWebKit/537.36 (KHTML, like Gecko) Chrome/143.0.0.0 Safari/537.36', '2026-01-05 10:09:07', NULL, NULL, 'active', '2026-01-05 10:09:07', '2026-01-05 10:09:07'),
(648, 1, 'J4l4tQkIbvRLvviQfqnfYRh0S3TbJfJPSAWkbGGR', '127.0.0.1', 'Mozilla/5.0 (Windows NT 10.0; Win64; x64) AppleWebKit/537.36 (KHTML, like Gecko) Chrome/143.0.0.0 Safari/537.36', '2026-01-05 10:36:32', NULL, NULL, 'active', '2026-01-05 10:36:32', '2026-01-05 10:36:32'),
(649, 1, 'J4l4tQkIbvRLvviQfqnfYRh0S3TbJfJPSAWkbGGR', '127.0.0.1', 'Mozilla/5.0 (Windows NT 10.0; Win64; x64) AppleWebKit/537.36 (KHTML, like Gecko) Chrome/143.0.0.0 Safari/537.36', '2026-01-05 10:36:32', NULL, NULL, 'active', '2026-01-05 10:36:32', '2026-01-05 10:36:32'),
(650, 1, 'mZhvn5ZdUVxpPouPln5M3YP7P0savcLruH9Jc5qO', '127.0.0.1', 'Mozilla/5.0 (Windows NT 10.0; Win64; x64) AppleWebKit/537.36 (KHTML, like Gecko) Chrome/143.0.0.0 Safari/537.36', '2026-01-05 10:36:37', NULL, NULL, 'active', '2026-01-05 10:36:37', '2026-01-05 10:36:37'),
(651, 1, 'mZhvn5ZdUVxpPouPln5M3YP7P0savcLruH9Jc5qO', '127.0.0.1', 'Mozilla/5.0 (Windows NT 10.0; Win64; x64) AppleWebKit/537.36 (KHTML, like Gecko) Chrome/143.0.0.0 Safari/537.36', '2026-01-05 10:36:37', NULL, NULL, 'active', '2026-01-05 10:36:37', '2026-01-05 10:36:37'),
(652, 1, 'd52M2seKvehJXnR4mLSwDTUXaCaQPwclr3f5wlvt', '127.0.0.1', 'Mozilla/5.0 (Windows NT 10.0; Win64; x64) AppleWebKit/537.36 (KHTML, like Gecko) Chrome/143.0.0.0 Safari/537.36', '2026-01-05 10:36:40', NULL, NULL, 'active', '2026-01-05 10:36:40', '2026-01-05 10:36:40'),
(653, 1, 'd52M2seKvehJXnR4mLSwDTUXaCaQPwclr3f5wlvt', '127.0.0.1', 'Mozilla/5.0 (Windows NT 10.0; Win64; x64) AppleWebKit/537.36 (KHTML, like Gecko) Chrome/143.0.0.0 Safari/537.36', '2026-01-05 10:36:40', NULL, NULL, 'active', '2026-01-05 10:36:40', '2026-01-05 10:36:40'),
(654, 1, '2J9lYXRgmh7YO9EnHHTRNkkyosQE7yKRykRV1XPX', '127.0.0.1', 'Mozilla/5.0 (Windows NT 10.0; Win64; x64) AppleWebKit/537.36 (KHTML, like Gecko) Chrome/143.0.0.0 Safari/537.36', '2026-01-05 10:36:46', NULL, NULL, 'active', '2026-01-05 10:36:46', '2026-01-05 10:36:46'),
(655, 1, '2J9lYXRgmh7YO9EnHHTRNkkyosQE7yKRykRV1XPX', '127.0.0.1', 'Mozilla/5.0 (Windows NT 10.0; Win64; x64) AppleWebKit/537.36 (KHTML, like Gecko) Chrome/143.0.0.0 Safari/537.36', '2026-01-05 10:36:46', NULL, NULL, 'active', '2026-01-05 10:36:46', '2026-01-05 10:36:46'),
(656, 1, '2CdntRN59hcOuwiNZa0piKuHAhUgd3fE9w66bGAk', '127.0.0.1', 'Mozilla/5.0 (Windows NT 10.0; Win64; x64) AppleWebKit/537.36 (KHTML, like Gecko) Chrome/143.0.0.0 Safari/537.36', '2026-01-05 10:47:35', NULL, NULL, 'active', '2026-01-05 10:47:35', '2026-01-05 10:47:35'),
(657, 1, '2CdntRN59hcOuwiNZa0piKuHAhUgd3fE9w66bGAk', '127.0.0.1', 'Mozilla/5.0 (Windows NT 10.0; Win64; x64) AppleWebKit/537.36 (KHTML, like Gecko) Chrome/143.0.0.0 Safari/537.36', '2026-01-05 10:47:35', NULL, NULL, 'active', '2026-01-05 10:47:35', '2026-01-05 10:47:35'),
(658, 1, 'zPjQ7WKsRW0WEnxpNaRIFHlBo0fmRW8OFjRcpStZ', '127.0.0.1', 'Mozilla/5.0 (Windows NT 10.0; Win64; x64) AppleWebKit/537.36 (KHTML, like Gecko) Chrome/143.0.0.0 Safari/537.36', '2026-01-05 11:14:12', NULL, NULL, 'active', '2026-01-05 11:14:12', '2026-01-05 11:14:12'),
(659, 1, 'zPjQ7WKsRW0WEnxpNaRIFHlBo0fmRW8OFjRcpStZ', '127.0.0.1', 'Mozilla/5.0 (Windows NT 10.0; Win64; x64) AppleWebKit/537.36 (KHTML, like Gecko) Chrome/143.0.0.0 Safari/537.36', '2026-01-05 11:14:12', NULL, NULL, 'active', '2026-01-05 11:14:12', '2026-01-05 11:14:12'),
(660, 1, 'bWi6MUaLDBaDFOxcqBdxNt4zTRBgCLwEgTirl6bL', '127.0.0.1', 'Mozilla/5.0 (Windows NT 10.0; Win64; x64) AppleWebKit/537.36 (KHTML, like Gecko) Chrome/143.0.0.0 Safari/537.36', '2026-01-05 11:14:15', NULL, NULL, 'active', '2026-01-05 11:14:15', '2026-01-05 11:14:15'),
(661, 1, 'bWi6MUaLDBaDFOxcqBdxNt4zTRBgCLwEgTirl6bL', '127.0.0.1', 'Mozilla/5.0 (Windows NT 10.0; Win64; x64) AppleWebKit/537.36 (KHTML, like Gecko) Chrome/143.0.0.0 Safari/537.36', '2026-01-05 11:14:15', NULL, NULL, 'active', '2026-01-05 11:14:15', '2026-01-05 11:14:15'),
(662, 1, 'gyA3Tai2DNXhtz9Gs8aKHDSeH0COdrYFTo1KA6js', '127.0.0.1', 'Mozilla/5.0 (Windows NT 10.0; Win64; x64) AppleWebKit/537.36 (KHTML, like Gecko) Chrome/143.0.0.0 Safari/537.36', '2026-01-05 11:14:17', NULL, NULL, 'active', '2026-01-05 11:14:17', '2026-01-05 11:14:17'),
(663, 1, 'gyA3Tai2DNXhtz9Gs8aKHDSeH0COdrYFTo1KA6js', '127.0.0.1', 'Mozilla/5.0 (Windows NT 10.0; Win64; x64) AppleWebKit/537.36 (KHTML, like Gecko) Chrome/143.0.0.0 Safari/537.36', '2026-01-05 11:14:17', NULL, NULL, 'active', '2026-01-05 11:14:17', '2026-01-05 11:14:17'),
(664, 1, '8XJKrhak9tDz3QRl5abRgrd71vRPfgpifQENev8e', '127.0.0.1', 'Mozilla/5.0 (Windows NT 10.0; Win64; x64) AppleWebKit/537.36 (KHTML, like Gecko) Chrome/143.0.0.0 Safari/537.36', '2026-01-05 11:15:19', NULL, NULL, 'active', '2026-01-05 11:15:19', '2026-01-05 11:15:19'),
(665, 1, '8XJKrhak9tDz3QRl5abRgrd71vRPfgpifQENev8e', '127.0.0.1', 'Mozilla/5.0 (Windows NT 10.0; Win64; x64) AppleWebKit/537.36 (KHTML, like Gecko) Chrome/143.0.0.0 Safari/537.36', '2026-01-05 11:15:19', NULL, NULL, 'active', '2026-01-05 11:15:19', '2026-01-05 11:15:19'),
(666, 1, '2sfVvpHluYBGdIBA0PA2xwjfs5BJv2pzcQir5Xdm', '127.0.0.1', 'Mozilla/5.0 (Windows NT 10.0; Win64; x64) AppleWebKit/537.36 (KHTML, like Gecko) Chrome/143.0.0.0 Safari/537.36', '2026-01-05 11:15:22', NULL, NULL, 'active', '2026-01-05 11:15:22', '2026-01-05 11:15:22'),
(667, 1, '2sfVvpHluYBGdIBA0PA2xwjfs5BJv2pzcQir5Xdm', '127.0.0.1', 'Mozilla/5.0 (Windows NT 10.0; Win64; x64) AppleWebKit/537.36 (KHTML, like Gecko) Chrome/143.0.0.0 Safari/537.36', '2026-01-05 11:15:22', NULL, NULL, 'active', '2026-01-05 11:15:22', '2026-01-05 11:15:22'),
(668, 1, '00y0FYtjG3qZrhUQ07tkA74ohfn4seN24p3WSzJ7', '127.0.0.1', 'Mozilla/5.0 (Windows NT 10.0; Win64; x64) AppleWebKit/537.36 (KHTML, like Gecko) Chrome/143.0.0.0 Safari/537.36', '2026-01-05 11:15:24', NULL, NULL, 'active', '2026-01-05 11:15:24', '2026-01-05 11:15:24'),
(669, 1, '00y0FYtjG3qZrhUQ07tkA74ohfn4seN24p3WSzJ7', '127.0.0.1', 'Mozilla/5.0 (Windows NT 10.0; Win64; x64) AppleWebKit/537.36 (KHTML, like Gecko) Chrome/143.0.0.0 Safari/537.36', '2026-01-05 11:15:24', NULL, NULL, 'active', '2026-01-05 11:15:24', '2026-01-05 11:15:24'),
(670, 1, '8HPojfV0GhLARryuzMiLTkOZzzuCxhecPEaoYMoY', '127.0.0.1', 'Mozilla/5.0 (Windows NT 10.0; Win64; x64) AppleWebKit/537.36 (KHTML, like Gecko) Chrome/143.0.0.0 Safari/537.36', '2026-01-05 11:15:27', NULL, NULL, 'active', '2026-01-05 11:15:27', '2026-01-05 11:15:27'),
(671, 1, '8HPojfV0GhLARryuzMiLTkOZzzuCxhecPEaoYMoY', '127.0.0.1', 'Mozilla/5.0 (Windows NT 10.0; Win64; x64) AppleWebKit/537.36 (KHTML, like Gecko) Chrome/143.0.0.0 Safari/537.36', '2026-01-05 11:15:27', NULL, NULL, 'active', '2026-01-05 11:15:27', '2026-01-05 11:15:27'),
(672, 1, 'SRHkXTBl9qkKLCvfXAlgaAv5YxLDT5LzyUm3hKgx', '127.0.0.1', 'Mozilla/5.0 (Windows NT 10.0; Win64; x64) AppleWebKit/537.36 (KHTML, like Gecko) Chrome/143.0.0.0 Safari/537.36', '2026-01-05 11:15:29', NULL, NULL, 'active', '2026-01-05 11:15:29', '2026-01-05 11:15:29'),
(673, 1, 'SRHkXTBl9qkKLCvfXAlgaAv5YxLDT5LzyUm3hKgx', '127.0.0.1', 'Mozilla/5.0 (Windows NT 10.0; Win64; x64) AppleWebKit/537.36 (KHTML, like Gecko) Chrome/143.0.0.0 Safari/537.36', '2026-01-05 11:15:29', NULL, NULL, 'active', '2026-01-05 11:15:29', '2026-01-05 11:15:29'),
(674, 1, '2AGMXdlVKSruAUfjaLEAOgX9ErQRYkqsCUbb8q51', '127.0.0.1', 'Mozilla/5.0 (Windows NT 10.0; Win64; x64) AppleWebKit/537.36 (KHTML, like Gecko) Chrome/143.0.0.0 Safari/537.36', '2026-01-05 11:15:40', NULL, NULL, 'active', '2026-01-05 11:15:40', '2026-01-05 11:15:40'),
(675, 1, '2AGMXdlVKSruAUfjaLEAOgX9ErQRYkqsCUbb8q51', '127.0.0.1', 'Mozilla/5.0 (Windows NT 10.0; Win64; x64) AppleWebKit/537.36 (KHTML, like Gecko) Chrome/143.0.0.0 Safari/537.36', '2026-01-05 11:15:40', NULL, NULL, 'active', '2026-01-05 11:15:40', '2026-01-05 11:15:40'),
(676, 1, 'XEOhiqXJwkgv7dNIFCU3ZsLrrTnNJyOHO3zagBH6', '127.0.0.1', 'Mozilla/5.0 (Windows NT 10.0; Win64; x64) AppleWebKit/537.36 (KHTML, like Gecko) Chrome/143.0.0.0 Safari/537.36', '2026-01-05 11:15:41', NULL, NULL, 'active', '2026-01-05 11:15:41', '2026-01-05 11:15:41'),
(677, 1, 'XEOhiqXJwkgv7dNIFCU3ZsLrrTnNJyOHO3zagBH6', '127.0.0.1', 'Mozilla/5.0 (Windows NT 10.0; Win64; x64) AppleWebKit/537.36 (KHTML, like Gecko) Chrome/143.0.0.0 Safari/537.36', '2026-01-05 11:15:41', NULL, NULL, 'active', '2026-01-05 11:15:41', '2026-01-05 11:15:41'),
(678, 1, 'Q36rtm6qiTJgrfssjQvJN1yL1gLIbR0QxgaLcgPv', '127.0.0.1', 'Mozilla/5.0 (Windows NT 10.0; Win64; x64) AppleWebKit/537.36 (KHTML, like Gecko) Chrome/143.0.0.0 Safari/537.36', '2026-01-05 11:15:46', NULL, NULL, 'active', '2026-01-05 11:15:46', '2026-01-05 11:15:46'),
(679, 1, 'Q36rtm6qiTJgrfssjQvJN1yL1gLIbR0QxgaLcgPv', '127.0.0.1', 'Mozilla/5.0 (Windows NT 10.0; Win64; x64) AppleWebKit/537.36 (KHTML, like Gecko) Chrome/143.0.0.0 Safari/537.36', '2026-01-05 11:15:46', NULL, NULL, 'active', '2026-01-05 11:15:46', '2026-01-05 11:15:46'),
(680, 1, 'QZSO58uM1BEYeLcxvhl64rzOtPkcmmDV7feaYfVX', '127.0.0.1', 'Mozilla/5.0 (Windows NT 10.0; Win64; x64) AppleWebKit/537.36 (KHTML, like Gecko) Chrome/143.0.0.0 Safari/537.36', '2026-01-05 11:16:17', NULL, NULL, 'active', '2026-01-05 11:16:17', '2026-01-05 11:16:17'),
(681, 1, 'QZSO58uM1BEYeLcxvhl64rzOtPkcmmDV7feaYfVX', '127.0.0.1', 'Mozilla/5.0 (Windows NT 10.0; Win64; x64) AppleWebKit/537.36 (KHTML, like Gecko) Chrome/143.0.0.0 Safari/537.36', '2026-01-05 11:16:17', NULL, NULL, 'active', '2026-01-05 11:16:17', '2026-01-05 11:16:17'),
(682, 1, 'fktavIcKoH6v98JMqdO6d7rJvnJjzikFMMsj4uxe', '127.0.0.1', 'Mozilla/5.0 (Windows NT 10.0; Win64; x64) AppleWebKit/537.36 (KHTML, like Gecko) Chrome/143.0.0.0 Safari/537.36', '2026-01-05 11:16:19', NULL, NULL, 'active', '2026-01-05 11:16:19', '2026-01-05 11:16:19'),
(683, 1, 'fktavIcKoH6v98JMqdO6d7rJvnJjzikFMMsj4uxe', '127.0.0.1', 'Mozilla/5.0 (Windows NT 10.0; Win64; x64) AppleWebKit/537.36 (KHTML, like Gecko) Chrome/143.0.0.0 Safari/537.36', '2026-01-05 11:16:19', NULL, NULL, 'active', '2026-01-05 11:16:19', '2026-01-05 11:16:19'),
(684, 1, '6wt5FdNkM03AEItg3hNjAGXCtKBPfHzVqhz1o8F6', '127.0.0.1', 'Mozilla/5.0 (Windows NT 10.0; Win64; x64) AppleWebKit/537.36 (KHTML, like Gecko) Chrome/143.0.0.0 Safari/537.36', '2026-01-05 11:16:20', NULL, NULL, 'active', '2026-01-05 11:16:20', '2026-01-05 11:16:20'),
(685, 1, '6wt5FdNkM03AEItg3hNjAGXCtKBPfHzVqhz1o8F6', '127.0.0.1', 'Mozilla/5.0 (Windows NT 10.0; Win64; x64) AppleWebKit/537.36 (KHTML, like Gecko) Chrome/143.0.0.0 Safari/537.36', '2026-01-05 11:16:20', NULL, NULL, 'active', '2026-01-05 11:16:20', '2026-01-05 11:16:20'),
(686, 1, 'Am0ZK7Bch1thYDWt4ceV2SLzLudwbtDLvfTJdyt6', '127.0.0.1', 'Mozilla/5.0 (Windows NT 10.0; Win64; x64) AppleWebKit/537.36 (KHTML, like Gecko) Chrome/143.0.0.0 Safari/537.36', '2026-01-05 11:16:24', NULL, NULL, 'active', '2026-01-05 11:16:24', '2026-01-05 11:16:24'),
(687, 1, 'Am0ZK7Bch1thYDWt4ceV2SLzLudwbtDLvfTJdyt6', '127.0.0.1', 'Mozilla/5.0 (Windows NT 10.0; Win64; x64) AppleWebKit/537.36 (KHTML, like Gecko) Chrome/143.0.0.0 Safari/537.36', '2026-01-05 11:16:24', NULL, NULL, 'active', '2026-01-05 11:16:24', '2026-01-05 11:16:24'),
(688, 1, 'M2dXq0U3UBXsKoc5qKzwFpNyYrVP6wg0vLjTwA5x', '127.0.0.1', 'Mozilla/5.0 (Windows NT 10.0; Win64; x64) AppleWebKit/537.36 (KHTML, like Gecko) Chrome/143.0.0.0 Safari/537.36', '2026-01-05 12:29:49', NULL, NULL, 'active', '2026-01-05 12:29:49', '2026-01-05 12:29:49'),
(689, 1, 'M2dXq0U3UBXsKoc5qKzwFpNyYrVP6wg0vLjTwA5x', '127.0.0.1', 'Mozilla/5.0 (Windows NT 10.0; Win64; x64) AppleWebKit/537.36 (KHTML, like Gecko) Chrome/143.0.0.0 Safari/537.36', '2026-01-05 12:29:49', NULL, NULL, 'active', '2026-01-05 12:29:49', '2026-01-05 12:29:49'),
(690, 1, 'iOR7HFd2hSN6EYGfLYkhmuarb1GrDJ2WN3LSJPwL', '127.0.0.1', 'Mozilla/5.0 (Windows NT 10.0; Win64; x64) AppleWebKit/537.36 (KHTML, like Gecko) Chrome/143.0.0.0 Safari/537.36', '2026-01-05 12:29:53', NULL, NULL, 'active', '2026-01-05 12:29:53', '2026-01-05 12:29:53'),
(691, 1, 'iOR7HFd2hSN6EYGfLYkhmuarb1GrDJ2WN3LSJPwL', '127.0.0.1', 'Mozilla/5.0 (Windows NT 10.0; Win64; x64) AppleWebKit/537.36 (KHTML, like Gecko) Chrome/143.0.0.0 Safari/537.36', '2026-01-05 12:29:53', NULL, NULL, 'active', '2026-01-05 12:29:53', '2026-01-05 12:29:53'),
(692, 1, 'y2O15HakpFjqxteMqIq2rX2hzXaOZJfqESIxkcdk', '127.0.0.1', 'Mozilla/5.0 (Windows NT 10.0; Win64; x64) AppleWebKit/537.36 (KHTML, like Gecko) Chrome/143.0.0.0 Safari/537.36', '2026-01-05 12:30:04', NULL, NULL, 'active', '2026-01-05 12:30:04', '2026-01-05 12:30:04'),
(693, 1, 'y2O15HakpFjqxteMqIq2rX2hzXaOZJfqESIxkcdk', '127.0.0.1', 'Mozilla/5.0 (Windows NT 10.0; Win64; x64) AppleWebKit/537.36 (KHTML, like Gecko) Chrome/143.0.0.0 Safari/537.36', '2026-01-05 12:30:04', NULL, NULL, 'active', '2026-01-05 12:30:04', '2026-01-05 12:30:04'),
(694, 1, 'rHF7pyFMHvJR1yM5QVJBJnZUi9mjMAG9rkdzmvRq', '127.0.0.1', 'Mozilla/5.0 (Windows NT 10.0; Win64; x64) AppleWebKit/537.36 (KHTML, like Gecko) Chrome/143.0.0.0 Safari/537.36', '2026-01-05 12:30:07', NULL, NULL, 'active', '2026-01-05 12:30:07', '2026-01-05 12:30:07'),
(695, 1, 'rHF7pyFMHvJR1yM5QVJBJnZUi9mjMAG9rkdzmvRq', '127.0.0.1', 'Mozilla/5.0 (Windows NT 10.0; Win64; x64) AppleWebKit/537.36 (KHTML, like Gecko) Chrome/143.0.0.0 Safari/537.36', '2026-01-05 12:30:07', NULL, NULL, 'active', '2026-01-05 12:30:07', '2026-01-05 12:30:07'),
(696, 1, 'y49gEBzwmB24meWFWvUPBdbBR7l5pVA9EK0pMqYe', '127.0.0.1', 'Mozilla/5.0 (Windows NT 10.0; Win64; x64) AppleWebKit/537.36 (KHTML, like Gecko) Chrome/143.0.0.0 Safari/537.36', '2026-01-05 12:31:48', NULL, NULL, 'active', '2026-01-05 12:31:48', '2026-01-05 12:31:48'),
(697, 1, 'y49gEBzwmB24meWFWvUPBdbBR7l5pVA9EK0pMqYe', '127.0.0.1', 'Mozilla/5.0 (Windows NT 10.0; Win64; x64) AppleWebKit/537.36 (KHTML, like Gecko) Chrome/143.0.0.0 Safari/537.36', '2026-01-05 12:31:48', NULL, NULL, 'active', '2026-01-05 12:31:48', '2026-01-05 12:31:48'),
(698, 1, 'qXtsR56DAPX4qf0Zxg8ehYOtykcmBFyrs0hSGrBM', '127.0.0.1', 'Mozilla/5.0 (Windows NT 10.0; Win64; x64) AppleWebKit/537.36 (KHTML, like Gecko) Chrome/143.0.0.0 Safari/537.36', '2026-01-05 12:34:13', NULL, NULL, 'active', '2026-01-05 12:34:13', '2026-01-05 12:34:13'),
(699, 1, 'qXtsR56DAPX4qf0Zxg8ehYOtykcmBFyrs0hSGrBM', '127.0.0.1', 'Mozilla/5.0 (Windows NT 10.0; Win64; x64) AppleWebKit/537.36 (KHTML, like Gecko) Chrome/143.0.0.0 Safari/537.36', '2026-01-05 12:34:13', NULL, NULL, 'active', '2026-01-05 12:34:13', '2026-01-05 12:34:13'),
(700, 1, 'GPQXtBurbUtLPGtKOjLeRrUBf2e7k2QhSjFEYdHt', '127.0.0.1', 'Mozilla/5.0 (Windows NT 10.0; Win64; x64) AppleWebKit/537.36 (KHTML, like Gecko) Chrome/143.0.0.0 Safari/537.36', '2026-01-05 12:34:18', NULL, NULL, 'active', '2026-01-05 12:34:18', '2026-01-05 12:34:18'),
(701, 1, 'GPQXtBurbUtLPGtKOjLeRrUBf2e7k2QhSjFEYdHt', '127.0.0.1', 'Mozilla/5.0 (Windows NT 10.0; Win64; x64) AppleWebKit/537.36 (KHTML, like Gecko) Chrome/143.0.0.0 Safari/537.36', '2026-01-05 12:34:18', NULL, NULL, 'active', '2026-01-05 12:34:18', '2026-01-05 12:34:18'),
(702, 1, 'IxRtcgdJyd9ZSpaUC0p2fHR2azAQ33JeqrkqL6wh', '127.0.0.1', 'Mozilla/5.0 (Windows NT 10.0; Win64; x64) AppleWebKit/537.36 (KHTML, like Gecko) Chrome/143.0.0.0 Safari/537.36', '2026-01-05 12:34:20', NULL, NULL, 'active', '2026-01-05 12:34:20', '2026-01-05 12:34:20'),
(703, 1, 'IxRtcgdJyd9ZSpaUC0p2fHR2azAQ33JeqrkqL6wh', '127.0.0.1', 'Mozilla/5.0 (Windows NT 10.0; Win64; x64) AppleWebKit/537.36 (KHTML, like Gecko) Chrome/143.0.0.0 Safari/537.36', '2026-01-05 12:34:20', NULL, NULL, 'active', '2026-01-05 12:34:20', '2026-01-05 12:34:20'),
(704, 1, 'fDmUR7Fi2LGuWXKDn0QPI5MJK71SGjpOFZre5L7E', '127.0.0.1', 'Mozilla/5.0 (Windows NT 10.0; Win64; x64) AppleWebKit/537.36 (KHTML, like Gecko) Chrome/143.0.0.0 Safari/537.36', '2026-01-05 12:34:32', NULL, NULL, 'active', '2026-01-05 12:34:32', '2026-01-05 12:34:32'),
(705, 1, 'fDmUR7Fi2LGuWXKDn0QPI5MJK71SGjpOFZre5L7E', '127.0.0.1', 'Mozilla/5.0 (Windows NT 10.0; Win64; x64) AppleWebKit/537.36 (KHTML, like Gecko) Chrome/143.0.0.0 Safari/537.36', '2026-01-05 12:34:32', NULL, NULL, 'active', '2026-01-05 12:34:32', '2026-01-05 12:34:32'),
(706, 1, 'QIntWqzJRhk60VXNGG7iwBSPcG6xIic7B5MNoWhI', '127.0.0.1', 'Mozilla/5.0 (Windows NT 10.0; Win64; x64) AppleWebKit/537.36 (KHTML, like Gecko) Chrome/143.0.0.0 Safari/537.36', '2026-01-05 12:34:38', NULL, NULL, 'active', '2026-01-05 12:34:38', '2026-01-05 12:34:38'),
(707, 1, 'QIntWqzJRhk60VXNGG7iwBSPcG6xIic7B5MNoWhI', '127.0.0.1', 'Mozilla/5.0 (Windows NT 10.0; Win64; x64) AppleWebKit/537.36 (KHTML, like Gecko) Chrome/143.0.0.0 Safari/537.36', '2026-01-05 12:34:38', NULL, NULL, 'active', '2026-01-05 12:34:38', '2026-01-05 12:34:38'),
(708, 1, 'GwUvxaiBT3LwPCsBiHiWDS8vnj4hHsFRNYmsnscQ', '127.0.0.1', 'Mozilla/5.0 (Windows NT 10.0; Win64; x64) AppleWebKit/537.36 (KHTML, like Gecko) Chrome/143.0.0.0 Safari/537.36', '2026-01-05 12:35:36', NULL, NULL, 'active', '2026-01-05 12:35:36', '2026-01-05 12:35:36'),
(709, 1, 'GwUvxaiBT3LwPCsBiHiWDS8vnj4hHsFRNYmsnscQ', '127.0.0.1', 'Mozilla/5.0 (Windows NT 10.0; Win64; x64) AppleWebKit/537.36 (KHTML, like Gecko) Chrome/143.0.0.0 Safari/537.36', '2026-01-05 12:35:36', NULL, NULL, 'active', '2026-01-05 12:35:36', '2026-01-05 12:35:36'),
(710, 1, 'QNlnvj4QnrXVwTB8iVAEPoFrU7uEcRs0EQ9YKX1n', '127.0.0.1', 'Mozilla/5.0 (Windows NT 10.0; Win64; x64) AppleWebKit/537.36 (KHTML, like Gecko) Chrome/143.0.0.0 Safari/537.36', '2026-01-05 12:35:39', NULL, NULL, 'active', '2026-01-05 12:35:39', '2026-01-05 12:35:39'),
(711, 1, 'QNlnvj4QnrXVwTB8iVAEPoFrU7uEcRs0EQ9YKX1n', '127.0.0.1', 'Mozilla/5.0 (Windows NT 10.0; Win64; x64) AppleWebKit/537.36 (KHTML, like Gecko) Chrome/143.0.0.0 Safari/537.36', '2026-01-05 12:35:39', NULL, NULL, 'active', '2026-01-05 12:35:39', '2026-01-05 12:35:39'),
(712, 1, 'eTBeHYi8laWJheFutir7JngmXgFnTTrKKab3OBY1', '127.0.0.1', 'Mozilla/5.0 (Windows NT 10.0; Win64; x64) AppleWebKit/537.36 (KHTML, like Gecko) Chrome/143.0.0.0 Safari/537.36', '2026-01-05 12:35:43', NULL, NULL, 'active', '2026-01-05 12:35:43', '2026-01-05 12:35:43'),
(713, 1, 'eTBeHYi8laWJheFutir7JngmXgFnTTrKKab3OBY1', '127.0.0.1', 'Mozilla/5.0 (Windows NT 10.0; Win64; x64) AppleWebKit/537.36 (KHTML, like Gecko) Chrome/143.0.0.0 Safari/537.36', '2026-01-05 12:35:43', NULL, NULL, 'active', '2026-01-05 12:35:43', '2026-01-05 12:35:43'),
(714, 1, 'reL23d2fMnw18x3QpMK8yjLU8QVqPpUSfttZwRJC', '127.0.0.1', 'Mozilla/5.0 (Windows NT 10.0; Win64; x64) AppleWebKit/537.36 (KHTML, like Gecko) Chrome/143.0.0.0 Safari/537.36', '2026-01-05 12:35:54', NULL, NULL, 'active', '2026-01-05 12:35:54', '2026-01-05 12:35:54'),
(715, 1, 'reL23d2fMnw18x3QpMK8yjLU8QVqPpUSfttZwRJC', '127.0.0.1', 'Mozilla/5.0 (Windows NT 10.0; Win64; x64) AppleWebKit/537.36 (KHTML, like Gecko) Chrome/143.0.0.0 Safari/537.36', '2026-01-05 12:35:54', NULL, NULL, 'active', '2026-01-05 12:35:54', '2026-01-05 12:35:54'),
(716, 1, 'UMoxWEwkCx0kkcbSqXfWGTchB0gEz8x60yNPTf8p', '127.0.0.1', 'Mozilla/5.0 (Windows NT 10.0; Win64; x64) AppleWebKit/537.36 (KHTML, like Gecko) Chrome/143.0.0.0 Safari/537.36', '2026-01-05 12:35:56', NULL, NULL, 'active', '2026-01-05 12:35:56', '2026-01-05 12:35:56'),
(717, 1, 'UMoxWEwkCx0kkcbSqXfWGTchB0gEz8x60yNPTf8p', '127.0.0.1', 'Mozilla/5.0 (Windows NT 10.0; Win64; x64) AppleWebKit/537.36 (KHTML, like Gecko) Chrome/143.0.0.0 Safari/537.36', '2026-01-05 12:35:56', NULL, NULL, 'active', '2026-01-05 12:35:56', '2026-01-05 12:35:56'),
(718, 1, 'qRMPITpRwkuhYXWX2UoWPnSqafFc6KTUFg3blHPD', '127.0.0.1', 'Mozilla/5.0 (Windows NT 10.0; Win64; x64) AppleWebKit/537.36 (KHTML, like Gecko) Chrome/143.0.0.0 Safari/537.36', '2026-01-05 12:35:58', NULL, NULL, 'active', '2026-01-05 12:35:58', '2026-01-05 12:35:58'),
(719, 1, 'qRMPITpRwkuhYXWX2UoWPnSqafFc6KTUFg3blHPD', '127.0.0.1', 'Mozilla/5.0 (Windows NT 10.0; Win64; x64) AppleWebKit/537.36 (KHTML, like Gecko) Chrome/143.0.0.0 Safari/537.36', '2026-01-05 12:35:58', NULL, NULL, 'active', '2026-01-05 12:35:58', '2026-01-05 12:35:58'),
(720, 1, 'aMMg6aEQlzLg5h2i7JCPuEysTFCQLYp0o3auXk4r', '127.0.0.1', 'Mozilla/5.0 (Windows NT 10.0; Win64; x64) AppleWebKit/537.36 (KHTML, like Gecko) Chrome/143.0.0.0 Safari/537.36', '2026-01-05 12:36:10', NULL, NULL, 'active', '2026-01-05 12:36:10', '2026-01-05 12:36:10'),
(721, 1, 'aMMg6aEQlzLg5h2i7JCPuEysTFCQLYp0o3auXk4r', '127.0.0.1', 'Mozilla/5.0 (Windows NT 10.0; Win64; x64) AppleWebKit/537.36 (KHTML, like Gecko) Chrome/143.0.0.0 Safari/537.36', '2026-01-05 12:36:11', NULL, NULL, 'active', '2026-01-05 12:36:11', '2026-01-05 12:36:11'),
(722, 1, 'G18gWEfDmPx0yw21pJBUoXlkNPoIqZ1yGupCYLjs', '127.0.0.1', 'Mozilla/5.0 (Windows NT 10.0; Win64; x64) AppleWebKit/537.36 (KHTML, like Gecko) Chrome/143.0.0.0 Safari/537.36', '2026-01-05 12:36:15', NULL, NULL, 'active', '2026-01-05 12:36:15', '2026-01-05 12:36:15'),
(723, 1, 'G18gWEfDmPx0yw21pJBUoXlkNPoIqZ1yGupCYLjs', '127.0.0.1', 'Mozilla/5.0 (Windows NT 10.0; Win64; x64) AppleWebKit/537.36 (KHTML, like Gecko) Chrome/143.0.0.0 Safari/537.36', '2026-01-05 12:36:15', NULL, NULL, 'active', '2026-01-05 12:36:15', '2026-01-05 12:36:15'),
(724, 1, '48RbpZnoHuFM71JyGuuBBct4oJYBSkxZrxPPjPWI', '127.0.0.1', 'Mozilla/5.0 (Windows NT 10.0; Win64; x64) AppleWebKit/537.36 (KHTML, like Gecko) Chrome/143.0.0.0 Safari/537.36', '2026-01-05 13:46:28', NULL, NULL, 'active', '2026-01-05 13:46:28', '2026-01-05 13:46:28'),
(725, 1, '48RbpZnoHuFM71JyGuuBBct4oJYBSkxZrxPPjPWI', '127.0.0.1', 'Mozilla/5.0 (Windows NT 10.0; Win64; x64) AppleWebKit/537.36 (KHTML, like Gecko) Chrome/143.0.0.0 Safari/537.36', '2026-01-05 13:46:28', NULL, NULL, 'active', '2026-01-05 13:46:28', '2026-01-05 13:46:28'),
(726, 1, 'PLWmtgqvOXCesTu5RYEKYfALSXZmKef1nbBuscyC', '127.0.0.1', 'Mozilla/5.0 (Windows NT 10.0; Win64; x64) AppleWebKit/537.36 (KHTML, like Gecko) Chrome/143.0.0.0 Safari/537.36', '2026-01-05 13:47:46', NULL, NULL, 'active', '2026-01-05 13:47:46', '2026-01-05 13:47:46'),
(727, 1, 'PLWmtgqvOXCesTu5RYEKYfALSXZmKef1nbBuscyC', '127.0.0.1', 'Mozilla/5.0 (Windows NT 10.0; Win64; x64) AppleWebKit/537.36 (KHTML, like Gecko) Chrome/143.0.0.0 Safari/537.36', '2026-01-05 13:47:46', NULL, NULL, 'active', '2026-01-05 13:47:46', '2026-01-05 13:47:46'),
(728, 1, 'A2FGehOMw6kGzipQ2zx6z7MwRGshsNJl2j2pDgRD', '127.0.0.1', 'Mozilla/5.0 (Windows NT 10.0; Win64; x64) AppleWebKit/537.36 (KHTML, like Gecko) Chrome/143.0.0.0 Safari/537.36', '2026-01-05 14:24:52', NULL, NULL, 'active', '2026-01-05 14:24:52', '2026-01-05 14:24:52'),
(729, 1, 'A2FGehOMw6kGzipQ2zx6z7MwRGshsNJl2j2pDgRD', '127.0.0.1', 'Mozilla/5.0 (Windows NT 10.0; Win64; x64) AppleWebKit/537.36 (KHTML, like Gecko) Chrome/143.0.0.0 Safari/537.36', '2026-01-05 14:24:52', NULL, NULL, 'active', '2026-01-05 14:24:52', '2026-01-05 14:24:52'),
(730, 1, 'v01Lo2CIb3TrEynaoHFajRHtqFSJvczFsyxLBtkK', '127.0.0.1', 'Mozilla/5.0 (Windows NT 10.0; Win64; x64) AppleWebKit/537.36 (KHTML, like Gecko) Chrome/143.0.0.0 Safari/537.36', '2026-01-05 14:25:40', NULL, NULL, 'active', '2026-01-05 14:25:40', '2026-01-05 14:25:40'),
(731, 1, 'v01Lo2CIb3TrEynaoHFajRHtqFSJvczFsyxLBtkK', '127.0.0.1', 'Mozilla/5.0 (Windows NT 10.0; Win64; x64) AppleWebKit/537.36 (KHTML, like Gecko) Chrome/143.0.0.0 Safari/537.36', '2026-01-05 14:25:40', NULL, NULL, 'active', '2026-01-05 14:25:40', '2026-01-05 14:25:40');
INSERT INTO `user_sessions` (`id`, `user_id`, `session_id`, `ip_address`, `user_agent`, `logged_in_at`, `last_seen_at`, `logged_out_at`, `status`, `created_at`, `updated_at`) VALUES
(732, 1, '0vNd64cqCcas1ix0sqwh6jl9OnwLOAIEhsTlcmll', '127.0.0.1', 'Mozilla/5.0 (Windows NT 10.0; Win64; x64) AppleWebKit/537.36 (KHTML, like Gecko) Chrome/143.0.0.0 Safari/537.36', '2026-01-05 14:26:22', NULL, NULL, 'active', '2026-01-05 14:26:22', '2026-01-05 14:26:22'),
(733, 1, '0vNd64cqCcas1ix0sqwh6jl9OnwLOAIEhsTlcmll', '127.0.0.1', 'Mozilla/5.0 (Windows NT 10.0; Win64; x64) AppleWebKit/537.36 (KHTML, like Gecko) Chrome/143.0.0.0 Safari/537.36', '2026-01-05 14:26:22', NULL, NULL, 'active', '2026-01-05 14:26:22', '2026-01-05 14:26:22'),
(734, 1, 'KKF7c2XQaDMrxfuajyN7WpbcZJ2EQByIJqL3zHId', '127.0.0.1', 'Mozilla/5.0 (Windows NT 10.0; Win64; x64) AppleWebKit/537.36 (KHTML, like Gecko) Chrome/143.0.0.0 Safari/537.36', '2026-01-05 14:26:24', NULL, NULL, 'active', '2026-01-05 14:26:24', '2026-01-05 14:26:24'),
(735, 1, 'KKF7c2XQaDMrxfuajyN7WpbcZJ2EQByIJqL3zHId', '127.0.0.1', 'Mozilla/5.0 (Windows NT 10.0; Win64; x64) AppleWebKit/537.36 (KHTML, like Gecko) Chrome/143.0.0.0 Safari/537.36', '2026-01-05 14:26:24', NULL, NULL, 'active', '2026-01-05 14:26:24', '2026-01-05 14:26:24'),
(736, 1, 'xAD0Mru8RgbokdZDYP44qZ7EXPFWbJUSvekfaZxM', '127.0.0.1', 'Mozilla/5.0 (Windows NT 10.0; Win64; x64) AppleWebKit/537.36 (KHTML, like Gecko) Chrome/143.0.0.0 Safari/537.36', '2026-01-05 14:26:26', NULL, NULL, 'active', '2026-01-05 14:26:26', '2026-01-05 14:26:26'),
(737, 1, 'xAD0Mru8RgbokdZDYP44qZ7EXPFWbJUSvekfaZxM', '127.0.0.1', 'Mozilla/5.0 (Windows NT 10.0; Win64; x64) AppleWebKit/537.36 (KHTML, like Gecko) Chrome/143.0.0.0 Safari/537.36', '2026-01-05 14:26:26', NULL, NULL, 'active', '2026-01-05 14:26:26', '2026-01-05 14:26:26'),
(738, 1, 'XiuzQjKe9n63y6eS3fjBQz6SJ2SrUrmWZkIdvWKO', '127.0.0.1', 'Mozilla/5.0 (Windows NT 10.0; Win64; x64) AppleWebKit/537.36 (KHTML, like Gecko) Chrome/143.0.0.0 Safari/537.36', '2026-01-05 14:28:17', NULL, NULL, 'active', '2026-01-05 14:28:17', '2026-01-05 14:28:17'),
(739, 1, 'XiuzQjKe9n63y6eS3fjBQz6SJ2SrUrmWZkIdvWKO', '127.0.0.1', 'Mozilla/5.0 (Windows NT 10.0; Win64; x64) AppleWebKit/537.36 (KHTML, like Gecko) Chrome/143.0.0.0 Safari/537.36', '2026-01-05 14:28:17', NULL, NULL, 'active', '2026-01-05 14:28:17', '2026-01-05 14:28:17'),
(740, 1, 'FmdMeJGwcLM2vUV9LVQD7l9tKaEggW2LLMnjqlnZ', '127.0.0.1', 'Mozilla/5.0 (Windows NT 10.0; Win64; x64) AppleWebKit/537.36 (KHTML, like Gecko) Chrome/143.0.0.0 Safari/537.36', '2026-01-05 14:33:47', NULL, NULL, 'active', '2026-01-05 14:33:47', '2026-01-05 14:33:47'),
(741, 1, 'FmdMeJGwcLM2vUV9LVQD7l9tKaEggW2LLMnjqlnZ', '127.0.0.1', 'Mozilla/5.0 (Windows NT 10.0; Win64; x64) AppleWebKit/537.36 (KHTML, like Gecko) Chrome/143.0.0.0 Safari/537.36', '2026-01-05 14:33:47', NULL, NULL, 'active', '2026-01-05 14:33:47', '2026-01-05 14:33:47'),
(742, 1, 'IprkFHwOILdOd4bCtrQnVs1kURdjug7RKl8a6qeU', '127.0.0.1', 'Mozilla/5.0 (Windows NT 10.0; Win64; x64) AppleWebKit/537.36 (KHTML, like Gecko) Chrome/143.0.0.0 Safari/537.36', '2026-01-05 14:33:47', NULL, NULL, 'active', '2026-01-05 14:33:47', '2026-01-05 14:33:47'),
(743, 1, 'IprkFHwOILdOd4bCtrQnVs1kURdjug7RKl8a6qeU', '127.0.0.1', 'Mozilla/5.0 (Windows NT 10.0; Win64; x64) AppleWebKit/537.36 (KHTML, like Gecko) Chrome/143.0.0.0 Safari/537.36', '2026-01-05 14:33:47', NULL, NULL, 'active', '2026-01-05 14:33:47', '2026-01-05 14:33:47'),
(744, 1, 'U7OcdtGbkxaN3CYqmj5OGSsTAukfiThpkRihkTAP', '127.0.0.1', 'Mozilla/5.0 (Windows NT 10.0; Win64; x64) AppleWebKit/537.36 (KHTML, like Gecko) Chrome/143.0.0.0 Safari/537.36', '2026-01-05 14:34:12', NULL, NULL, 'active', '2026-01-05 14:34:12', '2026-01-05 14:34:12'),
(745, 1, 'U7OcdtGbkxaN3CYqmj5OGSsTAukfiThpkRihkTAP', '127.0.0.1', 'Mozilla/5.0 (Windows NT 10.0; Win64; x64) AppleWebKit/537.36 (KHTML, like Gecko) Chrome/143.0.0.0 Safari/537.36', '2026-01-05 14:34:12', NULL, NULL, 'active', '2026-01-05 14:34:12', '2026-01-05 14:34:12'),
(746, 1, 'pAXNQFlR1Fr5R4WF5r31HKOYalXoj8oMpxOS7sYq', '127.0.0.1', 'Mozilla/5.0 (Windows NT 10.0; Win64; x64) AppleWebKit/537.36 (KHTML, like Gecko) Chrome/143.0.0.0 Safari/537.36', '2026-01-05 14:37:30', NULL, NULL, 'active', '2026-01-05 14:37:30', '2026-01-05 14:37:30'),
(747, 1, 'pAXNQFlR1Fr5R4WF5r31HKOYalXoj8oMpxOS7sYq', '127.0.0.1', 'Mozilla/5.0 (Windows NT 10.0; Win64; x64) AppleWebKit/537.36 (KHTML, like Gecko) Chrome/143.0.0.0 Safari/537.36', '2026-01-05 14:37:30', NULL, NULL, 'active', '2026-01-05 14:37:30', '2026-01-05 14:37:30'),
(748, 1, 'DPHKjkQZzMipSA053TXaTpEwVDkQ28mIPWrg4dAh', '127.0.0.1', 'Mozilla/5.0 (Windows NT 10.0; Win64; x64) AppleWebKit/537.36 (KHTML, like Gecko) Chrome/143.0.0.0 Safari/537.36', '2026-01-05 14:37:34', NULL, NULL, 'active', '2026-01-05 14:37:34', '2026-01-05 14:37:34'),
(749, 1, 'DPHKjkQZzMipSA053TXaTpEwVDkQ28mIPWrg4dAh', '127.0.0.1', 'Mozilla/5.0 (Windows NT 10.0; Win64; x64) AppleWebKit/537.36 (KHTML, like Gecko) Chrome/143.0.0.0 Safari/537.36', '2026-01-05 14:37:34', NULL, NULL, 'active', '2026-01-05 14:37:34', '2026-01-05 14:37:34'),
(750, 1, 'PNhn1ZTv6V3ORRUSOsheTa1E7cJdXFTwXzSaUbF6', '127.0.0.1', 'Mozilla/5.0 (Windows NT 10.0; Win64; x64) AppleWebKit/537.36 (KHTML, like Gecko) Chrome/143.0.0.0 Safari/537.36', '2026-01-05 14:38:19', NULL, NULL, 'active', '2026-01-05 14:38:19', '2026-01-05 14:38:19'),
(751, 1, 'PNhn1ZTv6V3ORRUSOsheTa1E7cJdXFTwXzSaUbF6', '127.0.0.1', 'Mozilla/5.0 (Windows NT 10.0; Win64; x64) AppleWebKit/537.36 (KHTML, like Gecko) Chrome/143.0.0.0 Safari/537.36', '2026-01-05 14:38:19', NULL, NULL, 'active', '2026-01-05 14:38:19', '2026-01-05 14:38:19'),
(752, 1, '4OJrVY14ODOwiA3FinNxpFnz8HMvb527f2OFPuZi', '127.0.0.1', 'Mozilla/5.0 (Windows NT 10.0; Win64; x64) AppleWebKit/537.36 (KHTML, like Gecko) Chrome/143.0.0.0 Safari/537.36', '2026-01-05 14:39:07', NULL, NULL, 'active', '2026-01-05 14:39:07', '2026-01-05 14:39:07'),
(753, 1, '4OJrVY14ODOwiA3FinNxpFnz8HMvb527f2OFPuZi', '127.0.0.1', 'Mozilla/5.0 (Windows NT 10.0; Win64; x64) AppleWebKit/537.36 (KHTML, like Gecko) Chrome/143.0.0.0 Safari/537.36', '2026-01-05 14:39:07', NULL, NULL, 'active', '2026-01-05 14:39:07', '2026-01-05 14:39:07'),
(754, 1, '0yiEPwCjC8mElFp9E018mG4PJDV516bggtqTNYYn', '127.0.0.1', 'Mozilla/5.0 (Windows NT 10.0; Win64; x64) AppleWebKit/537.36 (KHTML, like Gecko) Chrome/143.0.0.0 Safari/537.36', '2026-01-05 14:42:40', NULL, NULL, 'active', '2026-01-05 14:42:40', '2026-01-05 14:42:40'),
(755, 1, '0yiEPwCjC8mElFp9E018mG4PJDV516bggtqTNYYn', '127.0.0.1', 'Mozilla/5.0 (Windows NT 10.0; Win64; x64) AppleWebKit/537.36 (KHTML, like Gecko) Chrome/143.0.0.0 Safari/537.36', '2026-01-05 14:42:40', NULL, NULL, 'active', '2026-01-05 14:42:40', '2026-01-05 14:42:40'),
(756, 1, 'HnLDFYX9bhsrbgpEXWZnExWzPHwIPNca0dPb0mq6', '127.0.0.1', 'Mozilla/5.0 (Windows NT 10.0; Win64; x64) AppleWebKit/537.36 (KHTML, like Gecko) Chrome/143.0.0.0 Safari/537.36', '2026-01-05 14:43:31', NULL, NULL, 'active', '2026-01-05 14:43:31', '2026-01-05 14:43:31'),
(757, 1, 'HnLDFYX9bhsrbgpEXWZnExWzPHwIPNca0dPb0mq6', '127.0.0.1', 'Mozilla/5.0 (Windows NT 10.0; Win64; x64) AppleWebKit/537.36 (KHTML, like Gecko) Chrome/143.0.0.0 Safari/537.36', '2026-01-05 14:43:31', NULL, NULL, 'active', '2026-01-05 14:43:31', '2026-01-05 14:43:31'),
(758, 1, 'Q0udNJg5WY98W5RsYkYhLO3RTePn2wtn2sKEZvf3', '127.0.0.1', 'Mozilla/5.0 (Windows NT 10.0; Win64; x64) AppleWebKit/537.36 (KHTML, like Gecko) Chrome/143.0.0.0 Safari/537.36', '2026-01-05 14:43:43', NULL, NULL, 'active', '2026-01-05 14:43:43', '2026-01-05 14:43:43'),
(759, 1, 'Q0udNJg5WY98W5RsYkYhLO3RTePn2wtn2sKEZvf3', '127.0.0.1', 'Mozilla/5.0 (Windows NT 10.0; Win64; x64) AppleWebKit/537.36 (KHTML, like Gecko) Chrome/143.0.0.0 Safari/537.36', '2026-01-05 14:43:43', NULL, NULL, 'active', '2026-01-05 14:43:43', '2026-01-05 14:43:43'),
(760, 1, 'CAwES8lvFI82GpmTmla9sE1GGn4QZvPFYFRVvW2F', '127.0.0.1', 'Mozilla/5.0 (Windows NT 10.0; Win64; x64) AppleWebKit/537.36 (KHTML, like Gecko) Chrome/143.0.0.0 Safari/537.36', '2026-01-05 14:47:24', NULL, NULL, 'active', '2026-01-05 14:47:24', '2026-01-05 14:47:24'),
(761, 1, 'CAwES8lvFI82GpmTmla9sE1GGn4QZvPFYFRVvW2F', '127.0.0.1', 'Mozilla/5.0 (Windows NT 10.0; Win64; x64) AppleWebKit/537.36 (KHTML, like Gecko) Chrome/143.0.0.0 Safari/537.36', '2026-01-05 14:47:24', NULL, NULL, 'active', '2026-01-05 14:47:24', '2026-01-05 14:47:24'),
(762, 1, 'qXWsqaT3EMHiukdS8BqoIe8x4y9sYtEUHgp0Y6Xh', '127.0.0.1', 'Mozilla/5.0 (Windows NT 10.0; Win64; x64) AppleWebKit/537.36 (KHTML, like Gecko) Chrome/143.0.0.0 Safari/537.36', '2026-01-05 14:48:19', NULL, NULL, 'active', '2026-01-05 14:48:19', '2026-01-05 14:48:19'),
(763, 1, 'qXWsqaT3EMHiukdS8BqoIe8x4y9sYtEUHgp0Y6Xh', '127.0.0.1', 'Mozilla/5.0 (Windows NT 10.0; Win64; x64) AppleWebKit/537.36 (KHTML, like Gecko) Chrome/143.0.0.0 Safari/537.36', '2026-01-05 14:48:19', NULL, NULL, 'active', '2026-01-05 14:48:19', '2026-01-05 14:48:19'),
(764, 1, 'n7VHtONgxc3lvSz3gigWuklVq2jnshgUKtc48eUm', '127.0.0.1', 'Mozilla/5.0 (Windows NT 10.0; Win64; x64) AppleWebKit/537.36 (KHTML, like Gecko) Chrome/143.0.0.0 Safari/537.36', '2026-01-05 14:48:24', NULL, NULL, 'active', '2026-01-05 14:48:24', '2026-01-05 14:48:24'),
(765, 1, 'n7VHtONgxc3lvSz3gigWuklVq2jnshgUKtc48eUm', '127.0.0.1', 'Mozilla/5.0 (Windows NT 10.0; Win64; x64) AppleWebKit/537.36 (KHTML, like Gecko) Chrome/143.0.0.0 Safari/537.36', '2026-01-05 14:48:24', NULL, NULL, 'active', '2026-01-05 14:48:24', '2026-01-05 14:48:24'),
(766, 1, 'xcrrQuq1wrP3MVpyU0lyiPBnaRPXL1zTHdCgfj2p', '127.0.0.1', 'Mozilla/5.0 (Windows NT 10.0; Win64; x64) AppleWebKit/537.36 (KHTML, like Gecko) Chrome/143.0.0.0 Safari/537.36', '2026-01-05 14:48:27', NULL, NULL, 'active', '2026-01-05 14:48:27', '2026-01-05 14:48:27'),
(767, 1, 'xcrrQuq1wrP3MVpyU0lyiPBnaRPXL1zTHdCgfj2p', '127.0.0.1', 'Mozilla/5.0 (Windows NT 10.0; Win64; x64) AppleWebKit/537.36 (KHTML, like Gecko) Chrome/143.0.0.0 Safari/537.36', '2026-01-05 14:48:27', NULL, NULL, 'active', '2026-01-05 14:48:27', '2026-01-05 14:48:27'),
(768, 1, '03oj6MxIlNKKH9MFvgYmwWHdyesKjfJe527kZo0p', '127.0.0.1', 'Mozilla/5.0 (Windows NT 10.0; Win64; x64) AppleWebKit/537.36 (KHTML, like Gecko) Chrome/143.0.0.0 Safari/537.36', '2026-01-05 14:48:39', NULL, NULL, 'active', '2026-01-05 14:48:39', '2026-01-05 14:48:39'),
(769, 1, '03oj6MxIlNKKH9MFvgYmwWHdyesKjfJe527kZo0p', '127.0.0.1', 'Mozilla/5.0 (Windows NT 10.0; Win64; x64) AppleWebKit/537.36 (KHTML, like Gecko) Chrome/143.0.0.0 Safari/537.36', '2026-01-05 14:48:39', NULL, NULL, 'active', '2026-01-05 14:48:39', '2026-01-05 14:48:39'),
(770, 1, 'HI3HU0A2e6aQMogXhYewn7xb2lLciTGyEfH7pJ6N', '127.0.0.1', 'Mozilla/5.0 (Windows NT 10.0; Win64; x64) AppleWebKit/537.36 (KHTML, like Gecko) Chrome/143.0.0.0 Safari/537.36', '2026-01-05 14:48:42', NULL, NULL, 'active', '2026-01-05 14:48:42', '2026-01-05 14:48:42'),
(771, 1, 'HI3HU0A2e6aQMogXhYewn7xb2lLciTGyEfH7pJ6N', '127.0.0.1', 'Mozilla/5.0 (Windows NT 10.0; Win64; x64) AppleWebKit/537.36 (KHTML, like Gecko) Chrome/143.0.0.0 Safari/537.36', '2026-01-05 14:48:42', NULL, NULL, 'active', '2026-01-05 14:48:42', '2026-01-05 14:48:42'),
(772, 1, 'oP0Qcc5mng6R4RtVDWoxUhnNmLjIX4YGoeiHKxVB', '127.0.0.1', 'Mozilla/5.0 (Windows NT 10.0; Win64; x64) AppleWebKit/537.36 (KHTML, like Gecko) Chrome/143.0.0.0 Safari/537.36', '2026-01-05 14:49:18', NULL, NULL, 'active', '2026-01-05 14:49:18', '2026-01-05 14:49:18'),
(773, 1, 'oP0Qcc5mng6R4RtVDWoxUhnNmLjIX4YGoeiHKxVB', '127.0.0.1', 'Mozilla/5.0 (Windows NT 10.0; Win64; x64) AppleWebKit/537.36 (KHTML, like Gecko) Chrome/143.0.0.0 Safari/537.36', '2026-01-05 14:49:18', NULL, NULL, 'active', '2026-01-05 14:49:18', '2026-01-05 14:49:18'),
(774, 1, 'vJxaf6uZRpjApQxGIgTjJmrunWT3NcAPGO4y7QiY', '127.0.0.1', 'Mozilla/5.0 (Windows NT 10.0; Win64; x64) AppleWebKit/537.36 (KHTML, like Gecko) Chrome/143.0.0.0 Safari/537.36', '2026-01-05 14:53:34', NULL, NULL, 'active', '2026-01-05 14:53:34', '2026-01-05 14:53:34'),
(775, 1, 'vJxaf6uZRpjApQxGIgTjJmrunWT3NcAPGO4y7QiY', '127.0.0.1', 'Mozilla/5.0 (Windows NT 10.0; Win64; x64) AppleWebKit/537.36 (KHTML, like Gecko) Chrome/143.0.0.0 Safari/537.36', '2026-01-05 14:53:34', NULL, NULL, 'active', '2026-01-05 14:53:34', '2026-01-05 14:53:34'),
(776, 1, 'aUOyAnZlDrVQ54dewMu97SCKBIfpfRyQa8IRYuu1', '127.0.0.1', 'Mozilla/5.0 (Windows NT 10.0; Win64; x64) AppleWebKit/537.36 (KHTML, like Gecko) Chrome/143.0.0.0 Safari/537.36', '2026-01-05 14:53:38', NULL, NULL, 'active', '2026-01-05 14:53:38', '2026-01-05 14:53:38'),
(777, 1, 'aUOyAnZlDrVQ54dewMu97SCKBIfpfRyQa8IRYuu1', '127.0.0.1', 'Mozilla/5.0 (Windows NT 10.0; Win64; x64) AppleWebKit/537.36 (KHTML, like Gecko) Chrome/143.0.0.0 Safari/537.36', '2026-01-05 14:53:38', NULL, NULL, 'active', '2026-01-05 14:53:38', '2026-01-05 14:53:38'),
(778, 1, 'RqWPYpTYxtzL6CiXRjmJYlQbxUXiCYRHIOQaciBE', '127.0.0.1', 'Mozilla/5.0 (Windows NT 10.0; Win64; x64) AppleWebKit/537.36 (KHTML, like Gecko) Chrome/143.0.0.0 Safari/537.36', '2026-01-05 14:53:41', NULL, NULL, 'active', '2026-01-05 14:53:41', '2026-01-05 14:53:41'),
(779, 1, 'RqWPYpTYxtzL6CiXRjmJYlQbxUXiCYRHIOQaciBE', '127.0.0.1', 'Mozilla/5.0 (Windows NT 10.0; Win64; x64) AppleWebKit/537.36 (KHTML, like Gecko) Chrome/143.0.0.0 Safari/537.36', '2026-01-05 14:53:41', NULL, NULL, 'active', '2026-01-05 14:53:41', '2026-01-05 14:53:41'),
(780, 1, 'VIaAvNIEAXbl6guPQlAW17Bqu2jw5KEsK3TShCm3', '127.0.0.1', 'Mozilla/5.0 (Windows NT 10.0; Win64; x64) AppleWebKit/537.36 (KHTML, like Gecko) Chrome/143.0.0.0 Safari/537.36', '2026-01-05 14:53:55', NULL, NULL, 'active', '2026-01-05 14:53:55', '2026-01-05 14:53:55'),
(781, 1, 'VIaAvNIEAXbl6guPQlAW17Bqu2jw5KEsK3TShCm3', '127.0.0.1', 'Mozilla/5.0 (Windows NT 10.0; Win64; x64) AppleWebKit/537.36 (KHTML, like Gecko) Chrome/143.0.0.0 Safari/537.36', '2026-01-05 14:53:56', NULL, NULL, 'active', '2026-01-05 14:53:56', '2026-01-05 14:53:56'),
(782, 1, 'ePa6OmegWlH6xOwnubfOdrmrA3yXFunlbuSkljqR', '127.0.0.1', 'Mozilla/5.0 (Windows NT 10.0; Win64; x64) AppleWebKit/537.36 (KHTML, like Gecko) Chrome/143.0.0.0 Safari/537.36', '2026-01-05 14:54:02', NULL, NULL, 'active', '2026-01-05 14:54:02', '2026-01-05 14:54:02'),
(783, 1, 'ePa6OmegWlH6xOwnubfOdrmrA3yXFunlbuSkljqR', '127.0.0.1', 'Mozilla/5.0 (Windows NT 10.0; Win64; x64) AppleWebKit/537.36 (KHTML, like Gecko) Chrome/143.0.0.0 Safari/537.36', '2026-01-05 14:54:02', NULL, NULL, 'active', '2026-01-05 14:54:02', '2026-01-05 14:54:02'),
(784, 1, 'xSodqwYKwBBG2yei8kfo7z0lc6GX3m48HbrfR6xq', '127.0.0.1', 'Mozilla/5.0 (Windows NT 10.0; Win64; x64) AppleWebKit/537.36 (KHTML, like Gecko) Chrome/143.0.0.0 Safari/537.36', '2026-01-05 14:54:04', NULL, NULL, 'active', '2026-01-05 14:54:04', '2026-01-05 14:54:04'),
(785, 1, 'xSodqwYKwBBG2yei8kfo7z0lc6GX3m48HbrfR6xq', '127.0.0.1', 'Mozilla/5.0 (Windows NT 10.0; Win64; x64) AppleWebKit/537.36 (KHTML, like Gecko) Chrome/143.0.0.0 Safari/537.36', '2026-01-05 14:54:04', NULL, NULL, 'active', '2026-01-05 14:54:04', '2026-01-05 14:54:04'),
(786, 1, 'MA7rlSGtrrGRNJtZQ2Id44EaZcYAM9hAkVoBXL6q', '127.0.0.1', 'Mozilla/5.0 (Windows NT 10.0; Win64; x64) AppleWebKit/537.36 (KHTML, like Gecko) Chrome/143.0.0.0 Safari/537.36', '2026-01-05 14:54:56', NULL, NULL, 'active', '2026-01-05 14:54:56', '2026-01-05 14:54:56'),
(787, 1, 'MA7rlSGtrrGRNJtZQ2Id44EaZcYAM9hAkVoBXL6q', '127.0.0.1', 'Mozilla/5.0 (Windows NT 10.0; Win64; x64) AppleWebKit/537.36 (KHTML, like Gecko) Chrome/143.0.0.0 Safari/537.36', '2026-01-05 14:54:56', NULL, NULL, 'active', '2026-01-05 14:54:56', '2026-01-05 14:54:56'),
(788, 1, 'IqE2rmOiHho55FAPLNfSXdRm9iZfqtCXbl23aJVC', '127.0.0.1', 'Mozilla/5.0 (Windows NT 10.0; Win64; x64) AppleWebKit/537.36 (KHTML, like Gecko) Chrome/143.0.0.0 Safari/537.36', '2026-01-05 14:54:59', NULL, NULL, 'active', '2026-01-05 14:54:59', '2026-01-05 14:54:59'),
(789, 1, 'IqE2rmOiHho55FAPLNfSXdRm9iZfqtCXbl23aJVC', '127.0.0.1', 'Mozilla/5.0 (Windows NT 10.0; Win64; x64) AppleWebKit/537.36 (KHTML, like Gecko) Chrome/143.0.0.0 Safari/537.36', '2026-01-05 14:54:59', NULL, NULL, 'active', '2026-01-05 14:54:59', '2026-01-05 14:54:59'),
(790, 1, 'ttui0ZKF5e5U1x1i3gNv867molCehlT4361mdCoh', '127.0.0.1', 'Mozilla/5.0 (Windows NT 10.0; Win64; x64) AppleWebKit/537.36 (KHTML, like Gecko) Chrome/143.0.0.0 Safari/537.36', '2026-01-05 14:55:15', NULL, NULL, 'active', '2026-01-05 14:55:15', '2026-01-05 14:55:15'),
(791, 1, 'ttui0ZKF5e5U1x1i3gNv867molCehlT4361mdCoh', '127.0.0.1', 'Mozilla/5.0 (Windows NT 10.0; Win64; x64) AppleWebKit/537.36 (KHTML, like Gecko) Chrome/143.0.0.0 Safari/537.36', '2026-01-05 14:55:15', NULL, NULL, 'active', '2026-01-05 14:55:15', '2026-01-05 14:55:15'),
(792, 1, 'PvoMwJ52xWZWGRBOxMsRKG8aqM6IeKepm9cxWnRM', '127.0.0.1', 'Mozilla/5.0 (Windows NT 10.0; Win64; x64) AppleWebKit/537.36 (KHTML, like Gecko) Chrome/143.0.0.0 Safari/537.36', '2026-01-05 14:55:19', NULL, NULL, 'active', '2026-01-05 14:55:19', '2026-01-05 14:55:19'),
(793, 1, 'PvoMwJ52xWZWGRBOxMsRKG8aqM6IeKepm9cxWnRM', '127.0.0.1', 'Mozilla/5.0 (Windows NT 10.0; Win64; x64) AppleWebKit/537.36 (KHTML, like Gecko) Chrome/143.0.0.0 Safari/537.36', '2026-01-05 14:55:19', NULL, NULL, 'active', '2026-01-05 14:55:19', '2026-01-05 14:55:19'),
(794, 1, 'nre0fJ517EmkLa86c6NHJg98kRZQZcy32oSxSHsU', '127.0.0.1', 'Mozilla/5.0 (Windows NT 10.0; Win64; x64) AppleWebKit/537.36 (KHTML, like Gecko) Chrome/143.0.0.0 Safari/537.36', '2026-01-05 14:55:23', NULL, NULL, 'active', '2026-01-05 14:55:23', '2026-01-05 14:55:23'),
(795, 1, 'nre0fJ517EmkLa86c6NHJg98kRZQZcy32oSxSHsU', '127.0.0.1', 'Mozilla/5.0 (Windows NT 10.0; Win64; x64) AppleWebKit/537.36 (KHTML, like Gecko) Chrome/143.0.0.0 Safari/537.36', '2026-01-05 14:55:23', NULL, NULL, 'active', '2026-01-05 14:55:23', '2026-01-05 14:55:23'),
(796, 1, 'ESgEeZyU3EQHQ0o2JcKXTwtpVsdoz6oLYuzQWUut', '127.0.0.1', 'Mozilla/5.0 (Windows NT 10.0; Win64; x64) AppleWebKit/537.36 (KHTML, like Gecko) Chrome/143.0.0.0 Safari/537.36', '2026-01-05 14:55:23', NULL, NULL, 'active', '2026-01-05 14:55:23', '2026-01-05 14:55:23'),
(797, 1, 'ESgEeZyU3EQHQ0o2JcKXTwtpVsdoz6oLYuzQWUut', '127.0.0.1', 'Mozilla/5.0 (Windows NT 10.0; Win64; x64) AppleWebKit/537.36 (KHTML, like Gecko) Chrome/143.0.0.0 Safari/537.36', '2026-01-05 14:55:23', NULL, NULL, 'active', '2026-01-05 14:55:23', '2026-01-05 14:55:23'),
(798, 1, 'sdKWazbZ2j6Trkx16EA8nFN660F2hfO0PQYm4N9z', '127.0.0.1', 'Mozilla/5.0 (Windows NT 10.0; Win64; x64) AppleWebKit/537.36 (KHTML, like Gecko) Chrome/143.0.0.0 Safari/537.36', '2026-01-05 14:55:25', NULL, NULL, 'active', '2026-01-05 14:55:25', '2026-01-05 14:55:25'),
(799, 1, 'sdKWazbZ2j6Trkx16EA8nFN660F2hfO0PQYm4N9z', '127.0.0.1', 'Mozilla/5.0 (Windows NT 10.0; Win64; x64) AppleWebKit/537.36 (KHTML, like Gecko) Chrome/143.0.0.0 Safari/537.36', '2026-01-05 14:55:25', NULL, NULL, 'active', '2026-01-05 14:55:25', '2026-01-05 14:55:25'),
(800, 1, 'sT7zfL3uNtgP0gqFH1FV3C7wDRpgUshqAlFqlOR7', '127.0.0.1', 'Mozilla/5.0 (Windows NT 10.0; Win64; x64) AppleWebKit/537.36 (KHTML, like Gecko) Chrome/143.0.0.0 Safari/537.36', '2026-01-05 14:55:56', NULL, NULL, 'active', '2026-01-05 14:55:56', '2026-01-05 14:55:56'),
(801, 1, 'sT7zfL3uNtgP0gqFH1FV3C7wDRpgUshqAlFqlOR7', '127.0.0.1', 'Mozilla/5.0 (Windows NT 10.0; Win64; x64) AppleWebKit/537.36 (KHTML, like Gecko) Chrome/143.0.0.0 Safari/537.36', '2026-01-05 14:55:56', NULL, NULL, 'active', '2026-01-05 14:55:56', '2026-01-05 14:55:56'),
(802, 1, 'pSRzHbiJS1yAE6M8gDMdavMj8fRJljTxPtGgyEn5', '127.0.0.1', 'Mozilla/5.0 (Windows NT 10.0; Win64; x64) AppleWebKit/537.36 (KHTML, like Gecko) Chrome/143.0.0.0 Safari/537.36', '2026-01-05 15:06:32', NULL, NULL, 'active', '2026-01-05 15:06:32', '2026-01-05 15:06:32'),
(803, 1, 'pSRzHbiJS1yAE6M8gDMdavMj8fRJljTxPtGgyEn5', '127.0.0.1', 'Mozilla/5.0 (Windows NT 10.0; Win64; x64) AppleWebKit/537.36 (KHTML, like Gecko) Chrome/143.0.0.0 Safari/537.36', '2026-01-05 15:06:32', NULL, NULL, 'active', '2026-01-05 15:06:32', '2026-01-05 15:06:32'),
(804, 1, 'fqSCSBeRWDXCxTwNNxkuQwvqre6TfxkMu84QdQh8', '127.0.0.1', 'Mozilla/5.0 (Windows NT 10.0; Win64; x64) AppleWebKit/537.36 (KHTML, like Gecko) Chrome/143.0.0.0 Safari/537.36', '2026-01-05 15:06:33', NULL, NULL, 'active', '2026-01-05 15:06:33', '2026-01-05 15:06:33'),
(805, 1, 'fqSCSBeRWDXCxTwNNxkuQwvqre6TfxkMu84QdQh8', '127.0.0.1', 'Mozilla/5.0 (Windows NT 10.0; Win64; x64) AppleWebKit/537.36 (KHTML, like Gecko) Chrome/143.0.0.0 Safari/537.36', '2026-01-05 15:06:33', NULL, NULL, 'active', '2026-01-05 15:06:33', '2026-01-05 15:06:33'),
(806, 1, 'xeA7X5lmivphiJK5NlIqZsTfpH8UeqLG5nE522LO', '127.0.0.1', 'Mozilla/5.0 (Windows NT 10.0; Win64; x64) AppleWebKit/537.36 (KHTML, like Gecko) Chrome/143.0.0.0 Safari/537.36', '2026-01-05 15:06:36', NULL, NULL, 'active', '2026-01-05 15:06:36', '2026-01-05 15:06:36'),
(807, 1, 'xeA7X5lmivphiJK5NlIqZsTfpH8UeqLG5nE522LO', '127.0.0.1', 'Mozilla/5.0 (Windows NT 10.0; Win64; x64) AppleWebKit/537.36 (KHTML, like Gecko) Chrome/143.0.0.0 Safari/537.36', '2026-01-05 15:06:36', NULL, NULL, 'active', '2026-01-05 15:06:36', '2026-01-05 15:06:36'),
(808, 1, 'kXIdJbLIaLpuUYQ19LkSnurPrJWlNrJ1QyX30ki2', '127.0.0.1', 'Mozilla/5.0 (Windows NT 10.0; Win64; x64) AppleWebKit/537.36 (KHTML, like Gecko) Chrome/143.0.0.0 Safari/537.36', '2026-01-05 15:08:30', NULL, NULL, 'active', '2026-01-05 15:08:30', '2026-01-05 15:08:30'),
(809, 1, 'kXIdJbLIaLpuUYQ19LkSnurPrJWlNrJ1QyX30ki2', '127.0.0.1', 'Mozilla/5.0 (Windows NT 10.0; Win64; x64) AppleWebKit/537.36 (KHTML, like Gecko) Chrome/143.0.0.0 Safari/537.36', '2026-01-05 15:08:30', NULL, NULL, 'active', '2026-01-05 15:08:30', '2026-01-05 15:08:30'),
(810, 1, 'sPfp615p0JNlvE6dCdyiBLkw9ostUqBtRSg0xrdm', '127.0.0.1', 'Mozilla/5.0 (Windows NT 10.0; Win64; x64) AppleWebKit/537.36 (KHTML, like Gecko) Chrome/143.0.0.0 Safari/537.36', '2026-01-05 15:08:31', NULL, NULL, 'active', '2026-01-05 15:08:31', '2026-01-05 15:08:31'),
(811, 1, 'sPfp615p0JNlvE6dCdyiBLkw9ostUqBtRSg0xrdm', '127.0.0.1', 'Mozilla/5.0 (Windows NT 10.0; Win64; x64) AppleWebKit/537.36 (KHTML, like Gecko) Chrome/143.0.0.0 Safari/537.36', '2026-01-05 15:08:31', NULL, NULL, 'active', '2026-01-05 15:08:31', '2026-01-05 15:08:31'),
(812, 1, 'OdPyGX4KjsvYUGTMShvzMfcY2RNtlpCr8CHXNISJ', '127.0.0.1', 'Mozilla/5.0 (Windows NT 10.0; Win64; x64) AppleWebKit/537.36 (KHTML, like Gecko) Chrome/143.0.0.0 Safari/537.36', '2026-01-05 15:08:41', NULL, NULL, 'active', '2026-01-05 15:08:41', '2026-01-05 15:08:41'),
(813, 1, 'OdPyGX4KjsvYUGTMShvzMfcY2RNtlpCr8CHXNISJ', '127.0.0.1', 'Mozilla/5.0 (Windows NT 10.0; Win64; x64) AppleWebKit/537.36 (KHTML, like Gecko) Chrome/143.0.0.0 Safari/537.36', '2026-01-05 15:08:41', NULL, NULL, 'active', '2026-01-05 15:08:41', '2026-01-05 15:08:41'),
(814, 1, 'nNYVufBBOXnS3vnlMcsjEuZVETZOxQBPWTAqDUA5', '127.0.0.1', 'Mozilla/5.0 (Windows NT 10.0; Win64; x64) AppleWebKit/537.36 (KHTML, like Gecko) Chrome/143.0.0.0 Safari/537.36', '2026-01-05 15:08:50', NULL, NULL, 'active', '2026-01-05 15:08:50', '2026-01-05 15:08:50'),
(815, 1, 'nNYVufBBOXnS3vnlMcsjEuZVETZOxQBPWTAqDUA5', '127.0.0.1', 'Mozilla/5.0 (Windows NT 10.0; Win64; x64) AppleWebKit/537.36 (KHTML, like Gecko) Chrome/143.0.0.0 Safari/537.36', '2026-01-05 15:08:50', NULL, NULL, 'active', '2026-01-05 15:08:50', '2026-01-05 15:08:50'),
(816, 1, 'i6rC091yXeToHKaMXkbKLZOITJC9JZsTOwCmqvnK', '127.0.0.1', 'Mozilla/5.0 (Windows NT 10.0; Win64; x64) AppleWebKit/537.36 (KHTML, like Gecko) Chrome/143.0.0.0 Safari/537.36', '2026-01-05 15:09:08', NULL, NULL, 'active', '2026-01-05 15:09:08', '2026-01-05 15:09:08'),
(817, 1, 'i6rC091yXeToHKaMXkbKLZOITJC9JZsTOwCmqvnK', '127.0.0.1', 'Mozilla/5.0 (Windows NT 10.0; Win64; x64) AppleWebKit/537.36 (KHTML, like Gecko) Chrome/143.0.0.0 Safari/537.36', '2026-01-05 15:09:08', NULL, NULL, 'active', '2026-01-05 15:09:08', '2026-01-05 15:09:08'),
(818, 1, 'YXHiX9pomBpl4FsuBXp4woHGjYU8eSS8TRML6B5f', '127.0.0.1', 'Mozilla/5.0 (Windows NT 10.0; Win64; x64) AppleWebKit/537.36 (KHTML, like Gecko) Chrome/143.0.0.0 Safari/537.36', '2026-01-05 15:10:12', NULL, NULL, 'active', '2026-01-05 15:10:12', '2026-01-05 15:10:12'),
(819, 1, 'YXHiX9pomBpl4FsuBXp4woHGjYU8eSS8TRML6B5f', '127.0.0.1', 'Mozilla/5.0 (Windows NT 10.0; Win64; x64) AppleWebKit/537.36 (KHTML, like Gecko) Chrome/143.0.0.0 Safari/537.36', '2026-01-05 15:10:12', NULL, NULL, 'active', '2026-01-05 15:10:12', '2026-01-05 15:10:12'),
(820, 1, '9PqKFIHnHo4Rwxzyt3tKNnPK3J0cG77oMgWHWHzN', '127.0.0.1', 'Mozilla/5.0 (Windows NT 10.0; Win64; x64) AppleWebKit/537.36 (KHTML, like Gecko) Chrome/143.0.0.0 Safari/537.36', '2026-01-05 15:10:46', NULL, NULL, 'active', '2026-01-05 15:10:46', '2026-01-05 15:10:46'),
(821, 1, '9PqKFIHnHo4Rwxzyt3tKNnPK3J0cG77oMgWHWHzN', '127.0.0.1', 'Mozilla/5.0 (Windows NT 10.0; Win64; x64) AppleWebKit/537.36 (KHTML, like Gecko) Chrome/143.0.0.0 Safari/537.36', '2026-01-05 15:10:46', NULL, NULL, 'active', '2026-01-05 15:10:46', '2026-01-05 15:10:46'),
(822, 1, 'HQ7jDAsHETbEzoodRmOddFxoVw0hS5WPEdPTBkCg', '127.0.0.1', 'Mozilla/5.0 (Windows NT 10.0; Win64; x64) AppleWebKit/537.36 (KHTML, like Gecko) Chrome/143.0.0.0 Safari/537.36', '2026-01-05 15:12:18', NULL, NULL, 'active', '2026-01-05 15:12:18', '2026-01-05 15:12:18'),
(823, 1, 'HQ7jDAsHETbEzoodRmOddFxoVw0hS5WPEdPTBkCg', '127.0.0.1', 'Mozilla/5.0 (Windows NT 10.0; Win64; x64) AppleWebKit/537.36 (KHTML, like Gecko) Chrome/143.0.0.0 Safari/537.36', '2026-01-05 15:12:18', NULL, NULL, 'active', '2026-01-05 15:12:18', '2026-01-05 15:12:18'),
(824, 1, 'IuJ5wy2ZZtTxtsz11bAHLMaRbMtVg9MVhrtkZvAZ', '127.0.0.1', 'Mozilla/5.0 (Windows NT 10.0; Win64; x64) AppleWebKit/537.36 (KHTML, like Gecko) Chrome/143.0.0.0 Safari/537.36', '2026-01-05 15:12:25', NULL, NULL, 'active', '2026-01-05 15:12:25', '2026-01-05 15:12:25'),
(825, 1, 'IuJ5wy2ZZtTxtsz11bAHLMaRbMtVg9MVhrtkZvAZ', '127.0.0.1', 'Mozilla/5.0 (Windows NT 10.0; Win64; x64) AppleWebKit/537.36 (KHTML, like Gecko) Chrome/143.0.0.0 Safari/537.36', '2026-01-05 15:12:25', NULL, NULL, 'active', '2026-01-05 15:12:25', '2026-01-05 15:12:25'),
(826, 1, 'mTmuqqCgiBuE1C9URHk5FlcAzFHPVVlrNtL9KOCp', '127.0.0.1', 'Mozilla/5.0 (Windows NT 10.0; Win64; x64) AppleWebKit/537.36 (KHTML, like Gecko) Chrome/143.0.0.0 Safari/537.36', '2026-01-05 15:12:33', NULL, NULL, 'active', '2026-01-05 15:12:33', '2026-01-05 15:12:33'),
(827, 1, 'mTmuqqCgiBuE1C9URHk5FlcAzFHPVVlrNtL9KOCp', '127.0.0.1', 'Mozilla/5.0 (Windows NT 10.0; Win64; x64) AppleWebKit/537.36 (KHTML, like Gecko) Chrome/143.0.0.0 Safari/537.36', '2026-01-05 15:12:33', NULL, NULL, 'active', '2026-01-05 15:12:33', '2026-01-05 15:12:33'),
(828, 1, 'vxFdPbjmwxLd0AxQbBsf2V9TCXzVY0b8ZKjK1mQ4', '127.0.0.1', 'Mozilla/5.0 (Windows NT 10.0; Win64; x64) AppleWebKit/537.36 (KHTML, like Gecko) Chrome/143.0.0.0 Safari/537.36', '2026-01-05 15:12:34', NULL, NULL, 'active', '2026-01-05 15:12:34', '2026-01-05 15:12:34'),
(829, 1, 'vxFdPbjmwxLd0AxQbBsf2V9TCXzVY0b8ZKjK1mQ4', '127.0.0.1', 'Mozilla/5.0 (Windows NT 10.0; Win64; x64) AppleWebKit/537.36 (KHTML, like Gecko) Chrome/143.0.0.0 Safari/537.36', '2026-01-05 15:12:34', NULL, NULL, 'active', '2026-01-05 15:12:34', '2026-01-05 15:12:34'),
(830, 1, '4ZVjglJ8o8U5NaEhgx64zQOW1GfGGy7SwZ7lFfqZ', '127.0.0.1', 'Mozilla/5.0 (Windows NT 10.0; Win64; x64) AppleWebKit/537.36 (KHTML, like Gecko) Chrome/143.0.0.0 Safari/537.36', '2026-01-05 15:12:42', NULL, NULL, 'active', '2026-01-05 15:12:42', '2026-01-05 15:12:42'),
(831, 1, '4ZVjglJ8o8U5NaEhgx64zQOW1GfGGy7SwZ7lFfqZ', '127.0.0.1', 'Mozilla/5.0 (Windows NT 10.0; Win64; x64) AppleWebKit/537.36 (KHTML, like Gecko) Chrome/143.0.0.0 Safari/537.36', '2026-01-05 15:12:42', NULL, NULL, 'active', '2026-01-05 15:12:42', '2026-01-05 15:12:42'),
(832, 1, '9lHEuKULSsVe3R2hIfVO6c1BW5fekWUzmQ7FD3er', '127.0.0.1', 'Mozilla/5.0 (Windows NT 10.0; Win64; x64) AppleWebKit/537.36 (KHTML, like Gecko) Chrome/143.0.0.0 Safari/537.36', '2026-01-05 15:13:55', NULL, NULL, 'active', '2026-01-05 15:13:55', '2026-01-05 15:13:55'),
(833, 1, '9lHEuKULSsVe3R2hIfVO6c1BW5fekWUzmQ7FD3er', '127.0.0.1', 'Mozilla/5.0 (Windows NT 10.0; Win64; x64) AppleWebKit/537.36 (KHTML, like Gecko) Chrome/143.0.0.0 Safari/537.36', '2026-01-05 15:13:55', NULL, NULL, 'active', '2026-01-05 15:13:55', '2026-01-05 15:13:55'),
(834, 1, 'RS2kG8bT6X78NP4cQ8CSRnUkCo33QFE5mhX7EOuS', '127.0.0.1', 'Mozilla/5.0 (Windows NT 10.0; Win64; x64) AppleWebKit/537.36 (KHTML, like Gecko) Chrome/143.0.0.0 Safari/537.36', '2026-01-05 15:13:57', NULL, NULL, 'active', '2026-01-05 15:13:57', '2026-01-05 15:13:57'),
(835, 1, 'RS2kG8bT6X78NP4cQ8CSRnUkCo33QFE5mhX7EOuS', '127.0.0.1', 'Mozilla/5.0 (Windows NT 10.0; Win64; x64) AppleWebKit/537.36 (KHTML, like Gecko) Chrome/143.0.0.0 Safari/537.36', '2026-01-05 15:13:57', NULL, NULL, 'active', '2026-01-05 15:13:57', '2026-01-05 15:13:57'),
(836, 1, 'Fkf7pfw292fY2vcxKs7suetkDyb31shDchOWPu4z', '127.0.0.1', 'Mozilla/5.0 (Windows NT 10.0; Win64; x64) AppleWebKit/537.36 (KHTML, like Gecko) Chrome/143.0.0.0 Safari/537.36', '2026-01-05 15:14:21', NULL, NULL, 'active', '2026-01-05 15:14:21', '2026-01-05 15:14:21'),
(837, 1, 'Fkf7pfw292fY2vcxKs7suetkDyb31shDchOWPu4z', '127.0.0.1', 'Mozilla/5.0 (Windows NT 10.0; Win64; x64) AppleWebKit/537.36 (KHTML, like Gecko) Chrome/143.0.0.0 Safari/537.36', '2026-01-05 15:14:21', NULL, NULL, 'active', '2026-01-05 15:14:21', '2026-01-05 15:14:21'),
(838, 1, 'lZzhhVkoJc4LKyeWsGFhuMLTIkpWhriN4t9flWsj', '127.0.0.1', 'Mozilla/5.0 (Windows NT 10.0; Win64; x64) AppleWebKit/537.36 (KHTML, like Gecko) Chrome/143.0.0.0 Safari/537.36', '2026-01-05 15:14:22', NULL, NULL, 'active', '2026-01-05 15:14:22', '2026-01-05 15:14:22'),
(839, 1, 'lZzhhVkoJc4LKyeWsGFhuMLTIkpWhriN4t9flWsj', '127.0.0.1', 'Mozilla/5.0 (Windows NT 10.0; Win64; x64) AppleWebKit/537.36 (KHTML, like Gecko) Chrome/143.0.0.0 Safari/537.36', '2026-01-05 15:14:22', NULL, NULL, 'active', '2026-01-05 15:14:22', '2026-01-05 15:14:22'),
(840, 1, 'inZf0q9tLg6cE4DM4Msn99mxXEf7Zf8tQd6evCnA', '127.0.0.1', 'Mozilla/5.0 (Windows NT 10.0; Win64; x64) AppleWebKit/537.36 (KHTML, like Gecko) Chrome/143.0.0.0 Safari/537.36', '2026-01-05 15:14:24', NULL, NULL, 'active', '2026-01-05 15:14:24', '2026-01-05 15:14:24'),
(841, 1, 'inZf0q9tLg6cE4DM4Msn99mxXEf7Zf8tQd6evCnA', '127.0.0.1', 'Mozilla/5.0 (Windows NT 10.0; Win64; x64) AppleWebKit/537.36 (KHTML, like Gecko) Chrome/143.0.0.0 Safari/537.36', '2026-01-05 15:14:24', NULL, NULL, 'active', '2026-01-05 15:14:24', '2026-01-05 15:14:24'),
(842, 1, 'tQcuWmUXnubTPDpHH9eLNMj772hbwSt3yyhcvVEw', '127.0.0.1', 'Mozilla/5.0 (Windows NT 10.0; Win64; x64) AppleWebKit/537.36 (KHTML, like Gecko) Chrome/143.0.0.0 Safari/537.36', '2026-01-05 15:15:39', NULL, NULL, 'active', '2026-01-05 15:15:39', '2026-01-05 15:15:39'),
(843, 1, 'tQcuWmUXnubTPDpHH9eLNMj772hbwSt3yyhcvVEw', '127.0.0.1', 'Mozilla/5.0 (Windows NT 10.0; Win64; x64) AppleWebKit/537.36 (KHTML, like Gecko) Chrome/143.0.0.0 Safari/537.36', '2026-01-05 15:15:39', NULL, NULL, 'active', '2026-01-05 15:15:39', '2026-01-05 15:15:39'),
(844, 1, 'lDLRYgQAI3xlpI8pyep4e7lkQVISt3cbaEi1ccgD', '127.0.0.1', 'Mozilla/5.0 (Windows NT 10.0; Win64; x64) AppleWebKit/537.36 (KHTML, like Gecko) Chrome/143.0.0.0 Safari/537.36', '2026-01-05 15:15:41', NULL, NULL, 'active', '2026-01-05 15:15:41', '2026-01-05 15:15:41'),
(845, 1, 'lDLRYgQAI3xlpI8pyep4e7lkQVISt3cbaEi1ccgD', '127.0.0.1', 'Mozilla/5.0 (Windows NT 10.0; Win64; x64) AppleWebKit/537.36 (KHTML, like Gecko) Chrome/143.0.0.0 Safari/537.36', '2026-01-05 15:15:41', NULL, NULL, 'active', '2026-01-05 15:15:41', '2026-01-05 15:15:41'),
(846, 1, '1jXSUle9AvykKrE3MKZZp0ygTc8vrjvPMRIvuJh5', '127.0.0.1', 'Mozilla/5.0 (Windows NT 10.0; Win64; x64) AppleWebKit/537.36 (KHTML, like Gecko) Chrome/143.0.0.0 Safari/537.36', '2026-01-05 15:15:48', NULL, NULL, 'active', '2026-01-05 15:15:48', '2026-01-05 15:15:48'),
(847, 1, '1jXSUle9AvykKrE3MKZZp0ygTc8vrjvPMRIvuJh5', '127.0.0.1', 'Mozilla/5.0 (Windows NT 10.0; Win64; x64) AppleWebKit/537.36 (KHTML, like Gecko) Chrome/143.0.0.0 Safari/537.36', '2026-01-05 15:15:48', NULL, NULL, 'active', '2026-01-05 15:15:48', '2026-01-05 15:15:48'),
(848, 1, 'rBhEFOOPWToVKEDF4Yu6RNZaMUcyAxBMyJESGRxO', '127.0.0.1', 'Mozilla/5.0 (Windows NT 10.0; Win64; x64) AppleWebKit/537.36 (KHTML, like Gecko) Chrome/143.0.0.0 Safari/537.36', '2026-01-05 15:15:56', NULL, NULL, 'active', '2026-01-05 15:15:56', '2026-01-05 15:15:56'),
(849, 1, 'rBhEFOOPWToVKEDF4Yu6RNZaMUcyAxBMyJESGRxO', '127.0.0.1', 'Mozilla/5.0 (Windows NT 10.0; Win64; x64) AppleWebKit/537.36 (KHTML, like Gecko) Chrome/143.0.0.0 Safari/537.36', '2026-01-05 15:15:56', NULL, NULL, 'active', '2026-01-05 15:15:56', '2026-01-05 15:15:56'),
(850, 1, 'V7XoMeqVFcdUu6dCzkekrVdHAVWyyiUkrkd7DLGG', '127.0.0.1', 'Mozilla/5.0 (Windows NT 10.0; Win64; x64) AppleWebKit/537.36 (KHTML, like Gecko) Chrome/143.0.0.0 Safari/537.36', '2026-01-05 15:16:02', NULL, NULL, 'active', '2026-01-05 15:16:02', '2026-01-05 15:16:02'),
(851, 1, 'V7XoMeqVFcdUu6dCzkekrVdHAVWyyiUkrkd7DLGG', '127.0.0.1', 'Mozilla/5.0 (Windows NT 10.0; Win64; x64) AppleWebKit/537.36 (KHTML, like Gecko) Chrome/143.0.0.0 Safari/537.36', '2026-01-05 15:16:02', NULL, NULL, 'active', '2026-01-05 15:16:02', '2026-01-05 15:16:02'),
(852, 1, '74AsB9njZS4SH6x9Cip1shjfwexbfozAawsT2F80', '127.0.0.1', 'Mozilla/5.0 (Windows NT 10.0; Win64; x64) AppleWebKit/537.36 (KHTML, like Gecko) Chrome/143.0.0.0 Safari/537.36', '2026-01-05 15:16:39', NULL, NULL, 'active', '2026-01-05 15:16:39', '2026-01-05 15:16:39'),
(853, 1, '74AsB9njZS4SH6x9Cip1shjfwexbfozAawsT2F80', '127.0.0.1', 'Mozilla/5.0 (Windows NT 10.0; Win64; x64) AppleWebKit/537.36 (KHTML, like Gecko) Chrome/143.0.0.0 Safari/537.36', '2026-01-05 15:16:39', NULL, NULL, 'active', '2026-01-05 15:16:39', '2026-01-05 15:16:39'),
(854, 1, 'ivZOdzxpgQ5Im38u1pX5c7BLC9A7ob4LAH7sZFu0', '127.0.0.1', 'Mozilla/5.0 (Windows NT 10.0; Win64; x64) AppleWebKit/537.36 (KHTML, like Gecko) Chrome/143.0.0.0 Safari/537.36', '2026-01-05 15:16:51', NULL, NULL, 'active', '2026-01-05 15:16:51', '2026-01-05 15:16:51'),
(855, 1, 'ivZOdzxpgQ5Im38u1pX5c7BLC9A7ob4LAH7sZFu0', '127.0.0.1', 'Mozilla/5.0 (Windows NT 10.0; Win64; x64) AppleWebKit/537.36 (KHTML, like Gecko) Chrome/143.0.0.0 Safari/537.36', '2026-01-05 15:16:51', NULL, NULL, 'active', '2026-01-05 15:16:51', '2026-01-05 15:16:51'),
(856, 1, '41sd2ZKQz1yBRKPgOg5aVDRfKYuUcYhQgy7QG19H', '127.0.0.1', 'Mozilla/5.0 (Windows NT 10.0; Win64; x64) AppleWebKit/537.36 (KHTML, like Gecko) Chrome/143.0.0.0 Safari/537.36', '2026-01-05 15:16:59', NULL, NULL, 'active', '2026-01-05 15:16:59', '2026-01-05 15:16:59'),
(857, 1, '41sd2ZKQz1yBRKPgOg5aVDRfKYuUcYhQgy7QG19H', '127.0.0.1', 'Mozilla/5.0 (Windows NT 10.0; Win64; x64) AppleWebKit/537.36 (KHTML, like Gecko) Chrome/143.0.0.0 Safari/537.36', '2026-01-05 15:16:59', NULL, NULL, 'active', '2026-01-05 15:16:59', '2026-01-05 15:16:59'),
(858, 1, '6nZ7D06dP2u1xdo13pvrRLqw4LRYdNnVuLtSyIY8', '127.0.0.1', 'Mozilla/5.0 (Windows NT 10.0; Win64; x64) AppleWebKit/537.36 (KHTML, like Gecko) Chrome/143.0.0.0 Safari/537.36', '2026-01-05 15:16:59', NULL, NULL, 'active', '2026-01-05 15:16:59', '2026-01-05 15:16:59'),
(859, 1, '6nZ7D06dP2u1xdo13pvrRLqw4LRYdNnVuLtSyIY8', '127.0.0.1', 'Mozilla/5.0 (Windows NT 10.0; Win64; x64) AppleWebKit/537.36 (KHTML, like Gecko) Chrome/143.0.0.0 Safari/537.36', '2026-01-05 15:16:59', NULL, NULL, 'active', '2026-01-05 15:16:59', '2026-01-05 15:16:59'),
(860, 1, 'ruuCPdO3qutGoH01b1g0GROfvDdAc9qIWgYxfret', '127.0.0.1', 'Mozilla/5.0 (Windows NT 10.0; Win64; x64) AppleWebKit/537.36 (KHTML, like Gecko) Chrome/143.0.0.0 Safari/537.36', '2026-01-05 15:17:21', NULL, NULL, 'active', '2026-01-05 15:17:21', '2026-01-05 15:17:21'),
(861, 1, 'ruuCPdO3qutGoH01b1g0GROfvDdAc9qIWgYxfret', '127.0.0.1', 'Mozilla/5.0 (Windows NT 10.0; Win64; x64) AppleWebKit/537.36 (KHTML, like Gecko) Chrome/143.0.0.0 Safari/537.36', '2026-01-05 15:17:21', NULL, NULL, 'active', '2026-01-05 15:17:21', '2026-01-05 15:17:21'),
(862, 1, 'ME0hIja7fO8xJjZoPyDprjPFUriD78ODYItr2dvQ', '127.0.0.1', 'Mozilla/5.0 (Windows NT 10.0; Win64; x64) AppleWebKit/537.36 (KHTML, like Gecko) Chrome/143.0.0.0 Safari/537.36', '2026-01-05 15:20:09', NULL, NULL, 'active', '2026-01-05 15:20:09', '2026-01-05 15:20:09'),
(863, 1, 'ME0hIja7fO8xJjZoPyDprjPFUriD78ODYItr2dvQ', '127.0.0.1', 'Mozilla/5.0 (Windows NT 10.0; Win64; x64) AppleWebKit/537.36 (KHTML, like Gecko) Chrome/143.0.0.0 Safari/537.36', '2026-01-05 15:20:09', NULL, NULL, 'active', '2026-01-05 15:20:09', '2026-01-05 15:20:09'),
(864, 1, 'tu1vzmbMOtixZy47EBDpUy91qnc15lr2eHCqSS1f', '127.0.0.1', 'Mozilla/5.0 (Windows NT 10.0; Win64; x64) AppleWebKit/537.36 (KHTML, like Gecko) Chrome/143.0.0.0 Safari/537.36', '2026-01-05 15:20:14', NULL, NULL, 'active', '2026-01-05 15:20:14', '2026-01-05 15:20:14'),
(865, 1, 'tu1vzmbMOtixZy47EBDpUy91qnc15lr2eHCqSS1f', '127.0.0.1', 'Mozilla/5.0 (Windows NT 10.0; Win64; x64) AppleWebKit/537.36 (KHTML, like Gecko) Chrome/143.0.0.0 Safari/537.36', '2026-01-05 15:20:14', NULL, NULL, 'active', '2026-01-05 15:20:14', '2026-01-05 15:20:14'),
(866, 1, 'dMWUQIh8DN1xX7ecCP8aOwj5U7Kg5qj8PpjJ38Iu', '127.0.0.1', 'Mozilla/5.0 (Windows NT 10.0; Win64; x64) AppleWebKit/537.36 (KHTML, like Gecko) Chrome/143.0.0.0 Safari/537.36', '2026-01-05 15:20:18', NULL, NULL, 'active', '2026-01-05 15:20:18', '2026-01-05 15:20:18'),
(867, 1, 'dMWUQIh8DN1xX7ecCP8aOwj5U7Kg5qj8PpjJ38Iu', '127.0.0.1', 'Mozilla/5.0 (Windows NT 10.0; Win64; x64) AppleWebKit/537.36 (KHTML, like Gecko) Chrome/143.0.0.0 Safari/537.36', '2026-01-05 15:20:18', NULL, NULL, 'active', '2026-01-05 15:20:18', '2026-01-05 15:20:18'),
(868, 1, 'Bwk35TqSCkcR8JaISdOuXZ3yKdA0PB8k8D6zxnTs', '127.0.0.1', 'Mozilla/5.0 (Windows NT 10.0; Win64; x64) AppleWebKit/537.36 (KHTML, like Gecko) Chrome/143.0.0.0 Safari/537.36', '2026-01-05 15:24:18', NULL, NULL, 'active', '2026-01-05 15:24:18', '2026-01-05 15:24:18'),
(869, 1, 'Bwk35TqSCkcR8JaISdOuXZ3yKdA0PB8k8D6zxnTs', '127.0.0.1', 'Mozilla/5.0 (Windows NT 10.0; Win64; x64) AppleWebKit/537.36 (KHTML, like Gecko) Chrome/143.0.0.0 Safari/537.36', '2026-01-05 15:24:18', NULL, NULL, 'active', '2026-01-05 15:24:18', '2026-01-05 15:24:18'),
(870, 1, 'fKeACOU7GGPAP5Ja9VetZNH1VSBkOCHX6eNyyLCq', '127.0.0.1', 'Mozilla/5.0 (Windows NT 10.0; Win64; x64) AppleWebKit/537.36 (KHTML, like Gecko) Chrome/143.0.0.0 Safari/537.36', '2026-01-05 15:24:24', NULL, NULL, 'active', '2026-01-05 15:24:24', '2026-01-05 15:24:24'),
(871, 1, 'fKeACOU7GGPAP5Ja9VetZNH1VSBkOCHX6eNyyLCq', '127.0.0.1', 'Mozilla/5.0 (Windows NT 10.0; Win64; x64) AppleWebKit/537.36 (KHTML, like Gecko) Chrome/143.0.0.0 Safari/537.36', '2026-01-05 15:24:24', NULL, NULL, 'active', '2026-01-05 15:24:24', '2026-01-05 15:24:24'),
(872, 1, 'gJ7trJWMhA45V26FKoEbVv1vRfyxRNabj5idZ14u', '127.0.0.1', 'Mozilla/5.0 (Windows NT 10.0; Win64; x64) AppleWebKit/537.36 (KHTML, like Gecko) Chrome/143.0.0.0 Safari/537.36', '2026-01-05 15:24:30', NULL, NULL, 'active', '2026-01-05 15:24:30', '2026-01-05 15:24:30'),
(873, 1, 'gJ7trJWMhA45V26FKoEbVv1vRfyxRNabj5idZ14u', '127.0.0.1', 'Mozilla/5.0 (Windows NT 10.0; Win64; x64) AppleWebKit/537.36 (KHTML, like Gecko) Chrome/143.0.0.0 Safari/537.36', '2026-01-05 15:24:30', NULL, NULL, 'active', '2026-01-05 15:24:30', '2026-01-05 15:24:30'),
(874, 1, '0BbjSXS0z847PEdzHZohKQoPUCOhQJEA074ntO7C', '127.0.0.1', 'Mozilla/5.0 (Windows NT 10.0; Win64; x64) AppleWebKit/537.36 (KHTML, like Gecko) Chrome/143.0.0.0 Safari/537.36', '2026-01-05 15:24:32', NULL, NULL, 'active', '2026-01-05 15:24:32', '2026-01-05 15:24:32'),
(875, 1, '0BbjSXS0z847PEdzHZohKQoPUCOhQJEA074ntO7C', '127.0.0.1', 'Mozilla/5.0 (Windows NT 10.0; Win64; x64) AppleWebKit/537.36 (KHTML, like Gecko) Chrome/143.0.0.0 Safari/537.36', '2026-01-05 15:24:32', NULL, NULL, 'active', '2026-01-05 15:24:32', '2026-01-05 15:24:32'),
(876, 1, 'ST8THQkQWIU8LQbweJytzo5hyPQ1aZ0iqCkPaoxd', '127.0.0.1', 'Mozilla/5.0 (Windows NT 10.0; Win64; x64) AppleWebKit/537.36 (KHTML, like Gecko) Chrome/143.0.0.0 Safari/537.36', '2026-01-05 15:24:36', NULL, NULL, 'active', '2026-01-05 15:24:36', '2026-01-05 15:24:36'),
(877, 1, 'ST8THQkQWIU8LQbweJytzo5hyPQ1aZ0iqCkPaoxd', '127.0.0.1', 'Mozilla/5.0 (Windows NT 10.0; Win64; x64) AppleWebKit/537.36 (KHTML, like Gecko) Chrome/143.0.0.0 Safari/537.36', '2026-01-05 15:24:36', NULL, NULL, 'active', '2026-01-05 15:24:36', '2026-01-05 15:24:36'),
(878, 1, 'IVMoeMZ8PPbL14kHWVWywPWL97thMAfJRIi5v6BT', '127.0.0.1', 'Mozilla/5.0 (Windows NT 10.0; Win64; x64) AppleWebKit/537.36 (KHTML, like Gecko) Chrome/143.0.0.0 Safari/537.36', '2026-01-06 07:40:39', NULL, NULL, 'active', '2026-01-06 07:40:39', '2026-01-06 07:40:39'),
(879, 1, 'IVMoeMZ8PPbL14kHWVWywPWL97thMAfJRIi5v6BT', '127.0.0.1', 'Mozilla/5.0 (Windows NT 10.0; Win64; x64) AppleWebKit/537.36 (KHTML, like Gecko) Chrome/143.0.0.0 Safari/537.36', '2026-01-06 07:40:39', NULL, NULL, 'active', '2026-01-06 07:40:39', '2026-01-06 07:40:39'),
(880, 1, 'KVkEBtvXsaViBgRASCADeDztCKT38Hp8vvmViK4K', '127.0.0.1', 'Mozilla/5.0 (Windows NT 10.0; Win64; x64) AppleWebKit/537.36 (KHTML, like Gecko) Chrome/143.0.0.0 Safari/537.36', '2026-01-06 07:40:45', NULL, NULL, 'active', '2026-01-06 07:40:45', '2026-01-06 07:40:45'),
(881, 1, 'KVkEBtvXsaViBgRASCADeDztCKT38Hp8vvmViK4K', '127.0.0.1', 'Mozilla/5.0 (Windows NT 10.0; Win64; x64) AppleWebKit/537.36 (KHTML, like Gecko) Chrome/143.0.0.0 Safari/537.36', '2026-01-06 07:40:45', NULL, NULL, 'active', '2026-01-06 07:40:45', '2026-01-06 07:40:45'),
(882, 1, 'ekpb5Tx8IfQAcblIImSXUxh0BWQyyMCpARWR8NYc', '127.0.0.1', 'Mozilla/5.0 (Windows NT 10.0; Win64; x64) AppleWebKit/537.36 (KHTML, like Gecko) Chrome/143.0.0.0 Safari/537.36', '2026-01-06 07:43:31', NULL, NULL, 'active', '2026-01-06 07:43:31', '2026-01-06 07:43:31'),
(883, 1, 'ekpb5Tx8IfQAcblIImSXUxh0BWQyyMCpARWR8NYc', '127.0.0.1', 'Mozilla/5.0 (Windows NT 10.0; Win64; x64) AppleWebKit/537.36 (KHTML, like Gecko) Chrome/143.0.0.0 Safari/537.36', '2026-01-06 07:43:31', NULL, NULL, 'active', '2026-01-06 07:43:31', '2026-01-06 07:43:31'),
(884, 1, 'eLwf8F15mgBd7PbLwAJ76f1yVGz5Y0KbiE7U74rs', '127.0.0.1', 'Mozilla/5.0 (Windows NT 10.0; Win64; x64) AppleWebKit/537.36 (KHTML, like Gecko) Chrome/143.0.0.0 Safari/537.36', '2026-01-06 07:43:40', NULL, NULL, 'active', '2026-01-06 07:43:40', '2026-01-06 07:43:40'),
(885, 1, 'eLwf8F15mgBd7PbLwAJ76f1yVGz5Y0KbiE7U74rs', '127.0.0.1', 'Mozilla/5.0 (Windows NT 10.0; Win64; x64) AppleWebKit/537.36 (KHTML, like Gecko) Chrome/143.0.0.0 Safari/537.36', '2026-01-06 07:43:40', NULL, NULL, 'active', '2026-01-06 07:43:40', '2026-01-06 07:43:40'),
(886, 1, 'y74vjk7tJvNuP2xVhgCnoBQrxBfAdpAmfURwYLad', '127.0.0.1', 'Mozilla/5.0 (Windows NT 10.0; Win64; x64) AppleWebKit/537.36 (KHTML, like Gecko) Chrome/143.0.0.0 Safari/537.36', '2026-01-06 07:43:42', NULL, NULL, 'active', '2026-01-06 07:43:42', '2026-01-06 07:43:42'),
(887, 1, 'y74vjk7tJvNuP2xVhgCnoBQrxBfAdpAmfURwYLad', '127.0.0.1', 'Mozilla/5.0 (Windows NT 10.0; Win64; x64) AppleWebKit/537.36 (KHTML, like Gecko) Chrome/143.0.0.0 Safari/537.36', '2026-01-06 07:43:42', NULL, NULL, 'active', '2026-01-06 07:43:42', '2026-01-06 07:43:42'),
(888, 1, 'CCMAawPefo9cs7jedC8x9kH9ILPb3Ine0iHKlXZn', '127.0.0.1', 'Mozilla/5.0 (Windows NT 10.0; Win64; x64) AppleWebKit/537.36 (KHTML, like Gecko) Chrome/143.0.0.0 Safari/537.36', '2026-01-06 07:43:43', NULL, NULL, 'active', '2026-01-06 07:43:43', '2026-01-06 07:43:43'),
(889, 1, 'CCMAawPefo9cs7jedC8x9kH9ILPb3Ine0iHKlXZn', '127.0.0.1', 'Mozilla/5.0 (Windows NT 10.0; Win64; x64) AppleWebKit/537.36 (KHTML, like Gecko) Chrome/143.0.0.0 Safari/537.36', '2026-01-06 07:43:43', NULL, NULL, 'active', '2026-01-06 07:43:43', '2026-01-06 07:43:43'),
(890, 1, 's73XNbxac0z5owW0W4oeLtbNRRHZRbSaCuZfPFlO', '127.0.0.1', 'Mozilla/5.0 (Windows NT 10.0; Win64; x64) AppleWebKit/537.36 (KHTML, like Gecko) Chrome/143.0.0.0 Safari/537.36', '2026-01-06 08:19:12', NULL, NULL, 'active', '2026-01-06 08:19:12', '2026-01-06 08:19:12'),
(891, 1, 's73XNbxac0z5owW0W4oeLtbNRRHZRbSaCuZfPFlO', '127.0.0.1', 'Mozilla/5.0 (Windows NT 10.0; Win64; x64) AppleWebKit/537.36 (KHTML, like Gecko) Chrome/143.0.0.0 Safari/537.36', '2026-01-06 08:19:12', NULL, NULL, 'active', '2026-01-06 08:19:12', '2026-01-06 08:19:12'),
(892, 1, 'aOOcYH3GEq6HywRb7YYomaKSXjl42rOYPY4rfsrU', '127.0.0.1', 'Mozilla/5.0 (Windows NT 10.0; Win64; x64) AppleWebKit/537.36 (KHTML, like Gecko) Chrome/143.0.0.0 Safari/537.36', '2026-01-06 08:19:37', NULL, NULL, 'active', '2026-01-06 08:19:37', '2026-01-06 08:19:37'),
(893, 1, 'aOOcYH3GEq6HywRb7YYomaKSXjl42rOYPY4rfsrU', '127.0.0.1', 'Mozilla/5.0 (Windows NT 10.0; Win64; x64) AppleWebKit/537.36 (KHTML, like Gecko) Chrome/143.0.0.0 Safari/537.36', '2026-01-06 08:19:37', NULL, NULL, 'active', '2026-01-06 08:19:37', '2026-01-06 08:19:37'),
(894, 1, 'fqX2i9qjy5JaTTRsJnZg0PscJ2csrcW0ykjGXUqg', '127.0.0.1', 'Mozilla/5.0 (Windows NT 10.0; Win64; x64) AppleWebKit/537.36 (KHTML, like Gecko) Chrome/143.0.0.0 Safari/537.36', '2026-01-06 08:19:44', NULL, NULL, 'active', '2026-01-06 08:19:44', '2026-01-06 08:19:44'),
(895, 1, 'fqX2i9qjy5JaTTRsJnZg0PscJ2csrcW0ykjGXUqg', '127.0.0.1', 'Mozilla/5.0 (Windows NT 10.0; Win64; x64) AppleWebKit/537.36 (KHTML, like Gecko) Chrome/143.0.0.0 Safari/537.36', '2026-01-06 08:19:44', NULL, NULL, 'active', '2026-01-06 08:19:44', '2026-01-06 08:19:44'),
(896, 1, '5KGWhwxX77oTombqaXTY4NGnLTuVjnxCU2yTFDs1', '127.0.0.1', 'Mozilla/5.0 (Windows NT 10.0; Win64; x64) AppleWebKit/537.36 (KHTML, like Gecko) Chrome/143.0.0.0 Safari/537.36', '2026-01-06 08:50:29', NULL, NULL, 'active', '2026-01-06 08:50:29', '2026-01-06 08:50:29'),
(897, 1, '5KGWhwxX77oTombqaXTY4NGnLTuVjnxCU2yTFDs1', '127.0.0.1', 'Mozilla/5.0 (Windows NT 10.0; Win64; x64) AppleWebKit/537.36 (KHTML, like Gecko) Chrome/143.0.0.0 Safari/537.36', '2026-01-06 08:50:29', NULL, NULL, 'active', '2026-01-06 08:50:29', '2026-01-06 08:50:29'),
(898, 1, 'Gsk5wSogh6WkaDa5Oole3suvn6MJDujXw7ziRlx5', '127.0.0.1', 'Mozilla/5.0 (Windows NT 10.0; Win64; x64) AppleWebKit/537.36 (KHTML, like Gecko) Chrome/143.0.0.0 Safari/537.36', '2026-01-06 08:50:37', NULL, NULL, 'active', '2026-01-06 08:50:37', '2026-01-06 08:50:37'),
(899, 1, 'Gsk5wSogh6WkaDa5Oole3suvn6MJDujXw7ziRlx5', '127.0.0.1', 'Mozilla/5.0 (Windows NT 10.0; Win64; x64) AppleWebKit/537.36 (KHTML, like Gecko) Chrome/143.0.0.0 Safari/537.36', '2026-01-06 08:50:37', NULL, NULL, 'active', '2026-01-06 08:50:37', '2026-01-06 08:50:37'),
(900, 1, 'fy3oFZI9vsQvGoGUF4NhoRiTgu7Ol6bdbTJNNxXp', '127.0.0.1', 'Mozilla/5.0 (Windows NT 10.0; Win64; x64) AppleWebKit/537.36 (KHTML, like Gecko) Chrome/143.0.0.0 Safari/537.36', '2026-01-06 08:50:40', NULL, NULL, 'active', '2026-01-06 08:50:40', '2026-01-06 08:50:40'),
(901, 1, 'fy3oFZI9vsQvGoGUF4NhoRiTgu7Ol6bdbTJNNxXp', '127.0.0.1', 'Mozilla/5.0 (Windows NT 10.0; Win64; x64) AppleWebKit/537.36 (KHTML, like Gecko) Chrome/143.0.0.0 Safari/537.36', '2026-01-06 08:50:40', NULL, NULL, 'active', '2026-01-06 08:50:40', '2026-01-06 08:50:40'),
(902, 1, 'Q8s1QYOgz5C1Kuuyo5sGJzDvOlN7GcW0KMBx6aLo', '127.0.0.1', 'Mozilla/5.0 (Windows NT 10.0; Win64; x64) AppleWebKit/537.36 (KHTML, like Gecko) Chrome/143.0.0.0 Safari/537.36', '2026-01-06 08:50:48', NULL, NULL, 'active', '2026-01-06 08:50:48', '2026-01-06 08:50:48'),
(903, 1, 'Q8s1QYOgz5C1Kuuyo5sGJzDvOlN7GcW0KMBx6aLo', '127.0.0.1', 'Mozilla/5.0 (Windows NT 10.0; Win64; x64) AppleWebKit/537.36 (KHTML, like Gecko) Chrome/143.0.0.0 Safari/537.36', '2026-01-06 08:50:48', NULL, NULL, 'active', '2026-01-06 08:50:48', '2026-01-06 08:50:48'),
(904, 1, 'goM0BtBwugFC3bUawJ7ygLVJMLFZ0rcpoGlKnzoP', '127.0.0.1', 'Mozilla/5.0 (Windows NT 10.0; Win64; x64) AppleWebKit/537.36 (KHTML, like Gecko) Chrome/143.0.0.0 Safari/537.36', '2026-01-06 08:50:56', NULL, NULL, 'active', '2026-01-06 08:50:56', '2026-01-06 08:50:56'),
(905, 1, 'goM0BtBwugFC3bUawJ7ygLVJMLFZ0rcpoGlKnzoP', '127.0.0.1', 'Mozilla/5.0 (Windows NT 10.0; Win64; x64) AppleWebKit/537.36 (KHTML, like Gecko) Chrome/143.0.0.0 Safari/537.36', '2026-01-06 08:50:56', NULL, NULL, 'active', '2026-01-06 08:50:56', '2026-01-06 08:50:56'),
(906, 1, 'gjRY8HIhcP68KLQaDfiWy2gJlkn6JgddQi9JnXXA', '127.0.0.1', 'Mozilla/5.0 (Windows NT 10.0; Win64; x64) AppleWebKit/537.36 (KHTML, like Gecko) Chrome/143.0.0.0 Safari/537.36', '2026-01-06 08:50:59', NULL, NULL, 'active', '2026-01-06 08:50:59', '2026-01-06 08:50:59'),
(907, 1, 'gjRY8HIhcP68KLQaDfiWy2gJlkn6JgddQi9JnXXA', '127.0.0.1', 'Mozilla/5.0 (Windows NT 10.0; Win64; x64) AppleWebKit/537.36 (KHTML, like Gecko) Chrome/143.0.0.0 Safari/537.36', '2026-01-06 08:50:59', NULL, NULL, 'active', '2026-01-06 08:50:59', '2026-01-06 08:50:59'),
(908, 1, 'TogeCSnu94UGYxwhieLkddKUkfN4jLY8wzJadF5r', '127.0.0.1', 'Mozilla/5.0 (Windows NT 10.0; Win64; x64) AppleWebKit/537.36 (KHTML, like Gecko) Chrome/143.0.0.0 Safari/537.36', '2026-01-06 09:02:51', NULL, NULL, 'active', '2026-01-06 09:02:51', '2026-01-06 09:02:51'),
(909, 1, 'TogeCSnu94UGYxwhieLkddKUkfN4jLY8wzJadF5r', '127.0.0.1', 'Mozilla/5.0 (Windows NT 10.0; Win64; x64) AppleWebKit/537.36 (KHTML, like Gecko) Chrome/143.0.0.0 Safari/537.36', '2026-01-06 09:02:51', NULL, NULL, 'active', '2026-01-06 09:02:51', '2026-01-06 09:02:51'),
(910, 1, '0LATSwVgn746Q4DVKCb5UrsWWIKFKuDFjWVq1Ngv', '127.0.0.1', 'Mozilla/5.0 (Windows NT 10.0; Win64; x64) AppleWebKit/537.36 (KHTML, like Gecko) Chrome/143.0.0.0 Safari/537.36', '2026-01-06 09:02:54', NULL, NULL, 'active', '2026-01-06 09:02:54', '2026-01-06 09:02:54'),
(911, 1, '0LATSwVgn746Q4DVKCb5UrsWWIKFKuDFjWVq1Ngv', '127.0.0.1', 'Mozilla/5.0 (Windows NT 10.0; Win64; x64) AppleWebKit/537.36 (KHTML, like Gecko) Chrome/143.0.0.0 Safari/537.36', '2026-01-06 09:02:54', NULL, NULL, 'active', '2026-01-06 09:02:54', '2026-01-06 09:02:54'),
(912, 1, 'aSvEeKQ7sfUwLAEB37WJfKqTXKJT1viafam0QRCw', '127.0.0.1', 'Mozilla/5.0 (Windows NT 10.0; Win64; x64) AppleWebKit/537.36 (KHTML, like Gecko) Chrome/143.0.0.0 Safari/537.36', '2026-01-06 09:02:56', NULL, NULL, 'active', '2026-01-06 09:02:56', '2026-01-06 09:02:56'),
(913, 1, 'aSvEeKQ7sfUwLAEB37WJfKqTXKJT1viafam0QRCw', '127.0.0.1', 'Mozilla/5.0 (Windows NT 10.0; Win64; x64) AppleWebKit/537.36 (KHTML, like Gecko) Chrome/143.0.0.0 Safari/537.36', '2026-01-06 09:02:56', NULL, NULL, 'active', '2026-01-06 09:02:56', '2026-01-06 09:02:56'),
(914, 1, 'RgSe1KXw3JIEoysxNTU1a4S31hi99P2jbesuyY0K', '127.0.0.1', 'Mozilla/5.0 (Windows NT 10.0; Win64; x64) AppleWebKit/537.36 (KHTML, like Gecko) Chrome/143.0.0.0 Safari/537.36', '2026-01-06 09:02:58', NULL, NULL, 'active', '2026-01-06 09:02:58', '2026-01-06 09:02:58');
